000
CXUS54 KFWD 030353
CF6DAL
PRELIMINARY LOCAL CLIMATOLOGICAL DATA (WS FORM: F-6)
STATION: DALLAS LOVE FIELD
MONTH: FEBRUARY
YEAR: 2020
LATITUDE: 32 50 N
LONGITUDE: 96 51 W
TEMPERATURE IN F: :PCPN: SNOW: WIND :SUNSHINE: SKY :PK WND
================================================================================
1 2 3 4 5 6A 6B 7 8 9 10 11 12 13 14 15 16 17 18
12Z AVG MX 2MIN
DY MAX MIN AVG DEP HDD CDD WTR SNW DPTH SPD SPD DIR MIN PSBL S-S WX SPD DR
================================================================================
1 68 35 52 4 13 0 0.00 0.0 0 2.7 10 300 M M 1 15 300
2 81 42 62 14 3 0 0.00 0.0 0 7.1 20 180 M M 5 28 180
3 72 56 64 15 1 0 0.03 0.0 0 9.8 20 180 M M 7 28 200
4 67 40 54 5 11 0 0.02 0.0 0 13.7 28 320 M M 10 18 35 330
5 40 34 37 -12 28 0 0.02 0.0 0 14.7 25 320 M M 10 31 250
6 48 29 39 -10 26 0 0.00 0.0 0 11.1 23 320 M M 4 28 320
7 62 34 48 -1 17 0 0.00 0.0 0 5.8 17 330 M M 6 25 350
8 65 40 53 3 12 0 0.00 0.0 0 7.8 16 150 M M 6 24 150
9 71 58 65 15 0 0 0.03 0.0 0 10.0 17 150 M M 10 18 24 150
10 58 41 50 0 15 0 0.41 0.0 0 12.1 24 320 M M 9 1 30 330
11 45 41 43 -7 22 0 0.33 0.0 0 8.4 17 360 M M 10 13 22 350
12 49 42 46 -4 19 0 2.10 0.0 0 7.7 16 90 M M 8 1 23 80
13 49 34 42 -8 23 0 0.00 0.0 0 9.2 18 360 M M 6 27 10
14 52 28 40 -11 25 0 0.00 0.0 0 5.6 14 140 M M 2 20 50
15 64 41 53 2 12 0 0.00 0.0 0 11.4 18 150 M M 7 27 150
16 78 51 65 14 0 0 0.00 0.0 0 8.7 16 160 M M 3 22 170
17 77 60 69 18 0 4 0.00 0.0 0 8.9 18 180 M M 7 23 170
18 64 48 56 4 9 0 0.32 0.0 0 7.4 20 20 M M 10 13 27 20
19 51 43 47 -5 18 0 0.68 0.0 0 7.3 17 80 M M 9 1 24 60
20 56 34 45 -7 20 0 0.22 0.0 0 11.5 23 360 M M 7 1 31 350
21 51 31 41 -11 24 0 0.00 0.0 0 4.6 14 20 M M 3 20 60
22 57 43 50 -3 15 0 0.00 0.0 0 9.6 17 160 M M 8 21 160
23 61 49 55 2 10 0 0.01 0.0 0 10.8 18 180 M M 9 1 27 170
24 67 50 59 6 6 0 0.00 0.0 0 13.9 28 290 M M 4 36 290
25 61 43 52 -1 13 0 0.00 0.0 0 13.4 24 310 M M 4 35 310
26 51 36 44 -10 21 0 T 0.0 0 17.3 30 320 M M 5 42 360
27 61 30 46 -8 19 0 0.00 0.0 0 5.6 15 230 M M 0 21 230
28 69 38 54 0 11 0 0.00 0.0 0 4.1 10 330 M M 2 17 20
29 76 46 61 7 4 0 0.00 0.0 0 10.5 26 180 M M 8 40 180
================================================================================
SM 1771 1197 397 4 4.17 0.0 270.7 M 180
================================================================================
AV 61.1 41.3 9.3 FASTST M M 6 MAX(MPH)
MISC ----> # 30 320 # 42 360
================================================================================
NOTES:
# LAST OF SEVERAL OCCURRENCES
COLUMN 17 PEAK WIND IN M.P.H.
PRELIMINARY LOCAL CLIMATOLOGICAL DATA (WS FORM: F-6) , PAGE 2
STATION: DALLAS LOVE FIELD
MONTH: FEBRUARY
YEAR: 2020
LATITUDE: 32 50 N
LONGITUDE: 96 51 W
[TEMPERATURE DATA] [PRECIPITATION DATA] SYMBOLS USED IN COLUMN 16
AVERAGE MONTHLY: 51.2 TOTAL FOR MONTH: 4.17 1 = FOG OR MIST
DPTR FM NORMAL: 0.2 DPTR FM NORMAL: 1.58 2 = FOG REDUCING VISIBILITY
HIGHEST: 81 ON 2 GRTST 24HR 2.10 ON 12-12 TO 1/4 MILE OR LESS
LOWEST: 28 ON 14 3 = THUNDER
SNOW, ICE PELLETS, HAIL 4 = ICE PELLETS
TOTAL MONTH: 0.0 INCH 5 = HAIL
GRTST 24HR 0.0 6 = FREEZING RAIN OR DRIZZLE
GRTST DEPTH: 0 7 = DUSTSTORM OR SANDSTORM:
VSBY 1/2 MILE OR LESS
8 = SMOKE OR HAZE
[NO. OF DAYS WITH] [WEATHER - DAYS WITH] 9 = BLOWING SNOW
X = TORNADO
MAX 32 OR BELOW: 0 0.01 INCH OR MORE: 11
MAX 90 OR ABOVE: 0 0.10 INCH OR MORE: 6
MIN 32 OR BELOW: 4 0.50 INCH OR MORE: 2
MIN 0 OR BELOW: 0 1.00 INCH OR MORE: 1
[HDD (BASE 65) ]
TOTAL THIS MO. 397 CLEAR (SCALE 0-3) 5
DPTR FM NORMAL -4 PTCLDY (SCALE 4-7) 15
TOTAL FM JUL 1 1632 CLOUDY (SCALE 8-10) 9
DPTR FM NORMAL -197
[CDD (BASE 65) ]
TOTAL THIS MO. 4
DPTR FM NORMAL -4 [PRESSURE DATA]
TOTAL FM JAN 1 11 HIGHEST SLP 30.73 ON 21
DPTR FM NORMAL -1 LOWEST SLP 29.66 ON 4
[REMARKS]
NO EDITS
#FINAL-02-20#