000
CXUS54 KHUN 041700
CF6DCU
PRELIMINARY LOCAL CLIMATOLOGICAL DATA (WS FORM: F-6)
STATION: DECATUR
MONTH: DECEMBER
YEAR: 2022
LATITUDE: 34 39 N
LONGITUDE: 86 56 W
TEMPERATURE IN F: :PCPN: SNOW: WIND :SUNSHINE: SKY :PK WND
================================================================================
1 2 3 4 5 6A 6B 7 8 9 10 11 12 13 14 15 16 17 18
12Z AVG MX 2MIN
DY MAX MIN AVG DEP HDD CDD WTR SNW DPTH SPD SPD DIR MIN PSBL S-S WX SPD DR
================================================================================
1 50 25 38 -9 27 0 0.00 0.0 0 4.2 14 40 M M 0 20 20
2 62 35 49 3 16 0 T 0.0 0 11.5 20 160 M M 6 29 160
3 69 39 54 8 11 0 0.17 0.0 0 8.8 23 360 M M 8 1 29 10
4 51 32 42 -4 23 0 0.01 0.0 0 3.5 10 340 M M 5 13 350
5 62 47 55 9 10 0 2.35 0.0 0 5.7 13 180 M M 10 1 17 180
6 70 62 66 20 0 1 0.35 0.0 0 8.9 14 160 M M 9 1 18 200
7 69 64 67 21 0 2 0.31 0.0 0 6.2 15 180 M M 10 1 18 190
8 72 61 67 22 0 2 0.06 0.0 0 4.9 15 240 M M 9 12 21 230
9 66 51 59 14 6 0 1.21 0.0 0 3.9 13 310 M M 9 1 17 280
10 58 49 54 9 11 0 0.59 0.0 0 3.4 24 320 M M 9 123 34 320
11 58 50 54 9 11 0 0.04 0.0 0 5.5 13 10 M M 10 1 17 20
12 58 45 52 7 13 0 0.00 0.0 0 5.7 12 40 M M 8 1 16 40
13 56 48 52 8 13 0 0.00 0.0 0 11.1 24 140 M M 10 32 130
14 56 48 52 8 13 0 2.23 0.0 0 13.2 26 260 M M 9 1 38 250
15 51 39 45 1 20 0 0.00 0.0 0 9.5 17 230 M M 3 23 270
16 50 33 42 -2 23 0 0.00 0.0 0 9.0 18 240 M M 3 26 240
17 48 34 41 -3 24 0 0.00 0.0 0 11.1 20 240 M M 1 26 240
18 42 23 33 -11 32 0 0.00 0.0 0 5.2 13 270 M M 0 20 310
19 44 23 34 -10 31 0 0.00 0.0 0 3.2 10 100 M M 1 16 110
20 46 31 39 -4 26 0 0.03 0.0 0 2.6 8 130 M M 9 1 12 110
21 53 26 40 -3 25 0 0.00 0.0 0 4.6 13 150 M M 5 1 17 150
22 52 18 35 -8 30 0 0.10 T 0 12.7 33 280 M M 10 1 46 280
23 18 2 10 -33 55 0 T T 0 15.4 26 300 M M 7 8 38 320
24 27 10 19 -24 46 0 0.00 0.0 0 10.2 18 310 M M 2 23 320
25 31 14 23 -20 42 0 0.00 0.0 0 5.7 13 280 M M 0 18 270
26 33 13 23 -19 42 0 0.05 0.4 0 4.6 15 180 M M 6 1 19 200
27 48 21 35 -7 30 0 0.00 0.0 T 2.9 8 180 M M 4 13 180
28 61 19 40 -2 25 0 0.00 0.0 T 8.1 20 170 M M 0 25 160
29 69 37 53 11 12 0 0.00 0.0 0 8.6 21 160 M M 8 28 170
30 66 52 59 17 6 0 0.18 0.0 0 10.6 31 130 M M 4 1 43 130
31 66 49 58 16 7 0 0.03 0.0 0 3.9 10 180 M M 6 1 14 170
================================================================================
SM 1662 1100 630 5 7.71 0.4 224.4 M 181
================================================================================
AV 53.6 35.5 7.2 FASTST M M 6 MAX(MPH)
MISC ----> 33 280 46 280
================================================================================
NOTES:
# LAST OF SEVERAL OCCURRENCES
COLUMN 17 PEAK WIND IN M.P.H.
PRELIMINARY LOCAL CLIMATOLOGICAL DATA (WS FORM: F-6) , PAGE 2
STATION: DECATUR
MONTH: DECEMBER
YEAR: 2022
LATITUDE: 34 39 N
LONGITUDE: 86 56 W
[TEMPERATURE DATA] [PRECIPITATION DATA] SYMBOLS USED IN COLUMN 16
AVERAGE MONTHLY: 44.5 TOTAL FOR MONTH: 7.71 1 = FOG OR MIST
DPTR FM NORMAL: 0.4 DPTR FM NORMAL: 2.51 2 = FOG REDUCING VISIBILITY
HIGHEST: 72 ON 8 GRTST 24HR 4.40 ON 14-14 TO 1/4 MILE OR LESS
LOWEST: 2 ON 23 3 = THUNDER
SNOW, ICE PELLETS, HAIL 4 = ICE PELLETS
TOTAL MONTH: 0.4 INCH 5 = HAIL
GRTST 24HR 0.4 ON 26-26 6 = FREEZING RAIN OR DRIZZLE
GRTST DEPTH: T 7 = DUSTSTORM OR SANDSTORM:
VSBY 1/2 MILE OR LESS
8 = SMOKE OR HAZE
[NO. OF DAYS WITH] [WEATHER - DAYS WITH] 9 = BLOWING SNOW
X = TORNADO
MAX 32 OR BELOW: 3 0.01 INCH OR MORE: 15
MAX 90 OR ABOVE: 0 0.10 INCH OR MORE: 9
MIN 32 OR BELOW: 13 0.50 INCH OR MORE: 4
MIN 0 OR BELOW: 0 1.00 INCH OR MORE: 3
[HDD (BASE 65) ]
TOTAL THIS MO. 630 CLEAR (SCALE 0-3) 9
DPTR FM NORMAL -19 PTCLDY (SCALE 4-7) 10
TOTAL FM JUL 1 1273 CLOUDY (SCALE 8-10) 12
DPTR FM NORMAL 22
[CDD (BASE 65) ]
TOTAL THIS MO. 5
DPTR FM NORMAL 4 [PRESSURE DATA]
TOTAL FM JAN 1 1923 HIGHEST SLP 30.56 ON 1
DPTR FM NORMAL 95 LOWEST SLP 29.58 ON 14
[REMARKS]
SNOWFALL AND SNOW DEPTH DATA WERE TAKEN FROM THE BELLE MINA
COOPERATIVE OBSERVER (GHCND: USC00010655, BLMA1), WHICH IS LOCATED
APPROXIMATELY 4.1 MILES NORTHEAST OF THE DECATUR ASOS (KDCU).
#FINAL-12-22#