000
CXUS54 KHUN 010810
CF6DCU
PRELIMINARY LOCAL CLIMATOLOGICAL DATA (WS FORM: F-6)
STATION: DECATUR
MONTH: AUGUST
YEAR: 2023
LATITUDE: 34 39 N
LONGITUDE: 86 56 W
TEMPERATURE IN F: :PCPN: SNOW: WIND :SUNSHINE: SKY :PK WND
================================================================================
1 2 3 4 5 6A 6B 7 8 9 10 11 12 13 14 15 16 17 18
12Z AVG MX 2MIN
DY MAX MIN AVG DEP HDD CDD WTR SNW DPTH SPD SPD DIR MIN PSBL S-S WX SPD DR
================================================================================
1 92 69 81 1 0 16 0.00 0.0 0 6.0 13 340 M M 1 19 350
2 93 63 78 -2 0 13 0.00 0.0 0 2.6 10 40 M M 0 13 20
3 87 71 79 -1 0 14 0.28 0.0 0 5.1 24 350 M M 4 138 33 340
4 83 71 77 -3 0 12 1.79 0.0 0 4.5 23 280 M M 4 13 32 270
5 91 69 80 0 0 15 0.10 0.0 0 3.7 32 290 M M 3 123 50 280
6 94 70 82 2 0 17 0.25 0.0 0 4.6 38 250 M M 2 138 61 240
7 87 69 78 -2 0 13 0.15 0.0 0 6.3 20 260 M M 3 13 33 260
8 80 65 73 -7 0 8 0.10 0.0 0 2.4 9 260 M M 3 12 13 260
9 84 65 75 -5 0 10 0.56 0.0 0 4.1 30 330 M M 4 123 43 310
10 85 68 77 -3 0 12 1.52 0.0 0 6.6 39 270 M M 7 13 54 280
11 92 73 83 4 0 18 0.00 0.0 0 4.2 12 290 M M 3 3 19 300
12 91 73 82 3 0 17 T 0.0 0 4.3 15 290 M M 2 1 21 280
13 95 72 84 5 0 19 0.11 0.0 0 3.9 28 340 M M 2 123 39 330
14 97 72 85 6 0 20 0.40 0.0 0 6.8 22 210 M M 2 13 35 220
15 84 67 76 -3 0 11 0.16 0.0 0 6.9 15 330 M M 5 13 19 310
16 84 62 73 -6 0 8 0.00 0.0 0 2.7 12 50 M M 3 1 17 30
17 86 61 74 -5 0 9 0.00 0.0 0 3.3 14 260 M M 1 12 17 250
18 90 64 77 -2 0 12 0.00 0.0 0 3.3 10 340 M M 1 1 15 280
19 91 62 77 -2 0 12 0.00 0.0 0 1.7 7 50 M M 0 1 11 70
20 94 65 80 1 0 15 0.00 0.0 0 2.9 9 160 M M 0 1 13 160
21 96 68 82 3 0 17 0.00 0.0 0 2.2 8 70 M M 1 1 14 140
22 96 71 84 6 0 19 0.00 0.0 0 3.6 12 10 M M 0 1 17 40
23 99 74 87 9 0 22 0.00 0.0 0 3.5 9 90 M M 0 18 14 60
24 98 73 86 8 0 21 0.00 0.0 0 2.1 10 190 M M 0 1 14 230
25 98 74 86 8 0 21 0.00 0.0 0 2.4 9 300 M M 0 18 14 270
26 100 72 86 8 0 21 0.00 0.0 0 3.9 24 360 M M 0 18 36 350
27 93 70 82 4 0 17 0.00 0.0 0 4.6 10 10 M M 1 3 15 10
28 85 74 80 2 0 15 0.71 0.0 0 6.0 16 360 M M 9 13 22 360
29 89 71 80 2 0 15 0.01 0.0 0 4.5 14 360 M M 7 1 19 360
30 88 67 78 1 0 13 0.00 0.0 0 10.1 20 360 M M 0 30 350
31 86 60 73 -4 0 8 0.00 0.0 0 5.2 13 20 M M 0 18 360
================================================================================
SM 2808 2125 0 460 6.14 0.0 134.0 M 68
================================================================================
AV 90.6 68.5 4.3 FASTST M M 2 MAX(MPH)
MISC ----> 39 270 61 240
================================================================================
NOTES:
# LAST OF SEVERAL OCCURRENCES
COLUMN 17 PEAK WIND IN M.P.H.
PRELIMINARY LOCAL CLIMATOLOGICAL DATA (WS FORM: F-6) , PAGE 2
STATION: DECATUR
MONTH: AUGUST
YEAR: 2023
LATITUDE: 34 39 N
LONGITUDE: 86 56 W
[TEMPERATURE DATA] [PRECIPITATION DATA] SYMBOLS USED IN COLUMN 16
AVERAGE MONTHLY: 79.6 TOTAL FOR MONTH: 6.14 1 = FOG OR MIST
DPTR FM NORMAL: 0.8 DPTR FM NORMAL: 3.09 2 = FOG REDUCING VISIBILITY
HIGHEST: 100 ON 26 GRTST 24HR 2.07 ON 9-10 TO 1/4 MILE OR LESS
LOWEST: 60 ON 31 3 = THUNDER
SNOW, ICE PELLETS, HAIL 4 = ICE PELLETS
TOTAL MONTH: 0.0 INCH 5 = HAIL
GRTST 24HR 0.0 6 = FREEZING RAIN OR DRIZZLE
GRTST DEPTH: 0 7 = DUSTSTORM OR SANDSTORM:
VSBY 1/2 MILE OR LESS
8 = SMOKE OR HAZE
[NO. OF DAYS WITH] [WEATHER - DAYS WITH] 9 = BLOWING SNOW
X = TORNADO
MAX 32 OR BELOW: 0 0.01 INCH OR MORE: 13
MAX 90 OR ABOVE: 18 0.10 INCH OR MORE: 12
MIN 32 OR BELOW: 0 0.50 INCH OR MORE: 4
MIN 0 OR BELOW: 0 1.00 INCH OR MORE: 2
[HDD (BASE 65) ]
TOTAL THIS MO. 0 CLEAR (SCALE 0-3) 20
DPTR FM NORMAL 0 PTCLDY (SCALE 4-7) 10
TOTAL FM JUL 1 0 CLOUDY (SCALE 8-10) 1
DPTR FM NORMAL 0
[CDD (BASE 65) ]
TOTAL THIS MO. 460
DPTR FM NORMAL 31 [PRESSURE DATA]
TOTAL FM JAN 1 1490 HIGHEST SLP M ON M
DPTR FM NORMAL -10 LOWEST SLP 29.75 ON 10
[REMARKS]
#FINAL-08-23#