000
CXUS53 KDDC 021622
CF6DDC
PRELIMINARY LOCAL CLIMATOLOGICAL DATA (WS FORM: F-6)
STATION: DODGE CITY KS
MONTH: JULY
YEAR: 2021
LATITUDE: 37 46 N
LONGITUDE: 99 58 W
TEMPERATURE IN F: :PCPN: SNOW: WIND :SUNSHINE: SKY :PK WND
================================================================================
1 2 3 4 5 6A 6B 7 8 9 10 11 12 13 14 15 16 17 18
12Z AVG MX 2MIN
DY MAX MIN AVG DEP HDD CDD WTR SNW DPTH SPD SPD DIR MIN PSBL S-S WX SPD DR
================================================================================
1 84 69 77 -2 0 12 T 0.0 0 8.2 23 50 M M 5 34 40
2 87 69 78 -1 0 13 T 0.0 0 6.8 16 120 M M 7 8 22 60
3 90 65 78 -1 0 13 0.00 0.0 0 10.9 20 150 M M 3 18 26 150
4 91 70 81 2 0 16 0.15 0.0 0 12.4 21 160 M M 3 138 32 140
5 93 68 81 2 0 16 0.00 0.0 0 11.3 18 140 M M 2 18 24 140
6 93 67 80 1 0 15 0.00 0.0 0 9.3 16 360 M M 2 18 24 170
7 89 67 78 -2 0 13 0.11 0.0 0 8.0 16 360 M M 3 1 21 50
8 96 63 80 0 0 15 0.00 0.0 0 11.8 21 160 M M 0 1 28 170
9 101 76 89 9 0 24 0.00 0.0 0 18.5 30 190 M M 0 42 200
10 92 63 78 -2 0 13 T 0.0 0 13.8 38 280 M M 1 3 55 320
11 84 58 71 -9 0 6 0.00 0.0 0 11.1 23 20 M M 0 34 10
12 91 54 73 -7 0 8 0.00 0.0 0 6.2 14 120 M M 0 8 21 200
13 98 65 82 2 0 17 0.00 0.0 0 13.4 23 170 M M 0 8 34 170
14 96 68 82 2 0 17 1.46 0.0 0 18.0 30 210 M M 1 138 42 200
15 89 68 79 -1 0 14 0.22 0.0 0 5.8 16 220 M M 4 13 23 220
16 93 67 80 0 0 15 0.00 0.0 0 7.8 15 70 M M 3 128 20 60
17 92 69 81 1 0 16 0.00 0.0 0 9.4 21 110 M M 2 18 28 100
18 92 64 78 -2 0 13 0.37 0.0 0 8.5 36 40 M M 1 138 50 20
19 87 62 75 -5 0 10 0.00 0.0 0 4.6 16 60 M M 4 128 21 80
20 86 62 74 -7 0 9 0.00 0.0 0 6.9 13 130 M M 1 18 19 150
21 87 62 75 -6 0 10 0.00 0.0 0 11.5 20 140 M M 1 18 36 130
22 91 63 77 -4 0 12 0.00 0.0 0 13.7 24 180 M M 0 8 33 190
23 95 65 80 -1 0 15 0.00 0.0 0 12.4 21 180 M M 0 18 40 170
24 99 69 84 3 0 19 0.00 0.0 0 8.8 22 190 M M 1 38 30 160
25 92 69 81 0 0 16 T 0.0 0 10.0 38 50 M M 2 138 60 10
26 92 67 80 0 0 15 T 0.0 0 7.2 17 120 M M 2 1 23 110
27 97 67 82 2 0 17 0.00 0.0 0 9.2 18 120 M M 0 1 27 160
28 99 71 85 5 0 20 0.00 0.0 0 12.5 21 170 M M 0 18 29 150
29 99 72 86 6 0 21 0.00 0.0 0 8.4 16 170 M M 0 8 24 160
30 99 72 86 6 0 21 0.00 0.0 0 9.8 18 190 M M 1 8 27 190
31 100 68 84 4 0 19 0.20 0.0 0 11.9 25 50 M M 2 13 34 60
================================================================================
SM 2874 2059 0 460 2.51 0.0 318.1 M 51
================================================================================
AV 92.7 66.4 10.3 FASTST M M 2 MAX(MPH)
MISC ----> # 38 280 60 10
================================================================================
NOTES:
# LAST OF SEVERAL OCCURRENCES
COLUMN 17 PEAK WIND IN M.P.H.
PRELIMINARY LOCAL CLIMATOLOGICAL DATA (WS FORM: F-6) , PAGE 2
STATION: DODGE CITY KS
MONTH: JULY
YEAR: 2021
LATITUDE: 37 46 N
LONGITUDE: 99 58 W
[TEMPERATURE DATA] [PRECIPITATION DATA] SYMBOLS USED IN COLUMN 16
AVERAGE MONTHLY: 79.6 TOTAL FOR MONTH: 2.51 1 = FOG OR MIST
DPTR FM NORMAL: -0.5 DPTR FM NORMAL: -0.57 2 = FOG REDUCING VISIBILITY
HIGHEST: 101 ON 9 GRTST 24HR 1.68 ON 14-15 TO 1/4 MILE OR LESS
LOWEST: 54 ON 12 3 = THUNDER
SNOW, ICE PELLETS, HAIL 4 = ICE PELLETS
TOTAL MONTH: 0.0 INCH 5 = HAIL
GRTST 24HR 0.0 6 = FREEZING RAIN OR DRIZZLE
GRTST DEPTH: 0 7 = DUSTSTORM OR SANDSTORM:
VSBY 1/2 MILE OR LESS
8 = SMOKE OR HAZE
[NO. OF DAYS WITH] [WEATHER - DAYS WITH] 9 = BLOWING SNOW
X = TORNADO
MAX 32 OR BELOW: 0 0.01 INCH OR MORE: 6
MAX 90 OR ABOVE: 23 0.10 INCH OR MORE: 6
MIN 32 OR BELOW: 0 0.50 INCH OR MORE: 1
MIN 0 OR BELOW: 0 1.00 INCH OR MORE: 1
[HDD (BASE 65) ]
TOTAL THIS MO. 0 CLEAR (SCALE 0-3) 26
DPTR FM NORMAL -1 PTCLDY (SCALE 4-7) 5
TOTAL FM JUL 1 0 CLOUDY (SCALE 8-10) 0
DPTR FM NORMAL -1
[CDD (BASE 65) ]
TOTAL THIS MO. 460
DPTR FM NORMAL -7 [PRESSURE DATA]
TOTAL FM JAN 1 935 HIGHEST SLP 30.17 ON 18
DPTR FM NORMAL 29 LOWEST SLP 29.70 ON 10
[REMARKS]
#FINAL-07-21#