000
CXUS53 KARX 010900
CF6DEH
PRELIMINARY LOCAL CLIMATOLOGICAL DATA (WS FORM: F-6)
STATION: DECORAH IA
MONTH: JUNE
YEAR: 2021
LATITUDE: 43 16 N
LONGITUDE: 91 44 W
TEMPERATURE IN F: :PCPN: SNOW: WIND :SUNSHINE: SKY :PK WND
================================================================================
1 2 3 4 5 6A 6B 7 8 9 10 11 12 13 14 15 16 17 18
12Z AVG MX 2MIN
DY MAX MIN AVG DEP HDD CDD WTR SNW DPTH SPD SPD DIR MIN PSBL S-S WX SPD DR
================================================================================
1 77 54 66 M 0 1 M M M 5.1 9 170 M M 3 20 240
2 79 57 68 M 0 3 0.00 0.0 0 2.4 8 99 M M 3 15 99
3 86 61 74 M 0 9 0.00 0.0 0 6.8 14 280 M M 1 23 280
4 90 68 79 M 0 14 0.00 0.0 0 9.4 13 210 M M 1 28 250
5 91 68 80 M 0 15 0.00 0.0 0 8.9 15 220 M M 1 24 220
6 86 68 77 M 0 12 0.00 0.0 0 9.8 17 180 M M 2 30 200
7 88 68 78 M 0 13 0.00 0.0 0 6.7 9 160 M M 1 17 160
8 90 66 78 M 0 13 0.00 0.0 0 3.0 8 130 M M 3 18 15 99
9 91 66 79 M 0 14 0.00 0.0 0 3.3 8 150 M M 3 14 80
10 93 70 82 M 0 17 M 0.0 0 3.1 6 150 M M 2 M M
11 90 72 81 M 0 16 0.33 M M 4.3 12 80 M M 3 22 80
12 82 63 73 M 0 8 M M M 8.6 15 330 M M 2 26 330
13 90 55 73 M 0 8 0.00 0.0 0 2.9 9 330 M M 1 18 330
14 82 61 72 M 0 7 0.00 M M 6.7 14 360 M M 0 23 360
15 79 55 67 M 0 2 0.00 M M 4.3 9 40 M M 1 17 350
16 81 55 68 M 0 3 0.00 M M 5.3 10 150 M M 1 16 150
17 90 66 78 M 0 13 M M M 7.4 10 190 M M 4 22 0
18 88 64 76 M 0 11 M 0.0 0 4.3 14 20 M M 0 20 20
19 79 64 72 M 0 7 0.00 0.0 0 5.9 12 330 M M 2 18 340
20 72 59 66 M 0 1 0.90 0.0 0 5.6 20 330 M M 6 30 330
21 63 50 57 M 8 0 0.00 0.0 0 11.0 23 350 M M 5 37 350
22 75 46 61 M 4 0 0.00 0.0 0 3.7 8 90 M M 6 14 170
23 81 59 70 M 0 5 0.00 0.0 0 9.0 13 180 M M 7 24 200
24 82 70 76 M 0 11 0.00 0.0 0 8.1 12 180 M M 4 21 200
25 82 66 74 M 0 9 0.47 0.0 0 4.2 10 330 M M 9 1 14 99
26 75 66 71 M 0 6 0.78 0.0 0 5.8 12 330 M M 9 1 18 180
27 77 63 70 M 0 5 0.00 0.0 0 4.3 10 340 M M 4 16 320
28 81 66 74 M 0 9 M M M 3.6 8 99 M M 4 13 0
29 82 66 74 M 0 9 0.08 0.0 0 2.3 9 190 M M 6 1 14 99
30 82 63 73 M 0 8 0.00 0.0 0 3.2 10 340 M M 3 1 14 99
================================================================================
SM 2484 1875 12 249 2.56 0.0 168.9 M 97
================================================================================
AV 82.8 62.5 5.6 FASTST M M 3 MAX(MPH)
MISC ----> 23 350 37 350
================================================================================
NOTES:
# LAST OF SEVERAL OCCURRENCES
COLUMN 17 PEAK WIND IN M.P.H.
PRELIMINARY LOCAL CLIMATOLOGICAL DATA (WS FORM: F-6) , PAGE 2
STATION: DECORAH IA
MONTH: JUNE
YEAR: 2021
LATITUDE: 43 16 N
LONGITUDE: 91 44 W
[TEMPERATURE DATA] [PRECIPITATION DATA] SYMBOLS USED IN COLUMN 16
AVERAGE MONTHLY: 72.7 TOTAL FOR MONTH: 2.56 1 = FOG OR MIST
DPTR FM NORMAL: 0.0 DPTR FM NORMAL: M 2 = FOG REDUCING VISIBILITY
HIGHEST: 93 ON 10 GRTST 24HR 0.90 ON 20-20 TO 1/4 MILE OR LESS
LOWEST: 46 ON 22 3 = THUNDER
SNOW, ICE PELLETS, HAIL 4 = ICE PELLETS
TOTAL MONTH: 0.0 INCH 5 = HAIL
GRTST 24HR 0.0 6 = FREEZING RAIN OR DRIZZLE
GRTST DEPTH: 0 7 = DUSTSTORM OR SANDSTORM:
VSBY 1/2 MILE OR LESS
8 = SMOKE OR HAZE
[NO. OF DAYS WITH] [WEATHER - DAYS WITH] 9 = BLOWING SNOW
X = TORNADO
MAX 32 OR BELOW: 0 0.01 INCH OR MORE: 5
MAX 90 OR ABOVE: 8 0.10 INCH OR MORE: 4
MIN 32 OR BELOW: 0 0.50 INCH OR MORE: 2
MIN 0 OR BELOW: 0 1.00 INCH OR MORE: 0
[HDD (BASE 65) ]
TOTAL THIS MO. 12 CLEAR (SCALE 0-3) 17
DPTR FM NORMAL M PTCLDY (SCALE 4-7) 11
TOTAL FM JUL 1 7133 CLOUDY (SCALE 8-10) 2
DPTR FM NORMAL M
[CDD (BASE 65) ]
TOTAL THIS MO. 249
DPTR FM NORMAL M [PRESSURE DATA]
TOTAL FM JAN 1 313 HIGHEST SLP M ON M
DPTR FM NORMAL M LOWEST SLP M ON M
[REMARKS]
#FINAL-06-21#