000
CXUS54 KSHV 011500
CF6DEQ
PRELIMINARY LOCAL CLIMATOLOGICAL DATA (WS FORM: F-6)
STATION: DE QUEEN
MONTH: JUNE
YEAR: 2020
LATITUDE: 34 2 N
LONGITUDE: 94 24 W
TEMPERATURE IN F: :PCPN: SNOW: WIND :SUNSHINE: SKY :PK WND
================================================================================
1 2 3 4 5 6A 6B 7 8 9 10 11 12 13 14 15 16 17 18
12Z AVG MX 2MIN
DY MAX MIN AVG DEP HDD CDD WTR SNW DPTH SPD SPD DIR MIN PSBL S-S WX SPD DR
================================================================================
1 84 61 73 -1 0 8 0.00 0.0 0 1.9 9 110 M M 0 1 13 110
2 86 64 75 1 0 10 0.00 0.0 0 1.6 7 120 M M 0 1 10 150
3 91 67 79 4 0 14 0.00 0.0 0 2.2 10 150 M M 2 13 14 150
4 92 68 80 5 0 15 0.00 0.0 0 3.4 16 170 M M 3 1238 20 180
5 95 71 83 8 0 18 0.00 0.0 0 2.7 9 250 M M 1 1 12 250
6 97 71 84 9 0 19 T 0.0 0 4.3 26 90 M M 1 33 80
7 94 69 82 6 0 17 0.00 0.0 0 5.2 17 90 M M 1 1 24 90
8 88 71 80 4 0 15 0.11 0.0 0 3.2 13 40 M M 3 17 40
9 95 70 83 7 0 18 T 0.0 0 8.0 22 210 M M 2 1 29 210
10 84 59 72 -4 0 7 0.00 0.0 0 9.1 23 310 M M 0 1 34 310
11 90 53 72 -5 0 7 0.00 0.0 0 1.6 9 130 M M 0 1 13 120
12 90 58 74 -3 0 9 0.00 0.0 0 2.3 9 120 M M 0 1 12 130
13 92 62 77 0 0 12 0.00 0.0 0 1.8 9 130 M M 1 1 13 210
14 91 65 78 0 0 13 0.00 0.0 0 2.8 12 130 M M 0 1 17 130
15 93 64 79 1 0 14 0.00 0.0 0 2.4 8 140 M M 1 1 12 130
16 91 67 79 1 0 14 0.00 0.0 0 4.6 10 120 M M 2 1 15 180
17 89 66 78 0 0 13 0.00 0.0 0 4.4 10 160 M M 2 14 170
18 91 66 79 1 0 14 0.00 0.0 0 3.6 12 200 M M 1 18 17 170
19 93 68 81 2 0 16 0.00 0.0 0 4.6 15 220 M M 0 18 20 220
20 86 69 78 -1 0 13 T 0.0 0 4.9 17 240 M M 2 1 22 240
21 77 67 72 -7 0 7 1.68 0.0 0 3.4 18 250 M M 7 13 24 250
22 88 69 79 0 0 14 0.60 0.0 0 3.4 17 310 M M 4 13 23 300
23 82 69 76 -3 0 11 0.72 0.0 0 2.3 25 260 M M 2 13 33 250
24 90 67 79 -1 0 14 0.00 0.0 0 4.6 14 110 M M 2 128 17 110
25 87 65 76 -4 0 11 0.00 0.0 0 4.7 14 110 M M 2 1 19 150
26 81 70 76 -4 0 11 0.67 0.0 0 4.6 23 200 M M 8 13 35 210
27 90 70 80 0 0 15 0.07 0.0 0 5.4 20 210 M M 5 1 29 220
28 90 75 83 3 0 18 0.21 0.0 0 6.1 25 240 M M 3 138 32 240
29 92 77 85 5 0 20 T 0.0 0 6.9 16 190 M M 5 3 25 190
30 91 75 83 3 0 18 0.02 0.0 0 6.0 17 200 M M 6 1 24 200
================================================================================
SM 2680 2013 0 405 4.08 0.0 122.0 M 66
================================================================================
AV 89.3 67.1 4.1 FASTST M M 2 MAX(MPH)
MISC ----> # 26 90 # 35 210
================================================================================
NOTES:
# LAST OF SEVERAL OCCURRENCES
COLUMN 17 PEAK WIND IN M.P.H.
PRELIMINARY LOCAL CLIMATOLOGICAL DATA (WS FORM: F-6) , PAGE 2
STATION: DE QUEEN
MONTH: JUNE
YEAR: 2020
LATITUDE: 34 2 N
LONGITUDE: 94 24 W
[TEMPERATURE DATA] [PRECIPITATION DATA] SYMBOLS USED IN COLUMN 16
AVERAGE MONTHLY: 78.2 TOTAL FOR MONTH: 4.08 1 = FOG OR MIST
DPTR FM NORMAL: 0.6 DPTR FM NORMAL: -0.43 2 = FOG REDUCING VISIBILITY
HIGHEST: 97 ON 6 GRTST 24HR 1.68 ON 21-21 TO 1/4 MILE OR LESS
LOWEST: 53 ON 11 3 = THUNDER
SNOW, ICE PELLETS, HAIL 4 = ICE PELLETS
TOTAL MONTH: 0.0 INCH 5 = HAIL
GRTST 24HR 0.0 6 = FREEZING RAIN OR DRIZZLE
GRTST DEPTH: 0 7 = DUSTSTORM OR SANDSTORM:
VSBY 1/2 MILE OR LESS
8 = SMOKE OR HAZE
[NO. OF DAYS WITH] [WEATHER - DAYS WITH] 9 = BLOWING SNOW
X = TORNADO
MAX 32 OR BELOW: 0 0.01 INCH OR MORE: 8
MAX 90 OR ABOVE: 19 0.10 INCH OR MORE: 6
MIN 32 OR BELOW: 0 0.50 INCH OR MORE: 4
MIN 0 OR BELOW: 0 1.00 INCH OR MORE: 1
[HDD (BASE 65) ]
TOTAL THIS MO. 0 CLEAR (SCALE 0-3) 22
DPTR FM NORMAL 0 PTCLDY (SCALE 4-7) 8
TOTAL FM JUL 1 2666 CLOUDY (SCALE 8-10) 0
DPTR FM NORMAL -376
[CDD (BASE 65) ]
TOTAL THIS MO. 405
DPTR FM NORMAL 27 [PRESSURE DATA]
TOTAL FM JAN 1 646 HIGHEST SLP 30.30 ON 12
DPTR FM NORMAL 51 LOWEST SLP 29.52 ON 8
[REMARKS]
#FINAL-06-20#