000
CXUS54 KFWD 032333
CF6DFW
PRELIMINARY LOCAL CLIMATOLOGICAL DATA (WS FORM: F-6)
STATION: DALLAS/FORT WORTH
MONTH: JANUARY
YEAR: 2023
LATITUDE: 32 54 N
LONGITUDE: 97 2 W
TEMPERATURE IN F: :PCPN: SNOW: WIND :SUNSHINE: SKY :PK WND
================================================================================
1 2 3 4 5 6A 6B 7 8 9 10 11 12 13 14 15 16 17 18
12Z AVG MX 2MIN
DY MAX MIN AVG DEP HDD CDD WTR SNW DPTH SPD SPD DIR MIN PSBL S-S WX SPD DR
================================================================================
1 78 51 65 19 0 0 0.00 0.0 0 11.5 18 200 M M 7 23 160
2 78 64 71 25 0 6 T 0.0 0 12.7 28 190 M M 8 18 36 190
3 69 44 57 11 8 0 T 0.0 0 10.1 21 280 M M 7 28 260
4 59 37 48 2 17 0 0.00 0.0 0 5.0 13 350 M M 2 8 17 320
5 62 36 49 3 16 0 0.00 0.0 0 4.6 10 350 M M 3 14 330
6 70 40 55 9 10 0 0.00 0.0 0 12.2 28 180 M M 6 36 180
7 64 49 57 11 8 0 0.00 0.0 0 11.6 20 320 M M 5 24 180
8 61 40 51 5 14 0 0.00 0.0 0 5.6 15 350 M M 3 18 360
9 70 36 53 7 12 0 0.00 0.0 0 7.7 20 190 M M 3 24 180
10 83 44 64 18 1 0 0.00 0.0 0 12.3 23 210 M M 3 29 220
11 85 55 70 24 0 5 0.00 0.0 0 14.3 24 290 M M 6 35 290
12 69 40 55 9 10 0 0.00 0.0 0 18.6 33 310 M M 2 46 300
13 58 33 46 0 19 0 0.00 0.0 0 6.1 14 30 M M 3 18 20
14 64 36 50 4 15 0 0.00 0.0 0 11.2 22 170 M M 4 28 160
15 71 47 59 13 6 0 0.00 0.0 0 18.6 32 190 M M 5 43 170
16 76 57 67 21 0 2 0.00 0.0 0 14.2 25 200 M M 8 33 190
17 79 49 64 18 1 0 0.00 0.0 0 7.2 16 140 M M 6 8 23 150
18 72 57 65 19 0 0 T 0.0 0 12.8 28 320 M M 5 35 320
19 61 43 52 6 13 0 0.00 0.0 0 10.2 23 320 M M 4 31 310
20 63 39 51 5 14 0 0.00 0.0 0 6.5 15 130 M M 7 19 140
21 59 45 52 6 13 0 T 0.0 0 9.0 21 310 M M 6 8 28 300
22 54 37 46 -1 19 0 0.00 0.0 0 11.6 22 330 M M 3 27 340
23 55 33 44 -3 21 0 0.00 0.0 0 5.7 13 40 M M 3 18 40
24 49 35 42 -5 23 0 1.02 T 0 13.3 23 20 M M 10 1 32 290
25 44 37 41 -6 24 0 T 0.0 0 12.3 21 310 M M 7 29 300
26 54 32 43 -4 22 0 0.00 0.0 0 9.3 18 300 M M 1 23 310
27 63 31 47 0 18 0 0.00 0.0 0 12.9 22 190 M M 2 30 190
28 70 45 58 11 7 0 T 0.0 0 13.5 24 190 M M 8 1 33 180
29 59 30 45 -2 20 0 T 0.0 0 14.7 26 340 M M 9 1 32 340
30 30 26 28 -20 37 0 0.01 T 0 15.0 22 340 M M 10 146 27 340
31 29 25 27 -21 38 0 0.35 1.3 T 13.6 21 340 M M 10 1346 26 360
================================================================================
SM 1958 1273 406 13 1.38 1.3 343.9 M 166
================================================================================
AV 63.2 41.1 11.1 FASTST M M 5 MAX(MPH)
MISC ----> 33 310 46 300
================================================================================
NOTES:
# LAST OF SEVERAL OCCURRENCES
COLUMN 17 PEAK WIND IN M.P.H.
PRELIMINARY LOCAL CLIMATOLOGICAL DATA (WS FORM: F-6) , PAGE 2
STATION: DALLAS/FORT WORTH
MONTH: JANUARY
YEAR: 2023
LATITUDE: 32 54 N
LONGITUDE: 97 2 W
[TEMPERATURE DATA] [PRECIPITATION DATA] SYMBOLS USED IN COLUMN 16
AVERAGE MONTHLY: 52.1 TOTAL FOR MONTH: 1.38 1 = FOG OR MIST
DPTR FM NORMAL: 5.8 DPTR FM NORMAL: -1.15 2 = FOG REDUCING VISIBILITY
HIGHEST: 85 ON 11 GRTST 24HR 1.02 ON 24-24 TO 1/4 MILE OR LESS
LOWEST: 25 ON 31 3 = THUNDER
SNOW, ICE PELLETS, HAIL 4 = ICE PELLETS
TOTAL MONTH: 1.3 INCHES 5 = HAIL
GRTST 24HR 1.3 ON 31-31 6 = FREEZING RAIN OR DRIZZLE
GRTST DEPTH: T 7 = DUSTSTORM OR SANDSTORM:
VSBY 1/2 MILE OR LESS
8 = SMOKE OR HAZE
[NO. OF DAYS WITH] [WEATHER - DAYS WITH] 9 = BLOWING SNOW
X = TORNADO
MAX 32 OR BELOW: 2 0.01 INCH OR MORE: 3
MAX 90 OR ABOVE: 0 0.10 INCH OR MORE: 2
MIN 32 OR BELOW: 5 0.50 INCH OR MORE: 1
MIN 0 OR BELOW: 0 1.00 INCH OR MORE: 1
[HDD (BASE 65) ]
TOTAL THIS MO. 406 CLEAR (SCALE 0-3) 9
DPTR FM NORMAL -176 PTCLDY (SCALE 4-7) 16
TOTAL FM JUL 1 1232 CLOUDY (SCALE 8-10) 6
DPTR FM NORMAL -231
[CDD (BASE 65) ]
TOTAL THIS MO. 13
DPTR FM NORMAL 11 [PRESSURE DATA]
TOTAL FM JAN 1 13 HIGHEST SLP 30.47 ON 13
DPTR FM NORMAL 11 LOWEST SLP 29.58 ON 2
[REMARKS]
#FINAL-01-23#