000
CXUS55 KCYS 081631
CF6DGW
PRELIMINARY LOCAL CLIMATOLOGICAL DATA (WS FORM: F-6)
STATION: CONVERSE CO (DOUGLAS) WY ARPT
MONTH: DECEMBER
YEAR: 2021
LATITUDE: 42 46 N
LONGITUDE: 105 22 W
TEMPERATURE IN F: :PCPN: SNOW: WIND :SUNSHINE: SKY :PK WND
================================================================================
1 2 3 4 5 6A 6B 7 8 9 10 11 12 13 14 15 16 17 18
12Z AVG MX 2MIN
DY MAX MIN AVG DEP HDD CDD WTR SNW DPTH SPD SPD DIR MIN PSBL S-S WX SPD DR
================================================================================
1 65 32 49 21 16 0 0.00 M M 14.7 33 280 M M 0 43 270
2 71 41 56 29 9 0 0.00 M M 11.0 31 260 M M 0 41 260
3 52 21 37 10 28 0 0.00 M M 4.5 13 140 M M 0 16 140
4 61 24 43 16 22 0 0.00 M M 13.1 40 260 M M 1 1 53 260
5 54 15 35 9 30 0 T M M 15.0 35 350 M M 6 44 330
6 40 3 22 -4 43 0 0.00 M M 10.2 37 250 M M 4 49 250
7 50 20 35 9 30 0 T M M 5.9 30 290 M M 4 40 300
8 53 19 36 10 29 0 0.00 M M 20.8 38 270 M M 0 52 270
9 43 24 34 9 31 0 T M M 7.6 31 280 M M 6 18 43 270
10 26 -4 11 -14 54 0 T M M 10.4 24 320 M M 7 18 31 320
11 36 -5 16 -9 49 0 0.00 M M 16.2 36 260 M M 0 47 270
12 45 29 37 12 28 0 0.00 M M 15.3 35 270 M M 0 46 220
13 51 31 41 17 24 0 0.00 M M 10.9 26 290 M M 0 43 240
14 56 36 46 22 19 0 0.00 M M 11.4 36 220 M M 0 49 220
15 44 18 31 7 34 0 T M M 16.7 37 320 M M 6 1 50 330
16 38 11 25 1 40 0 0.00 M M 13.4 30 260 M M 0 41 260
17 34 3 19 -5 46 0 T M M 12.7 31 350 M M 3 8 44 310
18 35 -1 17 -7 48 0 0.00 M M 4.4 18 240 M M 0 24 250
19 50 24 37 13 28 0 0.00 M M 14.0 33 270 M M 0 45 270
20 45 21 33 9 32 0 0.00 M M 12.6 39 250 M M 3 18 53 240
21 52 30 41 17 24 0 0.00 M M 16.7 36 280 M M 0 46 280
22 55 36 46 22 19 0 0.00 M M 17.6 35 270 M M 0 47 270
23 52 32 42 18 23 0 0.00 M M 19.5 44 230 M M 1 59 220
24 51 37 44 20 21 0 0.00 M M 20.1 31 230 M M 2 42 230
25 44 28 36 12 29 0 0.00 M M 16.3 33 250 M M 2 46 250
26 47 23 35 11 30 0 0.00 M M 21.0 46 280 M M 1 60 280
27 40 13 27 3 38 0 T M M 16.9 38 240 M M 1 53 240
28 26 -1 13 -11 52 0 T M M 9.6 31 280 M M 4 8 43 280
29 30 10 20 -4 45 0 0.00 M M 12.5 28 250 M M 3 38 250
30 41 30 36 12 29 0 0.00 M M 27.7 52 270 M M 1 65 270
31 33 3 18 -7 47 0 T M M 9.1 20 50 M M 10 8 24 50
================================================================================
SM 1420 603 997 0 T M 427.8 M 65
================================================================================
AV 45.8 19.5 13.8 FASTST M M 2 MAX(MPH)
MISC ----> 52 270 65 270
================================================================================
NOTES:
# LAST OF SEVERAL OCCURRENCES
COLUMN 17 PEAK WIND IN M.P.H.
PRELIMINARY LOCAL CLIMATOLOGICAL DATA (WS FORM: F-6) , PAGE 2
STATION: CONVERSE CO (DOUGLAS) WY ARPT
MONTH: DECEMBER
YEAR: 2021
LATITUDE: 42 46 N
LONGITUDE: 105 22 W
[TEMPERATURE DATA] [PRECIPITATION DATA] SYMBOLS USED IN COLUMN 16
AVERAGE MONTHLY: 32.6 TOTAL FOR MONTH: T 1 = FOG OR MIST
DPTR FM NORMAL: 7.7 DPTR FM NORMAL: -0.27 2 = FOG REDUCING VISIBILITY
HIGHEST: 71 ON 2 GRTST 24HR T ON 5- 5 TO 1/4 MILE OR LESS
LOWEST: -5 ON 11 3 = THUNDER
SNOW, ICE PELLETS, HAIL 4 = ICE PELLETS
TOTAL MONTH: M 5 = HAIL
GRTST 24HR M ON M 6 = FREEZING RAIN OR DRIZZLE
GRTST DEPTH: M ON M 7 = DUSTSTORM OR SANDSTORM:
VSBY 1/2 MILE OR LESS
8 = SMOKE OR HAZE
[NO. OF DAYS WITH] [WEATHER - DAYS WITH] 9 = BLOWING SNOW
X = TORNADO
MAX 32 OR BELOW: 3 0.01 INCH OR MORE: 0
MAX 90 OR ABOVE: 0 0.10 INCH OR MORE: 0
MIN 32 OR BELOW: 27 0.50 INCH OR MORE: 0
MIN 0 OR BELOW: 4 1.00 INCH OR MORE: 0
[HDD (BASE 65) ]
TOTAL THIS MO. 997 CLEAR (SCALE 0-3) 20
DPTR FM NORMAL -246 PTCLDY (SCALE 4-7) 10
TOTAL FM JUL 1 2399 CLOUDY (SCALE 8-10) 1
DPTR FM NORMAL -610
[CDD (BASE 65) ]
TOTAL THIS MO. 0
DPTR FM NORMAL 0 [PRESSURE DATA]
TOTAL FM JAN 1 715 HIGHEST SLP 30.48 ON 18
DPTR FM NORMAL 203 LOWEST SLP 29.19 ON 15
[REMARKS]
#FINAL-12-21#