000
CXUS55 KCYS 171322
CF6DGW
PRELIMINARY LOCAL CLIMATOLOGICAL DATA (WS FORM: F-6)
STATION: CONVERSE CO (DOUGLAS) WY ARPT
MONTH: JULY
YEAR: 2021
LATITUDE: 42 46 N
LONGITUDE: 105 22 W
TEMPERATURE IN F: :PCPN: SNOW: WIND :SUNSHINE: SKY :PK WND
================================================================================
1 2 3 4 5 6A 6B 7 8 9 10 11 12 13 14 15 16 17 18
12Z AVG MX 2MIN
DY MAX MIN AVG DEP HDD CDD WTR SNW DPTH SPD SPD DIR MIN PSBL S-S WX SPD DR
================================================================================
1 84 60 72 3 0 7 T M M 14.2 30 160 M M 1 40 160
2 91 55 73 4 0 8 T M M 12.3 28 220 M M 1 3 35 210
3 95 60 78 9 0 13 0.09 M M 7.9 39 300 M M 0 3 56 310
4 95 57 76 6 0 11 0.00 M M 9.1 26 160 M M 0 3 34 140
5 93 60 77 7 0 12 M M M 11.6 32 280 M M 2 13 44 280
6 85 58 72 2 0 7 0.00 M M 8.2 17 290 M M 2 23 290
7 96 59 78 8 0 13 0.00 M M 10.3 23 80 M M 0 29 70
8 100 57 79 8 0 14 0.00 M M 8.9 24 300 M M 0 34 270
9 96 59 78 7 0 13 0.00 M M 9.8 35 30 M M 1 51 30
10 86 51 69 -2 0 4 0.00 M M 8.9 24 360 M M 1 30 360
11 90 53 72 0 0 7 0.00 M M 6.9 14 130 M M 0 19 150
12 91 53 72 0 0 7 0.00 M M 11.2 22 110 M M 0 29 110
13 87 57 72 0 0 7 0.02 M M 14.9 31 60 M M 1 38 43 50
14 81 54 68 -4 0 3 0.00 M M 7.1 18 50 M M 5 24 60
15 90 57 74 2 0 9 0.00 M M 7.5 16 130 M M 0 1 22 140
16 97 53 75 3 0 10 T M M 6.6 28 320 M M 0 3 49 350
17 97 53 75 2 0 10 T M M 7.5 22 160 M M 0 3 34 240
18 99 54 77 4 0 12 0.00 M M 7.6 21 60 M M 0 28 60
19 98 55 77 4 0 12 0.00 M M 6.7 20 110 M M 0 28 80
20 98 63 81 8 0 16 T M M 11.5 31 240 M M 1 3 44 240
21 96 61 79 6 0 14 0.00 M M 7.9 31 10 M M 0 3 43 360
22 98 57 78 5 0 13 0.00 M M 5.4 23 190 M M 1 3 27 220
23 90 61 76 3 0 11 T M M 5.8 12 110 M M 2 3 14 110
24 94 53 74 1 0 9 0.00 M M 8.2 28 110 M M 1 36 90
25 97 57 77 4 0 12 0.00 M M 7.8 25 140 M M 0 32 140
26 100 57 79 6 0 14 0.00 M M 6.1 15 120 M M 0 8 20 110
27 100 59 80 7 0 15 0.00 M M 9.9 23 160 M M 0 8 29 170
28 100 57 79 6 0 14 0.00 M M 10.5 26 80 M M 0 37 70
29 84 66 75 2 0 10 0.00 M M 15.3 26 40 M M 5 3 34 50
30 89 63 76 3 0 11 T M M 9.7 25 70 M M 4 38 36 70
31 87 61 74 1 0 9 0.00 M M 8.2 23 80 M M 2 8 30 90
================================================================================
SM 2884 1780 0 327 0.11 M 283.5 M 30
================================================================================
AV 93.0 57.4 9.1 FASTST M M 1 MAX(MPH)
MISC ----> 39 300 56 310
================================================================================
NOTES:
# LAST OF SEVERAL OCCURRENCES
COLUMN 17 PEAK WIND IN M.P.H.
PRELIMINARY LOCAL CLIMATOLOGICAL DATA (WS FORM: F-6) , PAGE 2
STATION: CONVERSE CO (DOUGLAS) WY ARPT
MONTH: JULY
YEAR: 2021
LATITUDE: 42 46 N
LONGITUDE: 105 22 W
[TEMPERATURE DATA] [PRECIPITATION DATA] SYMBOLS USED IN COLUMN 16
AVERAGE MONTHLY: 75.2 TOTAL FOR MONTH: 0.11 1 = FOG OR MIST
DPTR FM NORMAL: 3.3 DPTR FM NORMAL: -0.74 2 = FOG REDUCING VISIBILITY
HIGHEST: 100 ON 28,27 GRTST 24HR 0.09 ON 3- 3 TO 1/4 MILE OR LESS
LOWEST: 51 ON 10 3 = THUNDER
SNOW, ICE PELLETS, HAIL 4 = ICE PELLETS
TOTAL MONTH: M 5 = HAIL
GRTST 24HR M ON M 6 = FREEZING RAIN OR DRIZZLE
GRTST DEPTH: M ON M 7 = DUSTSTORM OR SANDSTORM:
VSBY 1/2 MILE OR LESS
8 = SMOKE OR HAZE
[NO. OF DAYS WITH] [WEATHER - DAYS WITH] 9 = BLOWING SNOW
X = TORNADO
MAX 32 OR BELOW: 0 0.01 INCH OR MORE: 2
MAX 90 OR ABOVE: 23 0.10 INCH OR MORE: 0
MIN 32 OR BELOW: 0 0.50 INCH OR MORE: 0
MIN 0 OR BELOW: 0 1.00 INCH OR MORE: 0
[HDD (BASE 65) ]
TOTAL THIS MO. 0 CLEAR (SCALE 0-3) 28
DPTR FM NORMAL -11 PTCLDY (SCALE 4-7) 3
TOTAL FM JUL 1 0 CLOUDY (SCALE 8-10) 0
DPTR FM NORMAL -6
[CDD (BASE 65) ]
TOTAL THIS MO. 327
DPTR FM NORMAL 102 [PRESSURE DATA]
TOTAL FM JAN 1 499 HIGHEST SLP 30.23 ON 31
DPTR FM NORMAL 200 LOWEST SLP 29.69 ON 8
[REMARKS]
#FINAL-07-21#