000
CXUS52 KTAE 010800
CF6DHN
PRELIMINARY LOCAL CLIMATOLOGICAL DATA (WS FORM: F-6)
STATION: DOTHAN
MONTH: JUNE
YEAR: 2022
LATITUDE: 31 19 N
LONGITUDE: 85 27 W
TEMPERATURE IN F: :PCPN: SNOW: WIND :SUNSHINE: SKY :PK WND
================================================================================
1 2 3 4 5 6A 6B 7 8 9 10 11 12 13 14 15 16 17 18
12Z AVG MX 2MIN
DY MAX MIN AVG DEP HDD CDD WTR SNW DPTH SPD SPD DIR MIN PSBL S-S WX SPD DR
================================================================================
1 93 66 80 1 0 15 0.00 0.0 0 4.3 10 220 M M 1 14 220
2 93 71 82 3 0 17 1.11 0.0 M 5.4 26 70 M M 3 1 34 60
3 93 69 81 1 0 16 2.83 0.0 M 5.5 37 250 M M 2 12 48 230
4 90 69 80 0 0 15 0.00 0.0 M 6.7 13 10 M M 1 17 10
5 87 70 79 -1 0 14 0.04 0.0 0 4.7 15 200 M M 2 1 18 200
6 91 69 80 0 0 15 0.00 0.0 0 4.8 22 230 M M 2 1 29 240
7 91 71 81 1 0 16 0.00 0.0 0 3.4 10 290 M M 3 13 300
8 92 73 83 3 0 18 0.00 0.0 0 6.6 14 210 M M 2 18 220
9 89 72 81 1 0 16 0.22 0.0 0 7.7 23 300 M M 3 1 27 300
10 90 70 80 -1 0 15 0.42 0.0 0 4.5 26 260 M M 2 13 40 270
11 90 71 81 0 0 16 0.00 0.0 0 5.7 10 280 M M 1 15 270
12 93 74 84 3 0 19 0.00 0.0 0 4.7 13 320 M M 2 1 16 320
13 97 76 87 6 0 22 0.01 0.0 0 6.6 13 250 M M 3 1 17 250
14 97 74 86 5 0 21 0.74 M M 7.3 33 60 M M 4 1 41 60
15 98 74 86 5 0 21 0.00 M M 5.5 16 30 M M 2 22 30
16 99 74 87 6 0 22 0.71 0.0 M 4.7 36 120 M M 2 1 47 120
17 96 73 85 4 0 20 0.00 0.0 0 5.0 12 340 M M 0 16 360
18 96 78 87 6 0 22 0.00 0.0 M 9.0 18 310 M M 0 23 340
19 96 72 84 2 0 19 0.00 0.0 M 8.1 14 30 M M 1 19 10
20 94 76 85 3 0 20 0.00 0.0 0 6.4 13 80 M M 1 19 60
21 97 72 85 3 0 20 0.00 0.0 0 4.5 13 10 M M 1 18 360
22 100 76 88 6 0 23 0.00 0.0 0 7.7 16 340 M M 0 20 330
23 102 77 90 8 0 25 0.00 0.0 0 8.1 16 310 M M 0 26 310
24 101 78 90 8 0 25 0.00 0.0 0 6.2 16 360 M M 1 25 330
25 87 74 81 -1 0 16 0.48 0.0 0 6.1 15 90 M M 5 1 21 90
26 93 74 84 2 0 19 0.00 0.0 0 4.8 12 130 M M 1 1 14 110
27 97 74 86 4 0 21 0.07 0.0 0 4.7 22 20 M M 2 18 28 30
28 97 72 85 3 0 20 0.02 0.0 M 3.6 21 200 M M 1 1 27 200
29 94 72 83 1 0 18 1.54 M M 5.1 21 50 M M 3 12 25 50
30 86 73 80 -2 0 15 0.00 0.0 0 4.7 14 180 M M 4 18 170
================================================================================
SM 2819 2184 0 561 8.19 0.0 172.1 M 55
================================================================================
AV 94.0 72.8 5.7 FASTST M M 2 MAX(MPH)
MISC ----> 37 250 48 230
================================================================================
NOTES:
# LAST OF SEVERAL OCCURRENCES
COLUMN 17 PEAK WIND IN M.P.H.
PRELIMINARY LOCAL CLIMATOLOGICAL DATA (WS FORM: F-6) , PAGE 2
STATION: DOTHAN
MONTH: JUNE
YEAR: 2022
LATITUDE: 31 19 N
LONGITUDE: 85 27 W
[TEMPERATURE DATA] [PRECIPITATION DATA] SYMBOLS USED IN COLUMN 16
AVERAGE MONTHLY: 83.4 TOTAL FOR MONTH: 8.19 1 = FOG OR MIST
DPTR FM NORMAL: 2.3 DPTR FM NORMAL: 3.11 2 = FOG REDUCING VISIBILITY
HIGHEST: 102 ON 23 GRTST 24HR 3.89 ON 2- 3 TO 1/4 MILE OR LESS
LOWEST: 66 ON 1 3 = THUNDER
SNOW, ICE PELLETS, HAIL 4 = ICE PELLETS
TOTAL MONTH: 0.0 INCH 5 = HAIL
GRTST 24HR 0.0 6 = FREEZING RAIN OR DRIZZLE
GRTST DEPTH: 0 7 = DUSTSTORM OR SANDSTORM:
VSBY 1/2 MILE OR LESS
8 = SMOKE OR HAZE
[NO. OF DAYS WITH] [WEATHER - DAYS WITH] 9 = BLOWING SNOW
X = TORNADO
MAX 32 OR BELOW: 0 0.01 INCH OR MORE: 12
MAX 90 OR ABOVE: 26 0.10 INCH OR MORE: 8
MIN 32 OR BELOW: 0 0.50 INCH OR MORE: 5
MIN 0 OR BELOW: 0 1.00 INCH OR MORE: 3
[HDD (BASE 65) ]
TOTAL THIS MO. 0 CLEAR (SCALE 0-3) 24
DPTR FM NORMAL 0 PTCLDY (SCALE 4-7) 6
TOTAL FM JUL 1 1372 CLOUDY (SCALE 8-10) 0
DPTR FM NORMAL -262
[CDD (BASE 65) ]
TOTAL THIS MO. 561
DPTR FM NORMAL 79 [PRESSURE DATA]
TOTAL FM JAN 1 1107 HIGHEST SLP M ON M
DPTR FM NORMAL 107 LOWEST SLP 29.76 ON 4
[REMARKS]
#FINAL-06-22#