000
CXUS54 KAMA 010710
CF6DHT
PRELIMINARY LOCAL CLIMATOLOGICAL DATA (WS FORM: F-6)
STATION: DALHART
MONTH: MARCH
YEAR: 2023
LATITUDE: 36 1 N
LONGITUDE: 102 33 W
TEMPERATURE IN F: :PCPN: SNOW: WIND :SUNSHINE: SKY :PK WND
================================================================================
1 2 3 4 5 6A 6B 7 8 9 10 11 12 13 14 15 16 17 18
12Z AVG MX 2MIN
DY MAX MIN AVG DEP HDD CDD WTR SNW DPTH SPD SPD DIR MIN PSBL S-S WX SPD DR
================================================================================
1 58 28 43 0 22 0 0.00 M M 12.9 24 150 M M 0 32 130
2 53 29 41 -2 24 0 0.00 M M 13.0 29 350 M M 2 37 350
3 63 24 44 1 21 0 0.00 M M 8.2 17 170 M M 0 1 24 180
4 56 35 46 2 19 0 0.00 M M 15.6 32 10 M M 1 44 10
5 76 28 52 8 13 0 0.00 M M 17.6 38 220 M M 0 49 210
6 65 35 50 6 15 0 0.00 M M 11.6 22 90 M M 0 29 100
7 46 28 37 -7 28 0 0.00 M M 10.1 20 60 M M 4 18 26 60
8 51 28 40 -5 25 0 0.00 M M 10.7 18 140 M M 6 24 130
9 58 32 45 0 20 0 0.00 M M 10.7 24 20 M M 4 18 31 30
10 73 26 50 5 15 0 0.00 M M 15.6 30 210 M M 2 18 39 200
11 70 42 56 10 9 0 0.00 M M 15.7 32 30 M M 1 8 45 20
12 51 34 43 -3 22 0 0.00 M M 8.1 16 50 M M 6 24 60
13 57 30 44 -2 21 0 0.00 M M 14.4 22 150 M M 5 35 170
14 64 34 49 2 16 0 0.00 M M 17.3 30 200 M M 4 36 210
15 80 43 62 15 3 0 0.00 M M 22.1 37 230 M M 0 54 210
16 61 32 47 0 18 0 0.15 M M 21.9 38 360 M M 7 1 50 10
17 45 26 36 -12 29 0 0.00 M M 4.5 17 20 M M 6 22 30
18 48 25 37 -11 28 0 0.00 M M 8.0 18 40 M M 3 25 10
19 58 20 39 -9 26 0 0.00 M M 14.6 35 220 M M 0 50 210
20 67 38 53 5 12 0 0.00 M M 20.6 32 230 M M 0 43 220
21 71 39 55 6 10 0 0.00 M M 18.1 33 220 M M 3 47 230
22 78 42 60 11 5 0 0.00 M M 20.7 46 210 M M 0 8 62 220
23 61 40 51 2 14 0 0.23 M M 8.7 22 150 M M 3 18 36 170
24 58 30 44 -6 21 0 T M M 7.9 16 360 M M 1 1 23 80
25 57 28 43 -7 22 0 0.00 M M 10.8 29 290 M M 0 38 290
26 53 29 41 -9 24 0 0.00 M M 11.2 20 110 M M 6 31 190
27 62 28 45 -5 20 0 0.00 M M 14.8 39 10 M M 2 8 50 320
28 53 16 35 -16 30 0 0.00 M M 12.1 24 200 M M 0 34 170
29 77 27 52 1 13 0 0.00 M M 15.8 29 220 M M 0 36 210
30 80 43 62 11 3 0 0.00 M M 23.8 47 210 M M 0 8 62 220
31 67 36 52 1 13 0 0.00 M M 21.5 41 270 M M 1 8 57 300
================================================================================
SM 1917 975 561 0 0.38 M 438.6 M 67
================================================================================
AV 61.8 31.5 14.1 FASTST M M 2 MAX(MPH)
MISC ----> 47 210 # 62 220
================================================================================
NOTES:
# LAST OF SEVERAL OCCURRENCES
COLUMN 17 PEAK WIND IN M.P.H.
PRELIMINARY LOCAL CLIMATOLOGICAL DATA (WS FORM: F-6) , PAGE 2
STATION: DALHART
MONTH: MARCH
YEAR: 2023
LATITUDE: 36 1 N
LONGITUDE: 102 33 W
[TEMPERATURE DATA] [PRECIPITATION DATA] SYMBOLS USED IN COLUMN 16
AVERAGE MONTHLY: 46.6 TOTAL FOR MONTH: 0.38 1 = FOG OR MIST
DPTR FM NORMAL: -0.6 DPTR FM NORMAL: -0.55 2 = FOG REDUCING VISIBILITY
HIGHEST: 80 ON 30,15 GRTST 24HR 0.23 ON 23-23 TO 1/4 MILE OR LESS
LOWEST: 16 ON 28 3 = THUNDER
SNOW, ICE PELLETS, HAIL 4 = ICE PELLETS
TOTAL MONTH: M 5 = HAIL
GRTST 24HR M ON M 6 = FREEZING RAIN OR DRIZZLE
GRTST DEPTH: M ON M 7 = DUSTSTORM OR SANDSTORM:
VSBY 1/2 MILE OR LESS
8 = SMOKE OR HAZE
[NO. OF DAYS WITH] [WEATHER - DAYS WITH] 9 = BLOWING SNOW
X = TORNADO
MAX 32 OR BELOW: 0 0.01 INCH OR MORE: 2
MAX 90 OR ABOVE: 0 0.10 INCH OR MORE: 2
MIN 32 OR BELOW: 19 0.50 INCH OR MORE: 0
MIN 0 OR BELOW: 0 1.00 INCH OR MORE: 0
[HDD (BASE 65) ]
TOTAL THIS MO. 561 CLEAR (SCALE 0-3) 21
DPTR FM NORMAL 8 PTCLDY (SCALE 4-7) 10
TOTAL FM JUL 1 3955 CLOUDY (SCALE 8-10) 0
DPTR FM NORMAL 2
[CDD (BASE 65) ]
TOTAL THIS MO. 0
DPTR FM NORMAL -1 [PRESSURE DATA]
TOTAL FM JAN 1 0 HIGHEST SLP M ON M
DPTR FM NORMAL -1 LOWEST SLP 29.38 ON 30
[REMARKS]
#FINAL-03-23#