000
CXUS54 KAMA 010810
CF6DHT
PRELIMINARY LOCAL CLIMATOLOGICAL DATA (WS FORM: F-6)
STATION: DALHART
MONTH: FEBRUARY
YEAR: 2024
LATITUDE: 36 1 N
LONGITUDE: 102 33 W
TEMPERATURE IN F: :PCPN: SNOW: WIND :SUNSHINE: SKY :PK WND
================================================================================
1 2 3 4 5 6A 6B 7 8 9 10 11 12 13 14 15 16 17 18
12Z AVG MX 2MIN
DY MAX MIN AVG DEP HDD CDD WTR SNW DPTH SPD SPD DIR MIN PSBL S-S WX SPD DR
================================================================================
1 70 31 51 13 14 0 0.00 M M 8.2 21 280 M M 0 27 270
2 59 28 44 6 21 0 0.03 M M 7.7 18 180 M M 5 3 24 200
3 49 29 39 1 26 0 T M M 8.5 17 340 M M 7 12 24 340
4 48 31 40 2 25 0 0.00 M M 15.5 31 360 M M 5 39 360
5 58 34 46 8 19 0 0.00 M M 8.6 15 190 M M 4 18 230
6 M M M M M M M M M M M M M M M M M
7 57 37 47 9 18 0 T M M 15.8 32 210 M M 0 41 220
8 63 34 49 11 16 0 0.00 M M 17.0 31 260 M M 0 43 270
9 57 25 41 3 24 0 0.00 M M 14.6 30 250 M M 0 42 270
10 42 24 33 -6 32 0 0.09 M M 12.8 22 50 M M 8 1 28 40
11 34 20 27 -12 38 0 0.03 M M 17.3 29 10 M M 8 1 36 20
12 49 18 34 -5 31 0 0.00 M M 8.8 14 310 M M 0 8 19 320
13 60 20 40 1 25 0 0.00 M M 5.8 15 60 M M 0 20 70
14 65 21 43 4 22 0 0.00 M M 10.5 28 260 M M 0 38 250
15 63 24 44 5 21 0 0.00 M M 9.4 22 210 M M 0 30 200
16 44 25 35 -5 30 0 0.00 M M 14.7 30 10 M M 8 40 10
17 35 19 27 -13 38 0 T M M 9.3 18 70 M M 7 1 23 70
18 57 17 37 -3 28 0 0.00 M M 9.6 23 210 M M 0 31 230
19 68 23 46 6 19 0 0.00 M M 9.6 18 140 M M 0 29 360
20 77 21 49 9 16 0 0.00 M M 8.4 18 230 M M 0 26 250
21 78 33 56 16 9 0 0.00 M M 12.8 25 230 M M 0 34 230
22 63 35 49 8 16 0 0.00 M M 13.4 24 360 M M 2 30 30
23 63 30 47 6 18 0 0.00 M M 7.9 18 270 M M 3 31 260
24 72 23 48 7 17 0 0.00 M M 8.5 24 220 M M 0 33 210
25 79 30 55 13 10 0 0.00 M M 11.1 22 320 M M 0 8 30 300
26 79 38 59 17 6 0 0.00 M M 16.0 37 260 M M 1 8 51 250
27 74 28 51 9 14 0 0.00 M M 23.2 45 250 M M 1 8 68 250
28 50 15 33 -9 32 0 0.00 M M 9.7 21 210 M M 1 27 200
29 40 24 32 -10 33 0 T M M 15.0 28 200 M M 6 12 36 180
================================================================================
SM 1653 737 618 0 0.15 M 329.7 M 66
================================================================================
AV 59.0 26.3 11.8 FASTST M M 2 MAX(MPH)
MISC ----> 45 250 68 250
================================================================================
NOTES:
# LAST OF SEVERAL OCCURRENCES
COLUMN 17 PEAK WIND IN M.P.H.
PRELIMINARY LOCAL CLIMATOLOGICAL DATA (WS FORM: F-6) , PAGE 2
STATION: DALHART
MONTH: FEBRUARY
YEAR: 2024
LATITUDE: 36 1 N
LONGITUDE: 102 33 W
[TEMPERATURE DATA] [PRECIPITATION DATA] SYMBOLS USED IN COLUMN 16
AVERAGE MONTHLY: 42.7 TOTAL FOR MONTH: 0.15 1 = FOG OR MIST
DPTR FM NORMAL: 3.2 DPTR FM NORMAL: -0.20 2 = FOG REDUCING VISIBILITY
HIGHEST: 79 ON 26,25 GRTST 24HR 0.12 ON 10-11 TO 1/4 MILE OR LESS
LOWEST: 15 ON 28 3 = THUNDER
SNOW, ICE PELLETS, HAIL 4 = ICE PELLETS
TOTAL MONTH: M 5 = HAIL
GRTST 24HR M ON M 6 = FREEZING RAIN OR DRIZZLE
GRTST DEPTH: M ON M 7 = DUSTSTORM OR SANDSTORM:
VSBY 1/2 MILE OR LESS
8 = SMOKE OR HAZE
[NO. OF DAYS WITH] [WEATHER - DAYS WITH] 9 = BLOWING SNOW
X = TORNADO
MAX 32 OR BELOW: 0 0.01 INCH OR MORE: 3
MAX 90 OR ABOVE: 0 0.10 INCH OR MORE: 0
MIN 32 OR BELOW: 22 0.50 INCH OR MORE: 0
MIN 0 OR BELOW: 0 1.00 INCH OR MORE: 0
[HDD (BASE 65) ]
TOTAL THIS MO. 618 CLEAR (SCALE 0-3) 18
DPTR FM NORMAL -96 PTCLDY (SCALE 4-7) 9
TOTAL FM JUL 1 3162 CLOUDY (SCALE 8-10) 2
DPTR FM NORMAL -284
[CDD (BASE 65) ]
TOTAL THIS MO. 0
DPTR FM NORMAL 0 [PRESSURE DATA]
TOTAL FM JAN 1 0 HIGHEST SLP M ON M
DPTR FM NORMAL 0 LOWEST SLP 29.33 ON 3
[REMARKS]
#FINAL-02-24#