000
CXUS53 KDLH 010920
CF6DLH
PRELIMINARY LOCAL CLIMATOLOGICAL DATA (WS FORM: F-6)
STATION: DULUTH
MONTH: NOVEMBER
YEAR: 2022
LATITUDE: 46 49 N
LONGITUDE: 92 11 W
TEMPERATURE IN F: :PCPN: SNOW: WIND :SUNSHINE: SKY :PK WND
================================================================================
1 2 3 4 5 6A 6B 7 8 9 10 11 12 13 14 15 16 17 18
12Z AVG MX 2MIN
DY MAX MIN AVG DEP HDD CDD WTR SNW DPTH SPD SPD DIR MIN PSBL S-S WX SPD DR
================================================================================
1 68 36 52 15 13 0 0.00 0.0 0 6.9 16 90 M M 1 21 100
2 71 43 57 21 8 0 0.00 0.0 0 13.8 24 200 M M 1 35 210
3 64 40 52 16 13 0 0.03 0.0 0 12.9 21 210 M M 5 18 29 340
4 43 28 36 1 29 0 T 0.0 0 9.8 21 330 M M 5 1 32 320
5 39 29 34 -1 31 0 T 0.0 0 10.6 22 60 M M 9 1 30 70
6 47 31 39 5 26 0 0.10 T 0 18.8 37 250 M M 8 1 50 220
7 39 30 35 1 30 0 0.00 0.0 0 13.1 31 270 M M 7 41 280
8 45 36 41 7 24 0 0.21 0.0 0 15.5 25 110 M M 10 1 34 100
9 45 42 44 11 21 0 0.59 0.0 0 7.6 15 70 M M 10 12 22 60
10 43 29 36 4 29 0 1.87 0.4 T 19.4 39 90 M M 10 135 54 110
11 31 24 28 -4 37 0 0.02 0.2 T 12.2 22 240 M M 9 168 29 320
12 27 20 24 -8 41 0 T 0.3 T 10.6 20 10 M M 8 8 28 360
13 27 20 24 -7 41 0 T T T 2.9 9 10 M M 9 12 360
14 27 22 25 -5 40 0 0.21 3.1 T 7.8 14 110 M M 10 18 18 100
15 31 27 29 -1 36 0 0.18 3.1 5 6.4 12 110 M M 10 1 15 110
16 30 19 25 -5 40 0 0.10 1.2 5 6.5 13 280 M M 10 18 16 280
17 22 17 20 -9 45 0 0.04 0.8 5 10.3 16 310 M M 9 189 26 320
18 19 12 16 -12 49 0 0.02 0.7 4 14.1 25 240 M M 8 18 36 230
19 16 6 11 -17 54 0 0.01 0.3 4 14.7 25 310 M M 8 89 36 310
20 26 5 16 -12 49 0 T T 4 9.5 15 240 M M 4 20 250
21 25 17 21 -6 44 0 T T 4 9.3 20 340 M M 6 31 320
22 32 20 26 -1 39 0 0.01 0.1 4 8.0 13 240 M M 7 18 19 260
23 42 16 29 3 36 0 0.00 0.0 4 6.7 15 200 M M 0 128 19 200
24 38 28 33 7 32 0 0.01 0.0 3 8.9 16 310 M M 3 128 22 320
25 42 25 34 9 31 0 0.00 0.0 3 11.6 21 240 M M 0 18 28 240
26 50 33 42 17 23 0 0.00 0.0 2 12.4 21 240 M M 1 29 230
27 37 21 29 5 36 0 0.00 0.0 2 6.2 15 340 M M 4 1 25 340
28 33 21 27 3 38 0 0.03 0.5 2 9.5 18 120 M M 7 1 26 130
29 30 19 25 2 40 0 0.20 2.2 3 10.0 22 320 M M 9 128 33 300
30 22 5 14 -9 51 0 T T 4 19.1 32 290 M M 7 89 46 280
================================================================================
SM 1111 721 1026 0 3.63 12.9 325.1 M 195
================================================================================
AV 37.0 24.0 10.8 FASTST M M 7 MAX(MPH)
MISC ----> 39 90 54 110
================================================================================
NOTES:
# LAST OF SEVERAL OCCURRENCES
COLUMN 17 PEAK WIND IN M.P.H.
PRELIMINARY LOCAL CLIMATOLOGICAL DATA (WS FORM: F-6) , PAGE 2
STATION: DULUTH
MONTH: NOVEMBER
YEAR: 2022
LATITUDE: 46 49 N
LONGITUDE: 92 11 W
[TEMPERATURE DATA] [PRECIPITATION DATA] SYMBOLS USED IN COLUMN 16
AVERAGE MONTHLY: 30.5 TOTAL FOR MONTH: 3.63 1 = FOG OR MIST
DPTR FM NORMAL: 0.7 DPTR FM NORMAL: 1.67 2 = FOG REDUCING VISIBILITY
HIGHEST: 71 ON 2 GRTST 24HR 2.21 ON 9-10 TO 1/4 MILE OR LESS
LOWEST: 5 ON 30,20 3 = THUNDER
SNOW, ICE PELLETS, HAIL 4 = ICE PELLETS
TOTAL MONTH: 12.9 INCHES 5 = HAIL
GRTST 24HR 3.1 ON 14-14 6 = FREEZING RAIN OR DRIZZLE
GRTST DEPTH: 5 ON 17,16 7 = DUSTSTORM OR SANDSTORM:
VSBY 1/2 MILE OR LESS
8 = SMOKE OR HAZE
[NO. OF DAYS WITH] [WEATHER - DAYS WITH] 9 = BLOWING SNOW
X = TORNADO
MAX 32 OR BELOW: 14 0.01 INCH OR MORE: 16
MAX 90 OR ABOVE: 0 0.10 INCH OR MORE: 8
MIN 32 OR BELOW: 24 0.50 INCH OR MORE: 2
MIN 0 OR BELOW: 0 1.00 INCH OR MORE: 1
[HDD (BASE 65) ]
TOTAL THIS MO. 1026 CLEAR (SCALE 0-3) 6
DPTR FM NORMAL -30 PTCLDY (SCALE 4-7) 11
TOTAL FM JUL 1 1888 CLOUDY (SCALE 8-10) 13
DPTR FM NORMAL -183
[CDD (BASE 65) ]
TOTAL THIS MO. 0
DPTR FM NORMAL 0 [PRESSURE DATA]
TOTAL FM JAN 1 239 HIGHEST SLP 30.68 ON 8
DPTR FM NORMAL -16 LOWEST SLP 29.38 ON 5
[REMARKS]
#FINAL-11-22#