000
CXUS51 KLWX 010915
CF6DMH
PRELIMINARY LOCAL CLIMATOLOGICAL DATA (WS FORM: F-6)
STATION: BALTIMORE INNER HARBOR
MONTH: FEBRUARY
YEAR: 2023
LATITUDE: 39 16 N
LONGITUDE: 76 37 W
TEMPERATURE IN F: :PCPN: SNOW: WIND :SUNSHINE: SKY :PK WND
================================================================================
1 2 3 4 5 6A 6B 7 8 9 10 11 12 13 14 15 16 17 18
12Z AVG MX 2MIN
DY MAX MIN AVG DEP HDD CDD WTR SNW DPTH SPD SPD DIR MIN PSBL S-S WX SPD DR
================================================================================
1 41 34 38 2 27 0 0.00 M M M M M M M 0 M M
2 43 33 38 1 27 0 0.00 M M M M M M M 0 M M
3 40 19 30 -7 35 0 0.00 M M M M M M M M M M
4 32 17 25 -12 40 0 0.00 M M M M M M M M M M
5 56 30 43 6 22 0 0.00 M M M M M M M M M M
6 54 39 47 10 18 0 0.00 M M M M M M M 0 M M
7 46 32 39 2 26 0 0.00 M M M M M M M 0 M M
8 65 44 55 18 10 0 0.01 M M M M M M M 0 M M
9 62 44 53 16 12 0 0.00 M M M M M M M 0 M M
10 62 48 55 17 10 0 0.00 M M M M M M M 0 M M
11 51 41 46 8 19 0 0.00 M M M M M M M 0 M M
12 45 40 43 5 22 0 0.61 M M M M M M M 0 M M
13 59 41 50 12 15 0 0.00 M M M M M M M 0 M M
14 60 40 50 12 15 0 0.00 M M M M M M M 0 M M
15 71 48 60 22 5 0 0.01 M M M M M M M 0 M M
16 61 51 56 17 9 0 0.41 M M M M M M M 0 M M
17 64 36 50 11 15 0 0.58 M M M M M M M 0 M M
18 47 29 38 -1 27 0 0.00 M M M M M M M 0 M M
19 57 38 48 9 17 0 0.00 M M M M M M M 0 M M
20 66 45 56 17 9 0 0.01 M M M M M M M 0 M M
21 63 46 55 15 10 0 0.04 M M M M M M M 0 M M
22 50 43 47 7 18 0 0.11 M M M M M M M 0 M M
23 70 44 57 17 8 0 0.00 M M M M M M M 0 M M
24 65 40 53 13 12 0 0.00 M M M M M M M 0 M M
25 40 33 37 -4 28 0 0.00 M M M M M M M 0 M M
26 57 37 47 6 18 0 0.00 M M M M M M M 0 M M
27 51 39 45 4 20 0 0.30 M M M M M M M M M M
28 53 41 47 6 18 0 0.05 M M M M M M M M M M
================================================================================
SM 1531 1072 512 0 2.13 M M M 0
================================================================================
AV 54.7 38.3 M FASTST M M 0 MAX(MPH)
MISC ----> M M M M
================================================================================
NOTES:
# LAST OF SEVERAL OCCURRENCES
COLUMN 17 PEAK WIND IN M.P.H.
PRELIMINARY LOCAL CLIMATOLOGICAL DATA (WS FORM: F-6) , PAGE 2
STATION: BALTIMORE INNER HARBOR
MONTH: FEBRUARY
YEAR: 2023
LATITUDE: 39 16 N
LONGITUDE: 76 37 W
[TEMPERATURE DATA] [PRECIPITATION DATA] SYMBOLS USED IN COLUMN 16
AVERAGE MONTHLY: 46.5 TOTAL FOR MONTH: 2.13 1 = FOG OR MIST
DPTR FM NORMAL: 7.9 DPTR FM NORMAL: -0.47 2 = FOG REDUCING VISIBILITY
HIGHEST: 71 ON 15 GRTST 24HR 0.99 ON 16-17 TO 1/4 MILE OR LESS
LOWEST: 17 ON 4 3 = THUNDER
SNOW, ICE PELLETS, HAIL 4 = ICE PELLETS
TOTAL MONTH: M 5 = HAIL
GRTST 24HR M ON M 6 = FREEZING RAIN OR DRIZZLE
GRTST DEPTH: M ON M 7 = DUSTSTORM OR SANDSTORM:
VSBY 1/2 MILE OR LESS
8 = SMOKE OR HAZE
[NO. OF DAYS WITH] [WEATHER - DAYS WITH] 9 = BLOWING SNOW
X = TORNADO
MAX 32 OR BELOW: 1 0.01 INCH OR MORE: 10
MAX 90 OR ABOVE: 0 0.10 INCH OR MORE: 5
MIN 32 OR BELOW: 5 0.50 INCH OR MORE: 2
MIN 0 OR BELOW: 0 1.00 INCH OR MORE: 0
[HDD (BASE 65) ]
TOTAL THIS MO. 512 CLEAR (SCALE 0-3) 23
DPTR FM NORMAL -228 PTCLDY (SCALE 4-7) 0
TOTAL FM JUL 1 2108 CLOUDY (SCALE 8-10) 5
DPTR FM NORMAL -981
[CDD (BASE 65) ]
TOTAL THIS MO. 0
DPTR FM NORMAL 0 [PRESSURE DATA]
TOTAL FM JAN 1 0 HIGHEST SLP 30.70 ON 4
DPTR FM NORMAL 0 LOWEST SLP 29.50 ON 28
[REMARKS]
#FINAL-02-23#