000
CXUS54 KEPZ 221307
CF6DMN
PRELIMINARY LOCAL CLIMATOLOGICAL DATA (WS FORM: F-6)
STATION: DEMING
MONTH: JULY
YEAR: 2022
LATITUDE: 32 15 N
LONGITUDE: 107 42 W
TEMPERATURE IN F: :PCPN: SNOW: WIND :SUNSHINE: SKY :PK WND
================================================================================
1 2 3 4 5 6A 6B 7 8 9 10 11 12 13 14 15 16 17 18
12Z AVG MX 2MIN
DY MAX MIN AVG DEP HDD CDD WTR SNW DPTH SPD SPD DIR MIN PSBL S-S WX SPD DR
================================================================================
1 96 68 82 1 0 17 0.19 M M 8.6 32 350 M M 4 38 44 350
2 94 68 81 0 0 16 0.00 M M 4.5 15 330 M M 2 20 330
3 94 70 82 1 0 17 0.00 M M 6.2 23 320 M M 2 3 30 330
4 95 67 81 -1 0 16 0.13 M M 6.7 23 150 M M 2 3 32 140
5 94 66 80 -2 0 15 T M M 4.7 28 280 M M 1 38 42 270
6 96 70 83 1 0 18 T M M 7.5 18 290 M M 2 24 280
7 99 72 86 4 0 21 0.00 M M 6.9 22 180 M M 1 32 180
8 97 69 83 1 0 18 0.00 M M 6.3 17 110 M M 0 3 26 120
9 96 71 84 2 0 19 T M M 9.3 23 150 M M 3 3 36 150
10 98 67 83 1 0 18 T M M 6.4 22 320 M M 2 32 320
11 99 69 84 2 0 19 0.00 M M 7.6 24 310 M M 0 33 320
12 99 73 86 4 0 21 0.00 M M 9.7 24 50 M M 1 3 36 190
13 99 79 89 7 0 24 0.00 M M 11.2 22 10 M M 2 8 31 20
14 99 73 86 4 0 21 0.00 M M 8.5 17 140 M M 1 25 130
15 101 69 85 3 0 20 0.00 M M 6.7 15 130 M M 0 24 120
16 101 73 87 5 0 22 0.00 M M 6.5 16 130 M M 0 23 90
17 102 70 86 4 0 21 0.00 M M 8.1 20 100 M M 0 31 80
18 102 70 86 4 0 21 0.00 M M 4.3 14 100 M M 0 20 130
19 107 70 89 7 0 24 0.00 M M 6.4 26 300 M M 0 8 37 310
20 103 76 90 9 0 25 T M M 10.6 23 30 M M 0 8 37 30
21 104 74 89 8 0 24 T M M 9.6 32 310 M M 2 38 46 290
22 102 70 86 5 0 21 0.02 M M 7.5 18 360 M M 2 3 30 20
23 98 67 83 2 0 18 0.01 M M 7.4 30 190 M M 1 38 45 200
24 97 69 83 2 0 18 0.29 M M 8.7 24 110 M M 2 38 37 120
25 91 68 80 -1 0 15 0.00 M M 8.3 18 270 M M 1 30 220
26 91 66 79 -2 0 14 T M M 10.1 21 210 M M 1 3 30 190
27 90 67 79 -2 0 14 0.05 M M 6.8 21 260 M M 3 3 29 250
28 92 66 79 -2 0 14 0.59 M M 5.2 25 90 M M 4 13 35 90
29 90 66 78 -3 0 13 0.08 M M 8.0 21 130 M M 2 3 29 160
30 94 67 81 0 0 16 0.07 M M 8.5 23 30 M M 2 3 33 30
31 96 67 82 1 0 17 T M M 7.0 22 50 M M 2 3 29 50
================================================================================
SM 3016 2157 0 577 1.43 M 233.8 M 45
================================================================================
AV 97.3 69.6 7.5 FASTST M M 1 MAX(MPH)
MISC ----> # 32 350 46 290
================================================================================
NOTES:
# LAST OF SEVERAL OCCURRENCES
COLUMN 17 PEAK WIND IN M.P.H.
PRELIMINARY LOCAL CLIMATOLOGICAL DATA (WS FORM: F-6) , PAGE 2
STATION: DEMING
MONTH: JULY
YEAR: 2022
LATITUDE: 32 15 N
LONGITUDE: 107 42 W
[TEMPERATURE DATA] [PRECIPITATION DATA] SYMBOLS USED IN COLUMN 16
AVERAGE MONTHLY: 83.4 TOTAL FOR MONTH: 1.43 1 = FOG OR MIST
DPTR FM NORMAL: 2.0 DPTR FM NORMAL: -0.48 2 = FOG REDUCING VISIBILITY
HIGHEST: 107 ON 19 GRTST 24HR 0.62 ON 28-29 TO 1/4 MILE OR LESS
LOWEST: 66 ON 29,28 3 = THUNDER
SNOW, ICE PELLETS, HAIL 4 = ICE PELLETS
TOTAL MONTH: M 5 = HAIL
GRTST 24HR M ON M 6 = FREEZING RAIN OR DRIZZLE
GRTST DEPTH: M ON M 7 = DUSTSTORM OR SANDSTORM:
VSBY 1/2 MILE OR LESS
8 = SMOKE OR HAZE
[NO. OF DAYS WITH] [WEATHER - DAYS WITH] 9 = BLOWING SNOW
X = TORNADO
MAX 32 OR BELOW: 0 0.01 INCH OR MORE: 9
MAX 90 OR ABOVE: 31 0.10 INCH OR MORE: 4
MIN 32 OR BELOW: 0 0.50 INCH OR MORE: 1
MIN 0 OR BELOW: 0 1.00 INCH OR MORE: 0
[HDD (BASE 65) ]
TOTAL THIS MO. 0 CLEAR (SCALE 0-3) 29
DPTR FM NORMAL 0 PTCLDY (SCALE 4-7) 2
TOTAL FM JUL 1 0 CLOUDY (SCALE 8-10) 0
DPTR FM NORMAL 0
[CDD (BASE 65) ]
TOTAL THIS MO. 577
DPTR FM NORMAL 69 [PRESSURE DATA]
TOTAL FM JAN 1 1295 HIGHEST SLP 30.06 ON 9
DPTR FM NORMAL 215 LOWEST SLP 29.67 ON 21
[REMARKS]
#FINAL-07-22#