000
CXUS53 KEAX 010836
CF6DMO
PRELIMINARY LOCAL CLIMATOLOGICAL DATA (WS FORM: F-6)
STATION: SEDALIA MO
MONTH: NOVEMBER
YEAR: 2022
LATITUDE: 38 42 N
LONGITUDE: 93 6 W
TEMPERATURE IN F: :PCPN: SNOW: WIND :SUNSHINE: SKY :PK WND
================================================================================
1 2 3 4 5 6A 6B 7 8 9 10 11 12 13 14 15 16 17 18
12Z AVG MX 2MIN
DY MAX MIN AVG DEP HDD CDD WTR SNW DPTH SPD SPD DIR MIN PSBL S-S WX SPD DR
================================================================================
1 77 43 60 10 5 0 0.00 M M 6.6 13 200 M M 0 16 190
2 76 52 64 14 1 0 0.00 M M 10.5 18 190 M M 0 28 180
3 79 59 69 20 0 4 0.00 M M 16.3 28 200 M M 1 38 190
4 79 48 64 15 1 0 0.50 M M 14.6 29 180 M M 9 1 41 180
5 56 40 48 0 17 0 0.01 M M 17.2 30 220 M M 5 1 46 220
6 68 45 57 9 8 0 0.00 M M 9.2 17 190 M M 0 23 190
7 60 43 52 4 13 0 0.00 M M 10.3 20 70 M M 2 30 80
8 66 45 56 9 9 0 T M M 8.6 15 110 M M 6 19 110
9 80 57 69 22 0 4 0.00 M M 12.4 21 200 M M 1 30 220
10 78 42 60 14 5 0 0.05 M M 16.5 25 350 M M 4 1 34 180
11 42 28 35 -11 30 0 0.36 M M 14.3 23 340 M M 4 1 30 340
12 29 25 27 -19 38 0 0.00 M M 11.0 20 340 M M 9 27 330
13 40 19 30 -15 35 0 0.00 M M 4.5 12 110 M M 0 15 100
14 43 24 34 -11 31 0 0.09 M M 5.7 15 160 M M 5 1 18 160
15 37 28 33 -11 32 0 0.07 M M 7.8 21 310 M M 9 1 33 320
16 34 22 28 -16 37 0 0.00 M M 10.7 22 310 M M 3 31 290
17 43 21 32 -12 33 0 0.00 M M 9.4 21 320 M M 4 28 320
18 29 18 24 -19 41 0 0.00 M M 11.0 21 300 M M 0 29 290
19 36 19 28 -15 37 0 0.00 M M 11.9 23 320 M M 1 32 290
20 45 19 32 -10 33 0 0.00 M M 10.8 17 210 M M 0 24 190
21 57 34 46 4 19 0 0.00 M M 12.6 23 210 M M 0 33 210
22 61 38 50 8 15 0 0.00 M M 10.0 17 220 M M 0 25 220
23 60 38 49 8 16 0 0.03 M M 8.0 18 210 M M 4 26 200
24 57 38 48 7 17 0 0.00 M M 5.9 14 330 M M 8 1 20 170
25 55 31 43 2 22 0 0.00 M M 4.2 10 360 M M 0 8 14 360
26 56 29 43 3 22 0 1.71 M M 6.5 14 340 M M 3 1 19 40
27 46 36 41 1 24 0 0.34 M M 10.5 22 350 M M 8 1 30 320
28 56 31 44 4 21 0 0.00 M M 9.6 16 160 M M 0 1 24 150
29 66 27 47 8 18 0 0.00 M M 18.7 30 220 M M 5 45 240
30 37 23 30 -9 35 0 0.00 M M 9.5 20 300 M M 0 27 310
================================================================================
SM 1648 1022 615 8 3.16 M 314.8 M 91
================================================================================
AV 54.9 34.1 10.5 FASTST M M 3 MAX(MPH)
MISC ----> # 30 220 46 220
================================================================================
NOTES:
# LAST OF SEVERAL OCCURRENCES
COLUMN 17 PEAK WIND IN M.P.H.
PRELIMINARY LOCAL CLIMATOLOGICAL DATA (WS FORM: F-6) , PAGE 2
STATION: SEDALIA MO
MONTH: NOVEMBER
YEAR: 2022
LATITUDE: 38 42 N
LONGITUDE: 93 6 W
[TEMPERATURE DATA] [PRECIPITATION DATA] SYMBOLS USED IN COLUMN 16
AVERAGE MONTHLY: 44.5 TOTAL FOR MONTH: 3.16 1 = FOG OR MIST
DPTR FM NORMAL: 0.1 DPTR FM NORMAL: 0.71 2 = FOG REDUCING VISIBILITY
HIGHEST: 80 ON 9 GRTST 24HR 2.05 ON 26-27 TO 1/4 MILE OR LESS
LOWEST: 18 ON 18 3 = THUNDER
SNOW, ICE PELLETS, HAIL 4 = ICE PELLETS
TOTAL MONTH: M 5 = HAIL
GRTST 24HR M ON M 6 = FREEZING RAIN OR DRIZZLE
GRTST DEPTH: M ON M 7 = DUSTSTORM OR SANDSTORM:
VSBY 1/2 MILE OR LESS
8 = SMOKE OR HAZE
[NO. OF DAYS WITH] [WEATHER - DAYS WITH] 9 = BLOWING SNOW
X = TORNADO
MAX 32 OR BELOW: 2 0.01 INCH OR MORE: 9
MAX 90 OR ABOVE: 0 0.10 INCH OR MORE: 4
MIN 32 OR BELOW: 15 0.50 INCH OR MORE: 2
MIN 0 OR BELOW: 0 1.00 INCH OR MORE: 1
[HDD (BASE 65) ]
TOTAL THIS MO. 615 CLEAR (SCALE 0-3) 16
DPTR FM NORMAL -6 PTCLDY (SCALE 4-7) 11
TOTAL FM JUL 1 897 CLOUDY (SCALE 8-10) 3
DPTR FM NORMAL -78
[CDD (BASE 65) ]
TOTAL THIS MO. 8
DPTR FM NORMAL 6 [PRESSURE DATA]
TOTAL FM JAN 1 1680 HIGHEST SLP 30.51 ON 18
DPTR FM NORMAL 414 LOWEST SLP 29.45 ON 27
[REMARKS]
#FINAL-11-22#