000
CXUS55 KVEF 282059
CF6DRA
PRELIMINARY LOCAL CLIMATOLOGICAL DATA (WS FORM: F-6)
STATION: DESERT ROCK-MERCURY NV
MONTH: JUNE
YEAR: 2023
LATITUDE: 36 37 N
LONGITUDE: 116 1 W
TEMPERATURE IN F: :PCPN: SNOW: WIND :SUNSHINE: SKY :PK WND
================================================================================
1 2 3 4 5 6A 6B 7 8 9 10 11 12 13 14 15 16 17 18
12Z AVG MX 2MIN
DY MAX MIN AVG DEP HDD CDD WTR SNW DPTH SPD SPD DIR MIN PSBL S-S WX SPD DR
================================================================================
1 88 58 73 -2 0 8 0.00 0.0 0 10.0 17 220 M M 0 31 240
2 89 66 78 3 0 13 0.00 0.0 0 8.3 16 240 M M 1 27 230
3 92 66 79 3 0 14 0.00 0.0 0 8.0 15 30 M M 0 22 230
4 94 70 82 6 0 17 0.00 0.0 0 8.6 22 230 M M 0 45 160
5 93 67 80 4 0 15 0.00 0.0 0 10.4 22 190 M M 0 46 120
6 89 56 73 -4 0 8 0.00 0.0 0 8.9 17 250 M M 0 31 200
7 74 60 67 -10 0 2 0.04 0.0 0 8.2 17 230 M M 4 M M
8 83 54 69 -8 0 4 0.00 0.0 0 8.1 17 220 M M 2 27 210
9 88 60 74 -4 0 9 0.00 0.0 0 7.5 18 270 M M 1 26 230
10 90 64 77 -1 0 12 0.00 0.0 0 9.8 22 170 M M 1 31 190
11 82 63 73 -5 0 8 0.00 0.0 0 9.5 24 230 M M 1 43 210
12 83 59 71 -7 0 6 0.00 0.0 0 8.1 23 110 M M 1 31 110
13 88 57 73 -6 0 8 0.00 0.0 0 6.3 13 260 M M 0 22 260
14 89 62 76 -3 0 11 0.01 0.0 0 8.4 28 130 M M 2 37 290
15 93 65 79 -1 0 14 0.11 0.0 0 8.8 27 140 M M 3 3 41 140
16 83 64 74 -6 0 9 0.00 0.0 0 13.3 22 110 M M 2 37 110
17 94 61 78 -2 0 13 0.00 0.0 0 8.2 20 230 M M 0 30 220
18 96 76 86 6 0 21 0.00 0.0 0 18.7 29 200 M M 0 46 180
19 90 71 81 0 0 16 0.00 0.0 0 22.9 35 200 M M 0 58 200
20 85 63 74 -7 0 9 0.00 0.0 0 12.4 22 200 M M 0 39 210
21 89 54 72 -9 0 7 0.00 0.0 0 7.1 18 210 M M 0 32 230
22 88 59 74 -8 0 9 0.00 0.0 0 11.9 22 200 M M 0 41 210
23 85 60 73 -9 0 8 0.00 0.0 0 11.4 25 190 M M 0 40 190
24 92 55 74 -8 0 9 0.00 0.0 0 7.0 18 230 M M 0 31 230
25 92 60 76 -6 0 11 0.00 0.0 0 9.8 21 220 M M 0 41 200
26 91 60 76 -7 0 11 0.00 0.0 0 12.7 27 220 M M 0 38 230
27 93 58 76 -7 0 11 0.00 0.0 0 8.0 21 240 M M 0 32 240
28 93 64 79 -4 0 14 0.00 0.0 0 6.9 16 30 M M 0 21 180
29 98 71 85 1 0 20 0.00 0.0 0 8.7 17 40 M M 0 18 60
30 101 73 87 3 0 22 0.00 0.0 0 7.8 14 40 M M 0 22 100
================================================================================
SM 2685 1876 0 339 0.16 0.0 295.7 M 18
================================================================================
AV 89.5 62.5 9.9 FASTST M M 1 MAX(MPH)
MISC ----> 35 200 58 200
================================================================================
NOTES:
# LAST OF SEVERAL OCCURRENCES
COLUMN 17 PEAK WIND IN M.P.H.
PRELIMINARY LOCAL CLIMATOLOGICAL DATA (WS FORM: F-6) , PAGE 2
STATION: DESERT ROCK-MERCURY NV
MONTH: JUNE
YEAR: 2023
LATITUDE: 36 37 N
LONGITUDE: 116 1 W
[TEMPERATURE DATA] [PRECIPITATION DATA] SYMBOLS USED IN COLUMN 16
AVERAGE MONTHLY: 76.0 TOTAL FOR MONTH: 0.16 1 = FOG OR MIST
DPTR FM NORMAL: -3.6 DPTR FM NORMAL: 0.04 2 = FOG REDUCING VISIBILITY
HIGHEST: 101 ON 30 GRTST 24HR 0.11 ON 15-15 TO 1/4 MILE OR LESS
LOWEST: 54 ON 21, 8 3 = THUNDER
SNOW, ICE PELLETS, HAIL 4 = ICE PELLETS
TOTAL MONTH: 0.0 INCH 5 = HAIL
GRTST 24HR 0.0 6 = FREEZING RAIN OR DRIZZLE
GRTST DEPTH: 0 7 = DUSTSTORM OR SANDSTORM:
VSBY 1/2 MILE OR LESS
8 = SMOKE OR HAZE
[NO. OF DAYS WITH] [WEATHER - DAYS WITH] 9 = BLOWING SNOW
X = TORNADO
MAX 32 OR BELOW: 0 0.01 INCH OR MORE: 3
MAX 90 OR ABOVE: 15 0.10 INCH OR MORE: 1
MIN 32 OR BELOW: 0 0.50 INCH OR MORE: 0
MIN 0 OR BELOW: 0 1.00 INCH OR MORE: 0
[HDD (BASE 65) ]
TOTAL THIS MO. 0 CLEAR (SCALE 0-3) 28
DPTR FM NORMAL -5 PTCLDY (SCALE 4-7) 2
TOTAL FM JUL 1 3279 CLOUDY (SCALE 8-10) 0
DPTR FM NORMAL 442
[CDD (BASE 65) ]
TOTAL THIS MO. 339
DPTR FM NORMAL -102 [PRESSURE DATA]
TOTAL FM JAN 1 604 HIGHEST SLP M ON M
DPTR FM NORMAL -61 LOWEST SLP M ON M
[REMARKS]
#FINAL-06-23#