000
CXUS55 KVEF 151340
CF6DRA
PRELIMINARY LOCAL CLIMATOLOGICAL DATA (WS FORM: F-6)
STATION: DESERT ROCK-MERCURY NV
MONTH: OCTOBER
YEAR: 2020
LATITUDE: 36 37 N
LONGITUDE: 116 1 W
TEMPERATURE IN F: :PCPN: SNOW: WIND :SUNSHINE: SKY :PK WND
================================================================================
1 2 3 4 5 6A 6B 7 8 9 10 11 12 13 14 15 16 17 18
12Z AVG MX 2MIN
DY MAX MIN AVG DEP HDD CDD WTR SNW DPTH SPD SPD DIR MIN PSBL S-S WX SPD DR
================================================================================
1 99 63 81 12 0 16 0.00 0.0 0 9.5 18 30 M M 0 17 90
2 99 59 79 10 0 14 0.00 0.0 0 5.5 17 30 M M 0 21 40
3 96 59 78 10 0 13 0.00 0.0 0 6.9 16 30 M M 0 M M
4 95 52 74 6 0 9 0.00 0.0 0 5.1 15 240 M M 0 22 250
5 92 54 73 5 0 8 0.00 0.0 0 3.3 8 100 M M 0 M M
6 94 54 74 7 0 9 0.00 0.0 0 4.0 9 240 M M 0 18 220
7 92 54 73 6 0 8 0.00 0.0 0 5.2 14 250 M M 0 21 260
8 91 55 73 7 0 8 0.00 0.0 0 6.7 21 230 M M 0 32 200
9 86 53 70 4 0 5 0.00 0.0 0 5.0 15 220 M M 0 21 220
10 85 53 69 3 0 4 0.00 0.0 0 8.7 20 200 M M 0 33 240
11 87 57 72 7 0 7 0.00 0.0 0 7.6 15 220 M M 0 M M
12 87 54 71 6 0 6 0.00 0.0 0 4.5 12 220 M M 0 16 220
13 89 50 70 6 0 5 0.00 0.0 0 4.8 10 240 M M 0 18 230
14 93 51 72 8 0 7 0.00 0.0 0 5.1 16 210 M M 0 21 230
15 90 59 75 11 0 10 0.00 0.0 0 11.0 23 40 M M M 28 40
16 88 58 73 10 0 8 0.00 0.0 0 9.2 21 30 M M 0 30 40
17 87 51 69 6 0 4 0.00 0.0 0 6.0 12 230 M M 0 M M
18 89 51 70 8 0 5 0.00 0.0 0 4.9 13 200 M M 0 M M
19 88 52 70 8 0 5 0.00 0.0 0 5.4 13 220 M M 0 M M
20 87 52 70 8 0 5 0.00 0.0 0 4.7 17 20 M M 0 M M
21 85 48 67 6 0 2 0.00 0.0 0 4.9 13 220 M M 0 M M
22 83 50 67 6 0 2 0.00 0.0 0 5.3 10 250 M M 0 21 260
23 78 51 65 5 0 0 0.00 0.0 0 9.9 21 30 M M 0 28 40
24 77 48 63 3 2 0 0.00 0.0 0 5.6 13 230 M M 0 22 240
25 73 39 56 -4 9 0 0.00 0.0 0 15.3 28 20 M M 1 44 20
26 59 34 47 -12 18 0 0.00 0.0 0 18.2 25 40 M M 0 40 40
27 66 43 55 -4 10 0 0.00 0.0 0 12.2 21 50 M M 0 30 50
28 78 44 61 3 4 0 0.00 0.0 0 8.5 16 20 M M 0 20 360
29 77 47 62 4 3 0 0.00 0.0 0 9.2 17 40 M M 0 20 130
30 79 42 61 3 4 0 0.00 0.0 0 3.6 9 220 M M 0 M M
31 82 40 61 4 4 0 0.00 0.0 0 4.1 14 10 M M 0 M M
================================================================================
SM 2651 1577 54 160 0.00 0.0 219.9 M 1
================================================================================
AV 85.5 50.9 7.1 FASTST M M 0 MAX(MPH)
MISC ----> 28 20 44 20
================================================================================
NOTES:
# LAST OF SEVERAL OCCURRENCES
COLUMN 17 PEAK WIND IN M.P.H.
PRELIMINARY LOCAL CLIMATOLOGICAL DATA (WS FORM: F-6) , PAGE 2
STATION: DESERT ROCK-MERCURY NV
MONTH: OCTOBER
YEAR: 2020
LATITUDE: 36 37 N
LONGITUDE: 116 1 W
[TEMPERATURE DATA] [PRECIPITATION DATA] SYMBOLS USED IN COLUMN 16
AVERAGE MONTHLY: 68.2 TOTAL FOR MONTH: 0.00 1 = FOG OR MIST
DPTR FM NORMAL: 5.0 DPTR FM NORMAL: -0.38 2 = FOG REDUCING VISIBILITY
HIGHEST: 99 ON 2, 1 GRTST 24HR 0.00 ON 1- 1 TO 1/4 MILE OR LESS
LOWEST: 34 ON 26 3 = THUNDER
SNOW, ICE PELLETS, HAIL 4 = ICE PELLETS
TOTAL MONTH: 0.0 INCH 5 = HAIL
GRTST 24HR 0.0 6 = FREEZING RAIN OR DRIZZLE
GRTST DEPTH: 0 7 = DUSTSTORM OR SANDSTORM:
VSBY 1/2 MILE OR LESS
8 = SMOKE OR HAZE
[NO. OF DAYS WITH] [WEATHER - DAYS WITH] 9 = BLOWING SNOW
X = TORNADO
MAX 32 OR BELOW: 0 0.01 INCH OR MORE: 0
MAX 90 OR ABOVE: 10 0.10 INCH OR MORE: 0
MIN 32 OR BELOW: 0 0.50 INCH OR MORE: 0
MIN 0 OR BELOW: 0 1.00 INCH OR MORE: 0
[HDD (BASE 65) ]
TOTAL THIS MO. 54 CLEAR (SCALE 0-3) 30
DPTR FM NORMAL -66 PTCLDY (SCALE 4-7) 0
TOTAL FM JUL 1 54 CLOUDY (SCALE 8-10) 1
DPTR FM NORMAL -73
[CDD (BASE 65) ]
TOTAL THIS MO. 160
DPTR FM NORMAL 96 [PRESSURE DATA]
TOTAL FM JAN 1 2655 HIGHEST SLP M ON M
DPTR FM NORMAL 461 LOWEST SLP 29.80 ON 23
[REMARKS]
#FINAL-10-20#