000
CXUS55 KGJT 010910
CF6DRO
PRELIMINARY LOCAL CLIMATOLOGICAL DATA (WS FORM: F-6)
STATION: DURANGO AIRPORT CO
MONTH: JULY
YEAR: 2022
LATITUDE: 37 9 N
LONGITUDE: 107 45 W
TEMPERATURE IN F: :PCPN: SNOW: WIND :SUNSHINE: SKY :PK WND
================================================================================
1 2 3 4 5 6A 6B 7 8 9 10 11 12 13 14 15 16 17 18
12Z AVG MX 2MIN
DY MAX MIN AVG DEP HDD CDD WTR SNW DPTH SPD SPD DIR MIN PSBL S-S WX SPD DR
================================================================================
1 80 57 69 2 0 4 0.01 M M 5.7 22 350 M M 3 3 31 340
2 87 53 70 2 0 5 0.02 M M 6.1 25 130 M M 3 3 35 130
3 74 57 66 -2 0 1 0.12 M M 5.4 22 130 M M 7 1 28 130
4 86 52 69 1 0 4 0.00 M M 5.5 17 210 M M 2 24 210
5 81 57 69 1 0 4 0.00 M M 5.5 22 320 M M 3 3 28 320
6 84 51 68 -1 0 3 0.03 M M 4.9 23 270 M M 1 3 31 260
7 89 50 70 1 0 5 0.00 M M 4.7 18 250 M M 1 29 300
8 91 49 70 1 0 5 0.00 M M 4.2 17 260 M M 0 24 260
9 93 49 71 2 0 6 0.00 M M 5.8 15 170 M M 1 23 190
10 94 56 75 6 0 10 0.00 M M 5.2 22 360 M M 1 31 340
11 93 61 77 7 0 12 T M M 5.4 25 340 M M 1 3 37 320
12 89 53 71 1 0 6 0.00 M M 5.1 21 30 M M 0 3 30 10
13 90 55 73 3 0 8 0.00 M M 4.5 12 240 M M 1 17 200
14 94 56 75 5 0 10 0.01 M M 6.3 22 60 M M 4 3 28 60
15 92 62 77 7 0 12 T M M 6.3 22 200 M M 4 8 35 260
16 95 56 76 6 0 11 0.05 M M 5.1 18 340 M M 1 3 27 340
17 94 55 75 5 0 10 0.02 M M 6.3 30 130 M M 2 3 41 120
18 95 61 78 8 0 13 0.01 M M 6.3 21 310 M M 2 28 230
19 96 56 76 6 0 11 0.00 M M 6.2 25 260 M M 0 39 260
20 96 57 77 7 0 12 T M M 8.7 28 260 M M 0 35 310
21 93 58 76 6 0 11 T M M 6.5 28 280 M M 1 3 36 270
22 94 57 76 6 0 11 T M M 6.3 24 140 M M 0 3 32 140
23 96 60 78 8 0 13 0.00 M M 6.4 23 140 M M 2 3 32 150
24 89 63 76 6 0 11 T M M 6.4 22 60 M M 2 3 31 320
25 88 61 75 5 0 10 0.05 M M 4.7 22 50 M M 5 3 31 50
26 86 59 73 3 0 8 0.04 M M 4.8 20 10 M M 5 3 29 360
27 86 58 72 2 0 7 0.07 M M 3.7 21 10 M M 5 3 31 160
28 85 56 71 1 0 6 0.26 M M 5.4 23 170 M M 4 13 30 330
29 75 57 66 -4 0 1 0.49 M M 4.6 13 10 M M 8 13 18 20
30 78 58 68 -2 0 3 0.82 M M 4.0 17 250 M M 7 13 22 250
31 77 58 68 -2 0 3 0.04 M M 4.7 16 340 M M 6 3 25 330
================================================================================
SM 2740 1748 0 236 2.04 M 170.7 M 82
================================================================================
AV 88.4 56.4 5.5 FASTST M M 3 MAX(MPH)
MISC ----> 30 130 41 120
================================================================================
NOTES:
# LAST OF SEVERAL OCCURRENCES
COLUMN 17 PEAK WIND IN M.P.H.
PRELIMINARY LOCAL CLIMATOLOGICAL DATA (WS FORM: F-6) , PAGE 2
STATION: DURANGO AIRPORT CO
MONTH: JULY
YEAR: 2022
LATITUDE: 37 9 N
LONGITUDE: 107 45 W
[TEMPERATURE DATA] [PRECIPITATION DATA] SYMBOLS USED IN COLUMN 16
AVERAGE MONTHLY: 72.4 TOTAL FOR MONTH: 2.04 1 = FOG OR MIST
DPTR FM NORMAL: 2.9 DPTR FM NORMAL: 0.81 2 = FOG REDUCING VISIBILITY
HIGHEST: 96 ON 23,20 GRTST 24HR 0.86 ON 30-31 TO 1/4 MILE OR LESS
LOWEST: 49 ON 9, 8 3 = THUNDER
SNOW, ICE PELLETS, HAIL 4 = ICE PELLETS
TOTAL MONTH: M 5 = HAIL
GRTST 24HR M ON M 6 = FREEZING RAIN OR DRIZZLE
GRTST DEPTH: M ON M 7 = DUSTSTORM OR SANDSTORM:
VSBY 1/2 MILE OR LESS
8 = SMOKE OR HAZE
[NO. OF DAYS WITH] [WEATHER - DAYS WITH] 9 = BLOWING SNOW
X = TORNADO
MAX 32 OR BELOW: 0 0.01 INCH OR MORE: 15
MAX 90 OR ABOVE: 15 0.10 INCH OR MORE: 4
MIN 32 OR BELOW: 0 0.50 INCH OR MORE: 1
MIN 0 OR BELOW: 0 1.00 INCH OR MORE: 0
[HDD (BASE 65) ]
TOTAL THIS MO. 0 CLEAR (SCALE 0-3) 21
DPTR FM NORMAL -6 PTCLDY (SCALE 4-7) 10
TOTAL FM JUL 1 0 CLOUDY (SCALE 8-10) 0
DPTR FM NORMAL -2
[CDD (BASE 65) ]
TOTAL THIS MO. 236
DPTR FM NORMAL 89 [PRESSURE DATA]
TOTAL FM JAN 1 310 HIGHEST SLP M ON M
DPTR FM NORMAL 126 LOWEST SLP 29.79 ON 23
[REMARKS]
#FINAL-07-22#