000
CXUS54 KEWX 071505
CF6DRT
PRELIMINARY LOCAL CLIMATOLOGICAL DATA (WS FORM: F-6)
STATION: DEL RIO
MONTH: JANUARY
YEAR: 2023
LATITUDE: 29 22 N
LONGITUDE: 100 55 W
TEMPERATURE IN F: :PCPN: SNOW: WIND :SUNSHINE: SKY :PK WND
================================================================================
1 2 3 4 5 6A 6B 7 8 9 10 11 12 13 14 15 16 17 18
12Z AVG MX 2MIN
DY MAX MIN AVG DEP HDD CDD WTR SNW DPTH SPD SPD DIR MIN PSBL S-S WX SPD DR
================================================================================
1 87 46 67 15 0 2 0.00 0.0 0 6.5 17 120 M M 0 24 120
2 88 60 74 22 0 9 0.00 0.0 0 8.3 18 350 M M 3 18 30 320
3 75 50 63 11 2 0 0.00 0.0 0 4.1 12 310 M M 0 8 18 290
4 80 44 62 10 3 0 0.00 0.0 0 3.8 13 350 M M 0 17 300
5 79 43 61 9 4 0 0.00 0.0 0 3.9 12 280 M M 0 14 360
6 82 51 67 15 0 2 0.00 0.0 0 11.8 23 150 M M 1 18 32 140
7 79 61 70 18 0 5 0.02 0.0 0 8.2 14 360 M M 6 18 22 10
8 76 47 62 10 3 0 0.00 0.0 0 4.4 20 290 M M 1 26 290
9 76 50 63 11 2 0 0.00 0.0 0 6.6 13 160 M M 0 20 160
10 86 47 67 15 0 2 0.00 0.0 0 4.3 10 150 M M 0 14 160
11 88 51 70 18 0 5 0.00 0.0 0 4.2 13 330 M M 0 19 330
12 66 45 56 4 9 0 0.00 0.0 0 10.9 22 310 M M 0 36 290
13 69 37 53 0 12 0 0.00 0.0 0 4.8 13 170 M M 0 17 160
14 72 42 57 4 8 0 0.00 0.0 0 12.2 23 160 M M 0 30 140
15 73 48 61 8 4 0 0.00 0.0 0 8.5 16 130 M M 0 24 130
16 83 48 66 13 0 1 0.00 0.0 0 3.0 8 350 M M 1 10 340
17 85 47 66 13 0 1 0.00 0.0 0 5.2 18 160 M M 0 25 150
18 78 52 65 12 0 0 0.00 0.0 0 10.1 26 290 M M 0 37 290
19 71 44 58 5 7 0 0.00 0.0 0 5.0 13 10 M M 0 17 360
20 73 52 63 10 2 0 0.00 0.0 0 11.8 22 150 M M 3 30 140
21 75 47 61 7 4 0 0.00 0.0 0 7.3 18 120 M M 3 29 130
22 69 37 53 -1 12 0 0.00 0.0 0 5.4 13 340 M M 0 19 10
23 61 39 50 -4 15 0 0.01 0.0 0 12.5 28 120 M M 7 1 40 110
24 66 46 56 2 9 0 0.11 0.0 0 13.3 33 290 M M 5 1 55 280
25 63 36 50 -4 15 0 0.00 0.0 0 6.4 18 350 M M 0 28 360
26 61 36 49 -5 16 0 0.00 0.0 0 4.4 10 150 M M 1 16 150
27 65 39 52 -2 13 0 0.00 0.0 0 8.0 18 120 M M 0 29 120
28 61 52 57 2 8 0 T 0.0 0 7.6 16 120 M M 7 8 21 80
29 81 53 67 12 0 2 T 0.0 0 5.6 16 270 M M 2 20 290
30 63 39 51 -4 14 0 T 0.0 0 9.4 16 320 M M 10 18 23 320
31 41 35 38 -17 27 0 T 0.0 0 10.2 17 300 M M 10 1 24 320
================================================================================
SM 2272 1424 189 29 0.14 0.0 227.7 M 60
================================================================================
AV 73.3 45.9 7.3 FASTST M M 2 MAX(MPH)
MISC ----> 33 290 55 280
================================================================================
NOTES:
# LAST OF SEVERAL OCCURRENCES
COLUMN 17 PEAK WIND IN M.P.H.
PRELIMINARY LOCAL CLIMATOLOGICAL DATA (WS FORM: F-6) , PAGE 2
STATION: DEL RIO
MONTH: JANUARY
YEAR: 2023
LATITUDE: 29 22 N
LONGITUDE: 100 55 W
[TEMPERATURE DATA] [PRECIPITATION DATA] SYMBOLS USED IN COLUMN 16
AVERAGE MONTHLY: 59.6 TOTAL FOR MONTH: 0.14 1 = FOG OR MIST
DPTR FM NORMAL: 6.5 DPTR FM NORMAL: -0.47 2 = FOG REDUCING VISIBILITY
HIGHEST: 88 ON 11, 2 GRTST 24HR 0.12 ON 23-24 TO 1/4 MILE OR LESS
LOWEST: 35 ON 31 3 = THUNDER
SNOW, ICE PELLETS, HAIL 4 = ICE PELLETS
TOTAL MONTH: 0.0 INCH 5 = HAIL
GRTST 24HR 0.0 6 = FREEZING RAIN OR DRIZZLE
GRTST DEPTH: 0 7 = DUSTSTORM OR SANDSTORM:
VSBY 1/2 MILE OR LESS
8 = SMOKE OR HAZE
[NO. OF DAYS WITH] [WEATHER - DAYS WITH] 9 = BLOWING SNOW
X = TORNADO
MAX 32 OR BELOW: 0 0.01 INCH OR MORE: 3
MAX 90 OR ABOVE: 0 0.10 INCH OR MORE: 1
MIN 32 OR BELOW: 0 0.50 INCH OR MORE: 0
MIN 0 OR BELOW: 0 1.00 INCH OR MORE: 0
[HDD (BASE 65) ]
TOTAL THIS MO. 189 CLEAR (SCALE 0-3) 24
DPTR FM NORMAL -183 PTCLDY (SCALE 4-7) 5
TOTAL FM JUL 1 720 CLOUDY (SCALE 8-10) 2
DPTR FM NORMAL -206
[CDD (BASE 65) ]
TOTAL THIS MO. 29
DPTR FM NORMAL 25 [PRESSURE DATA]
TOTAL FM JAN 1 29 HIGHEST SLP 30.49 ON 26
DPTR FM NORMAL 25 LOWEST SLP 29.58 ON 17
[REMARKS]
#FINAL-01-23#