000
CXUS54 KEWX 042300
CF6DRT
PRELIMINARY LOCAL CLIMATOLOGICAL DATA (WS FORM: F-6)
STATION: DEL RIO
MONTH: MARCH
YEAR: 2020
LATITUDE: 29 22 N
LONGITUDE: 100 55 W
TEMPERATURE IN F: :PCPN: SNOW: WIND :SUNSHINE: SKY :PK WND
================================================================================
1 2 3 4 5 6A 6B 7 8 9 10 11 12 13 14 15 16 17 18
12Z AVG MX 2MIN
DY MAX MIN AVG DEP HDD CDD WTR SNW DPTH SPD SPD DIR MIN PSBL S-S WX SPD DR
================================================================================
1 86 58 72 12 0 7 0.00 0.0 0 7.1 15 100 M M 0 20 100
2 77 57 67 6 0 2 T 0.0 0 5.1 12 140 M M 1 15 80
3 79 56 68 7 0 3 0.02 0.0 0 6.2 15 110 M M 4 13 22 80
4 75 55 65 4 0 0 0.75 0.0 0 15.2 38 290 M M 3 13 49 290
5 77 48 63 2 2 0 0.00 0.0 0 5.3 14 310 M M 0 20 310
6 77 49 63 1 2 0 0.00 0.0 0 8.2 18 120 M M 0 26 120
7 77 52 65 3 0 0 0.05 0.0 0 12.8 25 150 M M 3 36 140
8 74 56 65 3 0 0 T 0.0 0 12.5 23 150 M M 5 33 140
9 72 64 68 6 0 3 T 0.0 0 7.1 16 130 M M 2 22 120
10 79 60 70 7 0 5 0.00 0.0 0 7.1 15 140 M M 6 1 22 160
11 91 66 79 16 0 14 0.00 0.0 0 8.6 16 170 M M 4 23 170
12 85 67 76 13 0 11 0.00 0.0 0 8.5 15 120 M M 0 20 110
13 78 68 73 10 0 8 T 0.0 0 6.6 15 100 M M 5 18 22 100
14 78 70 74 10 0 9 0.00 0.0 0 7.1 15 90 M M 7 8 23 100
15 80 65 73 9 0 8 1.55 0.0 0 9.7 24 60 M M 9 138 36 60
16 84 64 74 10 0 9 0.04 0.0 0 10.6 22 110 M M 6 13 33 100
17 85 66 76 12 0 11 0.05 0.0 0 9.7 25 150 M M 3 13 35 150
18 80 69 75 10 0 10 0.01 0.0 0 9.4 21 140 M M 6 138 27 130
19 87 68 78 13 0 13 0.11 0.0 0 8.9 23 250 M M 3 3 35 240
20 76 59 68 3 0 3 0.46 0.0 0 9.1 23 360 M M 9 3 36 10
21 63 54 59 -6 6 0 0.05 0.0 0 6.9 14 100 M M 10 1 19 110
22 74 55 65 -1 0 0 0.00 0.0 0 4.9 13 290 M M 6 1 18 280
23 82 58 70 4 0 5 0.00 0.0 0 4.7 16 100 M M 5 1 22 80
24 93 63 78 12 0 13 0.00 0.0 0 6.0 17 330 M M 2 1 23 350
25 98 58 78 12 0 13 0.00 0.0 0 5.4 13 110 M M 0 21 110
26 91 70 81 14 0 16 0.00 0.0 0 9.2 20 110 M M 0 18 26 120
27 89 69 79 12 0 14 0.00 0.0 0 5.6 17 110 M M 4 25 120
28 86 55 71 4 0 6 0.00 0.0 0 9.1 25 320 M M 2 18 40 350
29 80 50 65 -2 0 0 0.00 0.0 0 7.1 20 160 M M 5 28 150
30 83 61 72 4 0 7 0.00 0.0 0 7.3 17 120 M M 6 18 26 120
31 88 59 74 6 0 9 0.00 0.0 0 5.7 15 290 M M 1 1 20 90
================================================================================
SM 2524 1869 10 199 3.09 0.0 246.7 M 117
================================================================================
AV 81.4 60.3 8.0 FASTST M M 4 MAX(MPH)
MISC ----> # 38 290 # 49 290
================================================================================
NOTES:
# LAST OF SEVERAL OCCURRENCES
COLUMN 17 PEAK WIND IN M.P.H.
PRELIMINARY LOCAL CLIMATOLOGICAL DATA (WS FORM: F-6) , PAGE 2
STATION: DEL RIO
MONTH: MARCH
YEAR: 2020
LATITUDE: 29 22 N
LONGITUDE: 100 55 W
[TEMPERATURE DATA] [PRECIPITATION DATA] SYMBOLS USED IN COLUMN 16
AVERAGE MONTHLY: 70.9 TOTAL FOR MONTH: 3.09 1 = FOG OR MIST
DPTR FM NORMAL: 6.8 DPTR FM NORMAL: 1.95 2 = FOG REDUCING VISIBILITY
HIGHEST: 98 ON 25 GRTST 24HR 1.55 ON 15-15 TO 1/4 MILE OR LESS
LOWEST: 48 ON 5 3 = THUNDER
SNOW, ICE PELLETS, HAIL 4 = ICE PELLETS
TOTAL MONTH: 0.0 INCH 5 = HAIL
GRTST 24HR 0.0 6 = FREEZING RAIN OR DRIZZLE
GRTST DEPTH: 0 7 = DUSTSTORM OR SANDSTORM:
VSBY 1/2 MILE OR LESS
8 = SMOKE OR HAZE
[NO. OF DAYS WITH] [WEATHER - DAYS WITH] 9 = BLOWING SNOW
X = TORNADO
MAX 32 OR BELOW: 0 0.01 INCH OR MORE: 10
MAX 90 OR ABOVE: 4 0.10 INCH OR MORE: 4
MIN 32 OR BELOW: 0 0.50 INCH OR MORE: 2
MIN 0 OR BELOW: 0 1.00 INCH OR MORE: 1
[HDD (BASE 65) ]
TOTAL THIS MO. 10 CLEAR (SCALE 0-3) 14
DPTR FM NORMAL -104 PTCLDY (SCALE 4-7) 14
TOTAL FM JUL 1 939 CLOUDY (SCALE 8-10) 3
DPTR FM NORMAL -411
[CDD (BASE 65) ]
TOTAL THIS MO. 199
DPTR FM NORMAL 112 [PRESSURE DATA]
TOTAL FM JAN 1 231 HIGHEST SLP 30.46 ON 6
DPTR FM NORMAL 125 LOWEST SLP 29.59 ON 27
[REMARKS]
#FINAL-03-20#