000
CXUS54 KFWD 010830
CF6DTO
PRELIMINARY LOCAL CLIMATOLOGICAL DATA (WS FORM: F-6)
STATION: DENTON
MONTH: JANUARY
YEAR: 2022
LATITUDE: 33 12 N
LONGITUDE: 97 12 W
TEMPERATURE IN F: :PCPN: SNOW: WIND :SUNSHINE: SKY :PK WND
================================================================================
1 2 3 4 5 6A 6B 7 8 9 10 11 12 13 14 15 16 17 18
12Z AVG MX 2MIN
DY MAX MIN AVG DEP HDD CDD WTR SNW DPTH SPD SPD DIR MIN PSBL S-S WX SPD DR
================================================================================
1 71 20 46 3 19 0 0.01 M M 11.1 28 340 M M 8 1 37 340
2 39 17 28 -15 37 0 0.00 M M 13.0 25 330 M M 1 36 350
3 56 17 37 -6 28 0 0.00 M M 5.1 14 170 M M 0 22 200
4 64 28 46 3 19 0 0.00 M M 11.7 26 180 M M 0 34 210
5 58 28 43 0 22 0 0.00 M M 9.1 23 30 M M 0 30 30
6 38 23 31 -12 34 0 0.00 M M 13.1 25 350 M M 0 33 350
7 48 17 33 -10 32 0 0.00 M M 8.9 20 170 M M 4 24 170
8 63 46 55 12 10 0 T M M 11.5 21 170 M M 10 1 26 180
9 62 39 51 8 14 0 T M M 13.0 28 350 M M 5 12 36 340
10 57 25 41 -2 24 0 0.00 M M 4.9 14 20 M M 0 20 30
11 59 20 40 -3 25 0 0.00 M M 5.8 18 200 M M 0 23 200
12 64 25 45 2 20 0 0.00 M M 4.8 13 180 M M 0 18 220
13 76 26 51 7 14 0 0.00 M M 3.4 15 360 M M 0 8 19 290
14 77 31 54 10 11 0 0.00 M M 10.3 36 340 M M 0 51 340
15 48 30 39 -5 26 0 0.00 M M 20.5 35 340 M M 7 50 340
16 54 23 39 -5 26 0 0.00 M M 5.3 16 320 M M 1 22 310
17 63 22 43 -1 22 0 0.00 M M 4.6 14 160 M M 0 19 170
18 77 38 58 14 7 0 0.00 M M 15.6 25 180 M M 0 34 190
19 62 32 47 3 18 0 T M M 16.2 28 360 M M 4 40 360
20 35 23 29 -15 36 0 0.00 M M 16.7 28 10 M M 8 38 360
21 43 15 29 -15 36 0 0.00 M M 4.1 10 360 M M 2 15 340
22 52 15 34 -10 31 0 0.00 M M 2.2 7 180 M M 0 11 160
23 66 18 42 -2 23 0 0.00 M M 4.0 18 290 M M 0 26 290
24 59 27 43 -2 22 0 T M M 5.0 17 210 M M 2 12 21 220
25 58 32 45 0 20 0 0.00 M M 9.8 20 30 M M 2 12 27 40
26 49 27 38 -7 27 0 0.01 M M 5.2 13 70 M M 2 18 20
27 52 32 42 -3 23 0 0.00 M M 5.0 13 350 M M 7 17 360
28 57 25 41 -4 24 0 0.00 M M 8.5 22 320 M M 0 32 300
29 68 19 44 -1 21 0 0.00 M M 5.2 20 230 M M 0 29 260
30 70 24 47 2 18 0 0.00 M M 4.1 12 180 M M 0 17 260
31 71 34 53 7 12 0 0.00 M M 8.9 21 180 M M 2 26 150
================================================================================
SM 1816 798 701 0 0.02 M 266.6 M 65
================================================================================
AV 58.6 25.7 8.6 FASTST M M 2 MAX(MPH)
MISC ----> 36 340 51 340
================================================================================
NOTES:
# LAST OF SEVERAL OCCURRENCES
COLUMN 17 PEAK WIND IN M.P.H.
PRELIMINARY LOCAL CLIMATOLOGICAL DATA (WS FORM: F-6) , PAGE 2
STATION: DENTON
MONTH: JANUARY
YEAR: 2022
LATITUDE: 33 12 N
LONGITUDE: 97 12 W
[TEMPERATURE DATA] [PRECIPITATION DATA] SYMBOLS USED IN COLUMN 16
AVERAGE MONTHLY: 42.2 TOTAL FOR MONTH: 0.02 1 = FOG OR MIST
DPTR FM NORMAL: -1.8 DPTR FM NORMAL: -1.92 2 = FOG REDUCING VISIBILITY
HIGHEST: 77 ON 18,14 GRTST 24HR 0.01 ON 1- 1 TO 1/4 MILE OR LESS
LOWEST: 15 ON 22,21 3 = THUNDER
SNOW, ICE PELLETS, HAIL 4 = ICE PELLETS
TOTAL MONTH: M 5 = HAIL
GRTST 24HR M ON M 6 = FREEZING RAIN OR DRIZZLE
GRTST DEPTH: M ON M 7 = DUSTSTORM OR SANDSTORM:
VSBY 1/2 MILE OR LESS
8 = SMOKE OR HAZE
[NO. OF DAYS WITH] [WEATHER - DAYS WITH] 9 = BLOWING SNOW
X = TORNADO
MAX 32 OR BELOW: 0 0.01 INCH OR MORE: 2
MAX 90 OR ABOVE: 0 0.10 INCH OR MORE: 0
MIN 32 OR BELOW: 27 0.50 INCH OR MORE: 0
MIN 0 OR BELOW: 0 1.00 INCH OR MORE: 0
[HDD (BASE 65) ]
TOTAL THIS MO. 701 CLEAR (SCALE 0-3) 23
DPTR FM NORMAL 47 PTCLDY (SCALE 4-7) 7
TOTAL FM JUL 1 1329 CLOUDY (SCALE 8-10) 1
DPTR FM NORMAL -388
[CDD (BASE 65) ]
TOTAL THIS MO. 0
DPTR FM NORMAL -1 [PRESSURE DATA]
TOTAL FM JAN 1 0 HIGHEST SLP 30.75 ON 10
DPTR FM NORMAL -1 LOWEST SLP 29.58 ON 1
[REMARKS]
#FINAL-01-22#