000
CXUS53 KFGF 010815
CF6DVL
PRELIMINARY LOCAL CLIMATOLOGICAL DATA (WS FORM: F-6)
STATION: DEVILS LAKE ND
MONTH: APRIL
YEAR: 2022
LATITUDE: 48 7 N
LONGITUDE: 98 54 W
TEMPERATURE IN F: :PCPN: SNOW: WIND :SUNSHINE: SKY :PK WND
================================================================================
1 2 3 4 5 6A 6B 7 8 9 10 11 12 13 14 15 16 17 18
12Z AVG MX 2MIN
DY MAX MIN AVG DEP HDD CDD WTR SNW DPTH SPD SPD DIR MIN PSBL S-S WX SPD DR
================================================================================
1 53 28 41 9 24 0 0.00 M M 12.0 21 270 M M 2 31 280
2 35 27 31 -2 34 0 0.00 M M 10.7 17 290 M M 6 M M
3 37 25 31 -3 34 0 T M M 7.9 15 110 M M 6 M M
4 52 26 39 5 26 0 0.00 M M 13.2 21 150 M M 5 1 28 160
5 37 33 35 1 30 0 0.03 M M 13.3 17 30 M M 9 1 24 130
6 44 32 38 3 27 0 T M M 28.5 38 340 M M 9 1 53 340
7 40 29 35 -1 30 0 0.01 M M 26.8 38 360 M M 6 1 46 360
8 44 26 35 -1 30 0 0.00 M M 10.9 18 350 M M 0 M M
9 57 25 41 5 24 0 0.00 M M 13.6 23 170 M M 2 31 180
10 50 31 41 4 24 0 0.00 M M 7.0 12 340 M M 2 M M
11 48 28 38 1 27 0 0.00 M M 11.6 22 290 M M 1 32 260
12 29 24 27 -11 38 0 0.02 M M 16.5 33 30 M M 8 12 52 30
13 34 25 30 -8 35 0 0.02 M M 20.5 33 40 M M 10 12 50 30
14 28 11 20 -19 45 0 T M M 23.0 32 330 M M 10 128 39 330
15 22 11 17 -22 48 0 T M M 17.9 25 310 M M 9 1 28 300
16 26 10 18 -22 47 0 0.00 M M 8.1 13 300 M M 1 M M
17 28 14 21 -19 44 0 0.01 M M 16.0 26 350 M M 9 1 31 350
18 29 8 19 -21 46 0 T M M 9.8 18 310 M M 2 12 M M
19 33 7 20 -21 45 0 0.02 M M 16.3 24 120 M M 5 128 36 120
20 45 30 38 -3 27 0 0.00 M M 13.3 30 260 M M 4 35 260
21 39 31 35 -7 30 0 T M M 12.8 22 290 M M 8 30 290
22 39 32 36 -6 29 0 0.26 M M 17.7 23 100 M M 10 1 31 80
23 37 34 36 -7 29 0 0.70 M M 27.0 37 30 M M 10 13 45 40
24 34 26 30 -13 35 0 0.19 M M 30.6 37 340 M M 10 1 47 350
25 32 21 27 -17 38 0 T M M 19.0 28 350 M M 9 37 340
26 35 22 29 -15 36 0 0.00 M M 11.7 18 100 M M 5 24 100
27 43 28 36 -8 29 0 M M M 14.3 21 110 M M 1 25 120
28 45 32 39 -6 26 0 T M M 9.8 16 100 M M 6 M M
29 42 32 37 -8 28 0 0.50 M M 9.8 18 30 M M 7 1 25 50
30 39 34 37 -9 28 0 0.57 M M 21.2 30 360 M M 10 1 38 360
================================================================================
SM 1156 742 993 0 2.33 M 470.9 M 182
================================================================================
AV 38.5 24.7 15.7 FASTST M M 6 MAX(MPH)
MISC ----> 38 360 53 340
================================================================================
NOTES:
# LAST OF SEVERAL OCCURRENCES
COLUMN 17 PEAK WIND IN M.P.H.
PRELIMINARY LOCAL CLIMATOLOGICAL DATA (WS FORM: F-6) , PAGE 2
STATION: DEVILS LAKE ND
MONTH: APRIL
YEAR: 2022
LATITUDE: 48 7 N
LONGITUDE: 98 54 W
[TEMPERATURE DATA] [PRECIPITATION DATA] SYMBOLS USED IN COLUMN 16
AVERAGE MONTHLY: 31.6 TOTAL FOR MONTH: 2.33 1 = FOG OR MIST
DPTR FM NORMAL: -7.7 DPTR FM NORMAL: 1.37 2 = FOG REDUCING VISIBILITY
HIGHEST: 57 ON 9 GRTST 24HR 0.70 ON 23-23 TO 1/4 MILE OR LESS
LOWEST: 7 ON 19 3 = THUNDER
SNOW, ICE PELLETS, HAIL 4 = ICE PELLETS
TOTAL MONTH: M 5 = HAIL
GRTST 24HR M ON M 6 = FREEZING RAIN OR DRIZZLE
GRTST DEPTH: M ON M 7 = DUSTSTORM OR SANDSTORM:
VSBY 1/2 MILE OR LESS
8 = SMOKE OR HAZE
[NO. OF DAYS WITH] [WEATHER - DAYS WITH] 9 = BLOWING SNOW
X = TORNADO
MAX 32 OR BELOW: 7 0.01 INCH OR MORE: 11
MAX 90 OR ABOVE: 0 0.10 INCH OR MORE: 5
MIN 32 OR BELOW: 27 0.50 INCH OR MORE: 2
MIN 0 OR BELOW: 0 1.00 INCH OR MORE: 0
[HDD (BASE 65) ]
TOTAL THIS MO. 993 CLEAR (SCALE 0-3) 8
DPTR FM NORMAL 222 PTCLDY (SCALE 4-7) 11
TOTAL FM JUL 1 9227 CLOUDY (SCALE 8-10) 11
DPTR FM NORMAL 73
[CDD (BASE 65) ]
TOTAL THIS MO. 0
DPTR FM NORMAL 0 [PRESSURE DATA]
TOTAL FM JAN 1 0 HIGHEST SLP M ON M
DPTR FM NORMAL 0 LOWEST SLP M ON M
[REMARKS]
#FINAL-04-22#