000
CXUS53 KFGF 010915
CF6DVL
PRELIMINARY LOCAL CLIMATOLOGICAL DATA (WS FORM: F-6)
STATION: DEVILS LAKE ND
MONTH: DECEMBER
YEAR: 2023
LATITUDE: 48 7 N
LONGITUDE: 98 54 W
TEMPERATURE IN F: :PCPN: SNOW: WIND :SUNSHINE: SKY :PK WND
================================================================================
1 2 3 4 5 6A 6B 7 8 9 10 11 12 13 14 15 16 17 18
12Z AVG MX 2MIN
DY MAX MIN AVG DEP HDD CDD WTR SNW DPTH SPD SPD DIR MIN PSBL S-S WX SPD DR
================================================================================
1 35 14 25 6 40 0 0.00 M M 6.7 13 170 M M 6 M M
2 35 23 29 10 36 0 0.00 M M 12.4 17 160 M M 3 23 160
3 35 16 26 8 39 0 0.00 M M 5.8 8 320 M M 1 M M
4 35 12 24 6 41 0 0.00 M M 2.0 7 330 M M 3 M M
5 36 10 23 5 42 0 0.00 M M 6.2 15 180 M M 3 12 M M
6 53 28 41 24 24 0 0.00 M M 9.7 17 190 M M 1 18 23 190
7 53 27 40 24 25 0 M M M 8.2 16 110 M M 0 18 M M
8 35 28 32 16 33 0 0.01 M M 18.5 36 340 M M 9 1 45 340
9 29 8 19 3 46 0 T M M 20.6 37 350 M M 6 1 47 350
10 22 7 15 0 50 0 T M M 4.5 12 150 M M 5 12 M M
11 27 17 22 7 43 0 T M M 16.7 25 290 M M 3 1 35 290
12 24 7 16 2 49 0 M M M 10.9 20 300 M M 3 M M
13 36 11 24 10 41 0 M M M 9.8 18 210 M M 0 23 220
14 39 29 34 21 31 0 M M M 12.4 18 220 M M 0 M M
15 35 18 27 14 38 0 T M M 10.7 17 20 M M 4 12 M M
16 31 7 19 7 46 0 M M M 7.9 18 220 M M 1 M M
17 36 17 27 15 38 0 T M M 16.4 33 330 M M 3 43 320
18 25 3 14 2 51 0 M M M 11.1 21 330 M M 0 22 180
19 31 17 24 13 41 0 T M M 7.1 12 60 M M 5 M M
20 32 20 26 15 39 0 0.00 M M 12.1 18 160 M M 5 M M
21 37 23 30 20 35 0 M M M 9.9 16 160 M M 1 1 M M
22 37 16 27 17 38 0 M M M 3.5 7 120 M M 0 1 M M
23 32 24 28 18 37 0 T M M 8.5 15 150 M M 5 12 M M
24 31 17 24 15 41 0 0.05 M M 15.8 23 340 M M 6 12 31 340
25 26 7 17 8 48 0 0.00 M M 12.5 18 20 M M 3 24 20
26 32 24 28 19 37 0 0.02 M M 13.3 17 20 M M 10 1 M M
27 35 19 27 19 38 0 T M M 7.6 16 340 M M 4 1 M M
28 34 12 23 15 42 0 M M M 4.1 9 270 M M 0 12 M M
29 37 18 28 20 37 0 M M M 12.2 20 280 M M 0 M M
30 24 16 20 12 45 0 M M M 18.0 24 350 M M 7 31 340
31 23 6 15 7 50 0 M M M 6.6 15 350 M M 0 M M
================================================================================
SM 1032 501 1241 0 0.08 M 321.5 M 97
================================================================================
AV 33.3 16.2 10.4 FASTST M M 3 MAX(MPH)
MISC ----> 37 350 47 350
================================================================================
NOTES:
# LAST OF SEVERAL OCCURRENCES
COLUMN 17 PEAK WIND IN M.P.H.
PRELIMINARY LOCAL CLIMATOLOGICAL DATA (WS FORM: F-6) , PAGE 2
STATION: DEVILS LAKE ND
MONTH: DECEMBER
YEAR: 2023
LATITUDE: 48 7 N
LONGITUDE: 98 54 W
[TEMPERATURE DATA] [PRECIPITATION DATA] SYMBOLS USED IN COLUMN 16
AVERAGE MONTHLY: 24.7 TOTAL FOR MONTH: 0.08 1 = FOG OR MIST
DPTR FM NORMAL: 11.9 DPTR FM NORMAL: M 2 = FOG REDUCING VISIBILITY
HIGHEST: 53 ON 7, 6 GRTST 24HR 0.05 ON 24-24 TO 1/4 MILE OR LESS
LOWEST: 3 ON 18 3 = THUNDER
SNOW, ICE PELLETS, HAIL 4 = ICE PELLETS
TOTAL MONTH: M 5 = HAIL
GRTST 24HR M ON M 6 = FREEZING RAIN OR DRIZZLE
GRTST DEPTH: M ON M 7 = DUSTSTORM OR SANDSTORM:
VSBY 1/2 MILE OR LESS
8 = SMOKE OR HAZE
[NO. OF DAYS WITH] [WEATHER - DAYS WITH] 9 = BLOWING SNOW
X = TORNADO
MAX 32 OR BELOW: 14 0.01 INCH OR MORE: 3
MAX 90 OR ABOVE: 0 0.10 INCH OR MORE: 0
MIN 32 OR BELOW: 31 0.50 INCH OR MORE: 0
MIN 0 OR BELOW: 0 1.00 INCH OR MORE: 0
[HDD (BASE 65) ]
TOTAL THIS MO. 1241 CLEAR (SCALE 0-3) 14
DPTR FM NORMAL -377 PTCLDY (SCALE 4-7) 15
TOTAL FM JUL 1 3125 CLOUDY (SCALE 8-10) 2
DPTR FM NORMAL -633
[CDD (BASE 65) ]
TOTAL THIS MO. 0
DPTR FM NORMAL 0 [PRESSURE DATA]
TOTAL FM JAN 1 518 HIGHEST SLP M ON M
DPTR FM NORMAL 264 LOWEST SLP M ON M
[REMARKS]
#FINAL-12-23#