000
CXUS55 KDVN 011000
CF6DVN
PRELIMINARY LOCAL CLIMATOLOGICAL DATA (WS FORM: F-6)
STATION: DAVENPORT IA
MONTH: JULY
YEAR: 2020
LATITUDE: 41 37 N
LONGITUDE: 90 35 W
TEMPERATURE IN F: :PCPN: SNOW: WIND :SUNSHINE: SKY :PK WND
================================================================================
1 2 3 4 5 6A 6B 7 8 9 10 11 12 13 14 15 16 17 18
12Z AVG MX 2MIN
DY MAX MIN AVG DEP HDD CDD WTR SNW DPTH SPD SPD DIR MIN PSBL S-S WX SPD DR
================================================================================
1 85 69 77 4 0 12 0.46 0.0 0 4.8 21 120 M M 4 13 28 110
2 89 70 80 7 0 15 0.00 0.0 0 7.7 15 90 M M 3 19 100
3 89 67 78 5 0 13 0.00 0.0 0 5.0 12 70 M M 1 18 18 60
4 90 65 78 5 0 13 0.00 0.0 0 5.1 9 100 M M 0 18 13 90
5 91 68 80 7 0 15 0.00 0.0 0 4.2 9 30 M M 0 18 14 120
6 91 68 80 7 0 15 0.00 0.0 0 3.6 12 250 M M 0 18 16 240
7 91 70 81 8 0 16 0.49 0.0 0 6.7 20 100 M M 2 138 24 100
8 91 70 81 8 0 16 1.24 T 0 7.9 36 330 M M 1 35 58 330
9 90 69 80 7 0 15 0.91 0.0 0 8.7 26 310 M M 4 1238 35 300
10 85 66 76 3 0 11 0.00 0.0 0 9.8 22 290 M M 1 29 290
11 88 63 76 3 0 11 0.16 0.0 0 4.2 36 300 M M 1 13 56 310
12 83 62 73 0 0 8 0.00 0.0 0 6.3 16 20 M M 1 22 360
13 83 61 72 -1 0 7 0.00 0.0 0 4.7 12 180 M M 1 17 170
14 85 68 77 4 0 12 T 0.0 0 10.4 18 180 M M 1 28 200
15 78 61 70 -3 0 5 1.05 0.0 0 6.6 16 170 M M 6 1 22 150
16 82 61 72 -1 0 7 0.00 0.0 0 3.3 8 300 M M 4 12 14 280
17 86 63 75 2 0 10 0.00 0.0 0 7.1 16 180 M M 2 1 22 180
18 90 75 83 10 0 18 0.00 0.0 0 12.0 21 190 M M 1 31 180
19 85 68 77 4 0 12 0.00 0.0 0 10.4 20 220 M M 2 30 210
20 81 63 72 -1 0 7 T 0.0 0 3.1 8 60 M M 4 11 280
21 79 68 74 1 0 9 0.47 0.0 0 5.1 13 140 M M 8 13 17 140
22 82 63 73 0 0 8 0.00 0.0 0 5.9 14 300 M M 2 1 18 290
23 81 57 69 -4 0 4 0.00 0.0 0 3.4 9 350 M M 0 1 12 350
24 86 61 74 1 0 9 0.00 0.0 0 5.1 10 110 M M 0 1 16 120
25 89 69 79 6 0 14 0.00 0.0 0 7.1 14 180 M M 1 19 170
26 92 74 83 10 0 18 0.30 0.0 0 9.6 25 280 M M 2 13 37 280
27 83 66 75 2 0 10 0.02 0.0 0 7.1 15 300 M M 3 1 21 300
28 85 60 73 0 0 8 0.00 0.0 0 7.2 17 210 M M 0 26 210
29 87 66 77 4 0 12 0.00 0.0 0 6.6 16 200 M M 2 23 190
30 80 66 73 0 0 8 T 0.0 0 8.8 18 60 M M 5 18 25 50
31 80 61 71 -2 0 6 0.00 0.0 0 8.1 15 40 M M 1 8 21 10
================================================================================
SM 2657 2038 0 344 5.10 T 205.6 M 63
================================================================================
AV 85.7 65.7 6.6 FASTST M M 2 MAX(MPH)
MISC ----> # 36 330 58 330
================================================================================
NOTES:
# LAST OF SEVERAL OCCURRENCES
COLUMN 17 PEAK WIND IN M.P.H.
PRELIMINARY LOCAL CLIMATOLOGICAL DATA (WS FORM: F-6) , PAGE 2
STATION: DAVENPORT IA
MONTH: JULY
YEAR: 2020
LATITUDE: 41 37 N
LONGITUDE: 90 35 W
[TEMPERATURE DATA] [PRECIPITATION DATA] SYMBOLS USED IN COLUMN 16
AVERAGE MONTHLY: 75.7 TOTAL FOR MONTH: 5.10 1 = FOG OR MIST
DPTR FM NORMAL: 2.5 DPTR FM NORMAL: 0.90 2 = FOG REDUCING VISIBILITY
HIGHEST: 92 ON 26 GRTST 24HR 1.73 ON 7- 8 TO 1/4 MILE OR LESS
LOWEST: 57 ON 23 3 = THUNDER
SNOW, ICE PELLETS, HAIL 4 = ICE PELLETS
TOTAL MONTH: T 5 = HAIL
GRTST 24HR T ON 8- 8 6 = FREEZING RAIN OR DRIZZLE
GRTST DEPTH: 0 7 = DUSTSTORM OR SANDSTORM:
VSBY 1/2 MILE OR LESS
8 = SMOKE OR HAZE
[NO. OF DAYS WITH] [WEATHER - DAYS WITH] 9 = BLOWING SNOW
X = TORNADO
MAX 32 OR BELOW: 0 0.01 INCH OR MORE: 9
MAX 90 OR ABOVE: 8 0.10 INCH OR MORE: 8
MIN 32 OR BELOW: 0 0.50 INCH OR MORE: 3
MIN 0 OR BELOW: 0 1.00 INCH OR MORE: 2
[HDD (BASE 65) ]
TOTAL THIS MO. 0 CLEAR (SCALE 0-3) 24
DPTR FM NORMAL -4 PTCLDY (SCALE 4-7) 7
TOTAL FM JUL 1 0 CLOUDY (SCALE 8-10) 0
DPTR FM NORMAL 0
[CDD (BASE 65) ]
TOTAL THIS MO. 344
DPTR FM NORMAL 86 [PRESSURE DATA]
TOTAL FM JAN 1 655 HIGHEST SLP 30.17 ON 24
DPTR FM NORMAL 154 LOWEST SLP 29.69 ON 9
[REMARKS]
#FINAL-07-20#