000
CXUS54 KEWX 011011
CF6DZB
PRELIMINARY LOCAL CLIMATOLOGICAL DATA (WS FORM: F-6)
STATION: Horseshoe Bay
MONTH: AUGUST
YEAR: 2020
LATITUDE: 30 31 N
LONGITUDE: 98 22 W
TEMPERATURE IN F: :PCPN: SNOW: WIND :SUNSHINE: SKY :PK WND
================================================================================
1 2 3 4 5 6A 6B 7 8 9 10 11 12 13 14 15 16 17 18
12Z AVG MX 2MIN
DY MAX MIN AVG DEP HDD CDD WTR SNW DPTH SPD SPD DIR MIN PSBL S-S WX SPD DR
================================================================================
1 99 73 86 M 0 21 0.00 M M 2.6 9 30 M M 2 M M
2 100 72 86 M 0 21 0.00 M M 4.5 12 110 M M 2 21 10
3 100 70 85 M 0 20 0.03 M M 2.4 14 350 M M 1 3 25 350
4 100 72 86 M 0 21 0.00 M M 5.0 14 200 M M 3 20 200
5 100 75 88 M 0 23 0.00 M M 7.7 13 170 M M 0 18 190
6 100 75 88 M 0 23 0.00 M M 8.2 14 160 M M 0 23 150
7 99 73 86 M 0 21 0.00 M M 7.4 15 180 M M 2 23 180
8 99 72 86 M 0 21 0.00 M M 6.7 13 150 M M 2 21 160
9 99 75 87 M 0 22 0.00 M M 8.1 13 160 M M 1 24 190
10 100 77 89 M 0 24 0.00 M M 8.7 15 210 M M 4 22 190
11 100 75 88 M 0 23 0.00 M M 8.2 14 170 M M 2 22 200
12 102 77 90 M 0 25 0.00 M M 8.0 13 180 M M 0 21 170
13 102 77 90 M 0 25 0.00 M M 7.3 13 180 M M 0 20 180
14 106 79 93 M 0 28 0.00 M M 8.1 12 180 M M 0 23 190
15 106 79 93 M 0 28 0.00 M M 5.8 13 180 M M 0 23 180
16 104 77 91 M 0 26 0.00 M M 4.3 10 180 M M 1 16 180
17 99 73 86 M 0 21 0.00 M M 3.9 14 70 M M 1 25 70
18 99 72 86 M 0 21 0.07 M M 2.4 12 60 M M 2 18 60
19 100 66 83 M 0 18 0.00 M M 3.0 9 50 M M 0 21 360
20 97 64 81 M 0 16 0.00 M M 2.3 6 20 M M 0 M M
21 100 70 85 M 0 20 0.00 M M 4.6 10 150 M M 1 M M
22 91 66 79 M 0 14 0.83 M M 5.1 10 210 M M 3 3 17 70
23 95 66 81 M 0 16 0.00 M M 3.5 10 130 M M 1 M M
24 97 72 85 M 0 20 0.00 M M 3.1 7 130 M M 2 M M
25 97 72 85 M 0 20 0.00 M M 1.8 10 340 M M 1 M M
26 95 72 84 M 0 19 0.00 M M 3.0 10 70 M M 2 M M
27 99 72 86 M 0 21 0.00 M M 2.7 8 170 M M 2 M M
28 104 81 93 M 0 28 0.00 M M 6.4 13 160 M M 1 23 170
29 102 79 91 M 0 26 0.00 M M 5.2 13 190 M M 0 22 190
30 100 77 89 M 0 24 0.00 M M 5.9 14 180 M M 1 21 180
31 100 81 91 M 0 26 0.00 M M 9.6 14 150 M M 2 27 180
================================================================================
SM 3091 2281 0 682 0.93 M 165.5 M 39
================================================================================
AV 99.7 73.6 5.3 FASTST M M 1 MAX(MPH)
MISC ----> # 15 180 # 27 180
================================================================================
NOTES:
# LAST OF SEVERAL OCCURRENCES
COLUMN 17 PEAK WIND IN M.P.H.
PRELIMINARY LOCAL CLIMATOLOGICAL DATA (WS FORM: F-6) , PAGE 2
STATION: Horseshoe Bay
MONTH: AUGUST
YEAR: 2020
LATITUDE: 30 31 N
LONGITUDE: 98 22 W
[TEMPERATURE DATA] [PRECIPITATION DATA] SYMBOLS USED IN COLUMN 16
AVERAGE MONTHLY: 86.7 TOTAL FOR MONTH: 0.93 1 = FOG OR MIST
DPTR FM NORMAL: M DPTR FM NORMAL: M 2 = FOG REDUCING VISIBILITY
HIGHEST: 106 ON 15,14 GRTST 24HR 0.83 ON 22-22 TO 1/4 MILE OR LESS
LOWEST: 64 ON 20 3 = THUNDER
SNOW, ICE PELLETS, HAIL 4 = ICE PELLETS
TOTAL MONTH: M 5 = HAIL
GRTST 24HR M ON M 6 = FREEZING RAIN OR DRIZZLE
GRTST DEPTH: M ON M 7 = DUSTSTORM OR SANDSTORM:
VSBY 1/2 MILE OR LESS
8 = SMOKE OR HAZE
[NO. OF DAYS WITH] [WEATHER - DAYS WITH] 9 = BLOWING SNOW
X = TORNADO
MAX 32 OR BELOW: 0 0.01 INCH OR MORE: 3
MAX 90 OR ABOVE: 31 0.10 INCH OR MORE: 1
MIN 32 OR BELOW: 0 0.50 INCH OR MORE: 1
MIN 0 OR BELOW: 0 1.00 INCH OR MORE: 0
[HDD (BASE 65) ]
TOTAL THIS MO. 0 CLEAR (SCALE 0-3) 30
DPTR FM NORMAL M PTCLDY (SCALE 4-7) 1
TOTAL FM JUL 1 0 CLOUDY (SCALE 8-10) 0
DPTR FM NORMAL M
[CDD (BASE 65) ]
TOTAL THIS MO. 682
DPTR FM NORMAL M [PRESSURE DATA]
TOTAL FM JAN 1 2477 HIGHEST SLP M ON M
DPTR FM NORMAL M LOWEST SLP M ON M
[REMARKS]
#FINAL-08-20#