000
CXUS51 KAKQ 010710
CF6ECG
PRELIMINARY LOCAL CLIMATOLOGICAL DATA (WS FORM: F-6)
STATION: ELIZABETH CITY NC
MONTH: JUNE
YEAR: 2023
LATITUDE: 36 16 N
LONGITUDE: 76 11 W
TEMPERATURE IN F: :PCPN: SNOW: WIND :SUNSHINE: SKY :PK WND
================================================================================
1 2 3 4 5 6A 6B 7 8 9 10 11 12 13 14 15 16 17 18
12Z AVG MX 2MIN
DY MAX MIN AVG DEP HDD CDD WTR SNW DPTH SPD SPD DIR MIN PSBL S-S WX SPD DR
================================================================================
1 71 64 68 -5 0 3 T 0.0 0 11.9 17 20 M M 10 1 22 10
2 77 63 70 -3 0 5 0.00 0.0 0 10.4 17 30 M M 7 12 20 30
3 78 61 70 -3 0 5 T 0.0 0 13.8 25 30 M M 6 128 29 30
4 67 50 59 -15 6 0 T 0.0 0 13.8 24 40 M M 5 1 31 30
5 80 46 63 -11 2 0 0.00 0.0 0 5.4 16 100 M M 0 1 21 300
6 83 58 71 -3 0 6 0.00 0.0 0 7.9 20 280 M M 2 8 25 280
7 75 57 66 -8 0 1 0.05 0.0 0 5.8 14 340 M M 5 18 18 320
8 78 53 66 -9 0 1 0.01 0.0 0 5.9 28 10 M M 4 12 36 10
9 79 48 64 -11 1 0 0.00 0.0 0 5.3 16 60 M M 3 128 19 70
10 83 57 70 -5 0 5 0.00 0.0 0 7.1 18 110 M M 0 18 24 90
11 86 61 74 -1 0 9 0.00 0.0 0 10.1 21 180 M M 1 8 28 170
12 86 69 78 2 0 13 0.54 0.0 0 11.5 29 160 M M 4 13 40 170
13 79 63 71 -5 0 6 0.00 0.0 0 7.4 15 130 M M 4 17 140
14 86 64 75 -1 0 10 0.00 0.0 0 10.6 24 240 M M 0 1 32 230
15 85 63 74 -2 0 9 0.02 0.0 0 5.9 21 90 M M 3 13 28 100
16 87 64 76 -1 0 11 0.25 0.0 0 8.8 37 360 M M 2 13 47 10
17 82 63 73 -4 0 8 0.00 0.0 0 7.9 20 320 M M 2 1 23 320
18 86 64 75 -2 0 10 0.00 0.0 0 5.9 15 60 M M 2 18 18 200
19 86 66 76 -1 0 11 0.00 0.0 0 9.7 21 130 M M 0 26 110
20 81 70 76 -2 0 11 0.20 0.0 0 12.8 26 30 M M 7 1 32 50
21 80 70 75 -3 0 10 0.03 0.0 0 8.5 20 110 M M 9 1 23 110
22 83 72 78 0 0 13 0.10 0.0 0 8.6 20 130 M M 6 13 30 140
23 84 71 78 0 0 13 0.53 0.0 0 9.2 21 170 M M 5 13 32 190
24 88 70 79 1 0 14 0.00 0.0 0 8.6 16 220 M M 3 1 21 210
25 89 69 79 1 0 14 0.01 0.0 0 7.0 22 10 M M 2 13 26 340
26 89 73 81 3 0 16 0.00 0.0 0 12.8 24 200 M M 0 8 32 210
27 87 66 77 -2 0 12 0.66 0.0 0 8.7 33 250 M M 2 138 46 250
28 85 67 76 -3 0 11 0.00 0.0 0 5.7 13 90 M M 2 1 16 210
29 84 68 76 -3 0 11 0.00 0.0 0 6.9 14 60 M M 0 18 17 60
30 87 66 77 -2 0 12 0.00 0.0 0 5.1 15 100 M M 1 18 19 110
================================================================================
SM 2471 1896 9 250 2.40 0.0 259.0 M 97
================================================================================
AV 82.4 63.2 8.6 FASTST M M 3 MAX(MPH)
MISC ----> 37 360 47 10
================================================================================
NOTES:
# LAST OF SEVERAL OCCURRENCES
COLUMN 17 PEAK WIND IN M.P.H.
PRELIMINARY LOCAL CLIMATOLOGICAL DATA (WS FORM: F-6) , PAGE 2
STATION: ELIZABETH CITY NC
MONTH: JUNE
YEAR: 2023
LATITUDE: 36 16 N
LONGITUDE: 76 11 W
[TEMPERATURE DATA] [PRECIPITATION DATA] SYMBOLS USED IN COLUMN 16
AVERAGE MONTHLY: 72.8 TOTAL FOR MONTH: 2.40 1 = FOG OR MIST
DPTR FM NORMAL: -3.4 DPTR FM NORMAL: -2.31 2 = FOG REDUCING VISIBILITY
HIGHEST: 89 ON 26,25 GRTST 24HR 0.66 ON 27-27 TO 1/4 MILE OR LESS
LOWEST: 46 ON 5 3 = THUNDER
SNOW, ICE PELLETS, HAIL 4 = ICE PELLETS
TOTAL MONTH: 0.0 INCH 5 = HAIL
GRTST 24HR 0.0 6 = FREEZING RAIN OR DRIZZLE
GRTST DEPTH: 0 7 = DUSTSTORM OR SANDSTORM:
VSBY 1/2 MILE OR LESS
8 = SMOKE OR HAZE
[NO. OF DAYS WITH] [WEATHER - DAYS WITH] 9 = BLOWING SNOW
X = TORNADO
MAX 32 OR BELOW: 0 0.01 INCH OR MORE: 11
MAX 90 OR ABOVE: 0 0.10 INCH OR MORE: 6
MIN 32 OR BELOW: 0 0.50 INCH OR MORE: 3
MIN 0 OR BELOW: 0 1.00 INCH OR MORE: 0
[HDD (BASE 65) ]
TOTAL THIS MO. 9 CLEAR (SCALE 0-3) 17
DPTR FM NORMAL 7 PTCLDY (SCALE 4-7) 11
TOTAL FM JUL 1 2532 CLOUDY (SCALE 8-10) 2
DPTR FM NORMAL -518
[CDD (BASE 65) ]
TOTAL THIS MO. 250
DPTR FM NORMAL -89 [PRESSURE DATA]
TOTAL FM JAN 1 413 HIGHEST SLP M ON M
DPTR FM NORMAL -136 LOWEST SLP 29.59 ON 16
[REMARKS]
#FINAL-06-23#