000
CXUS51 KAKQ 010710
CF6ECG
PRELIMINARY LOCAL CLIMATOLOGICAL DATA (WS FORM: F-6)
STATION: ELIZABETH CITY NC
MONTH: MAY
YEAR: 2022
LATITUDE: 36 16 N
LONGITUDE: 76 11 W
TEMPERATURE IN F: :PCPN: SNOW: WIND :SUNSHINE: SKY :PK WND
================================================================================
1 2 3 4 5 6A 6B 7 8 9 10 11 12 13 14 15 16 17 18
12Z AVG MX 2MIN
DY MAX MIN AVG DEP HDD CDD WTR SNW DPTH SPD SPD DIR MIN PSBL S-S WX SPD DR
================================================================================
1 80 56 68 4 0 3 0.01 0.0 0 9.0 21 200 M M 5 29 190
2 85 66 76 11 0 11 0.09 0.0 0 9.9 18 260 M M 4 3 23 240
3 87 63 75 10 0 10 T 0.0 0 8.7 20 40 M M 2 18 24 50
4 89 63 76 11 0 11 0.85 0.0 0 11.8 23 340 M M 4 13 29 160
5 72 60 66 1 0 1 0.25 0.0 0 11.1 20 20 M M 8 13 23 30
6 78 58 68 2 0 3 0.08 0.0 0 8.6 32 230 M M 3 13 43 240
7 77 56 67 1 0 2 0.01 0.0 0 12.9 23 350 M M 5 1 26 350
8 56 49 53 -13 12 0 0.05 0.0 0 22.5 33 10 M M 10 1 41 360
9 62 48 55 -11 10 0 T 0.0 0 21.3 32 10 M M 9 1 41 10
10 58 52 55 -12 10 0 T 0.0 0 23.9 36 20 M M 10 1 44 20
11 58 50 54 -13 11 0 T 0.0 0 19.8 30 30 M M 10 18 39 20
12 64 54 59 -8 6 0 0.18 0.0 0 14.2 23 30 M M 10 1 29 20
13 76 57 67 0 0 2 0.73 0.0 0 6.7 28 230 M M 6 123 37 230
14 75 63 69 1 0 4 0.52 0.0 0 6.3 14 100 M M 6 13 22 150
15 83 61 72 4 0 7 0.00 0.0 0 5.8 13 130 M M 3 12 16 100
16 86 67 77 9 0 12 0.49 0.0 0 10.5 32 260 M M 2 38 46 260
17 81 56 69 1 0 4 0.00 0.0 0 6.8 14 210 M M 0 1 19 250
18 73 59 66 -3 0 1 0.00 0.0 0 8.0 16 40 M M 0 25 190
19 89 67 78 9 0 13 0.00 0.0 0 10.4 21 230 M M 1 29 210
20 93 70 82 13 0 17 0.00 0.0 0 9.1 20 220 M M 1 1 26 230
21 93 74 84 14 0 19 0.00 0.0 0 11.4 18 220 M M 0 26 210
22 87 73 80 10 0 15 0.00 0.0 0 12.3 21 230 M M 0 26 210
23 79 64 72 2 0 7 T 0.0 0 10.1 21 40 M M 4 24 40
24 74 61 68 -2 0 3 0.08 0.0 0 11.4 22 30 M M 10 1 27 30
25 65 61 63 -8 2 0 0.09 0.0 0 14.4 20 30 M M 10 1 27 30
26 79 63 71 0 0 6 0.01 0.0 0 5.7 13 30 M M 7 1 16 20
27 83 68 76 5 0 11 0.69 0.0 0 10.8 30 230 M M 4 138 43 230
28 82 64 73 1 0 8 0.06 0.0 0 7.1 15 250 M M 3 1 22 250
29 83 60 72 0 0 7 0.00 0.0 0 5.4 14 120 M M 0 1 18 100
30 87 65 76 4 0 11 0.00 0.0 0 5.7 20 120 M M 1 12 24 120
31 92 68 80 8 0 15 0.00 0.0 0 6.4 14 290 M M 1 18 280
================================================================================
SM 2426 1896 51 203 4.19 0.0 338.0 M 139
================================================================================
AV 78.3 61.2 10.9 FASTST M M 4 MAX(MPH)
MISC ----> 36 20 46 260
================================================================================
NOTES:
# LAST OF SEVERAL OCCURRENCES
COLUMN 17 PEAK WIND IN M.P.H.
PRELIMINARY LOCAL CLIMATOLOGICAL DATA (WS FORM: F-6) , PAGE 2
STATION: ELIZABETH CITY NC
MONTH: MAY
YEAR: 2022
LATITUDE: 36 16 N
LONGITUDE: 76 11 W
[TEMPERATURE DATA] [PRECIPITATION DATA] SYMBOLS USED IN COLUMN 16
AVERAGE MONTHLY: 69.7 TOTAL FOR MONTH: 4.19 1 = FOG OR MIST
DPTR FM NORMAL: 1.5 DPTR FM NORMAL: 0.51 2 = FOG REDUCING VISIBILITY
HIGHEST: 93 ON 21,20 GRTST 24HR 1.20 ON 13-14 TO 1/4 MILE OR LESS
LOWEST: 48 ON 9 3 = THUNDER
SNOW, ICE PELLETS, HAIL 4 = ICE PELLETS
TOTAL MONTH: 0.0 INCH 5 = HAIL
GRTST 24HR 0.0 6 = FREEZING RAIN OR DRIZZLE
GRTST DEPTH: 0 7 = DUSTSTORM OR SANDSTORM:
VSBY 1/2 MILE OR LESS
8 = SMOKE OR HAZE
[NO. OF DAYS WITH] [WEATHER - DAYS WITH] 9 = BLOWING SNOW
X = TORNADO
MAX 32 OR BELOW: 0 0.01 INCH OR MORE: 16
MAX 90 OR ABOVE: 3 0.10 INCH OR MORE: 7
MIN 32 OR BELOW: 0 0.50 INCH OR MORE: 4
MIN 0 OR BELOW: 0 1.00 INCH OR MORE: 0
[HDD (BASE 65) ]
TOTAL THIS MO. 51 CLEAR (SCALE 0-3) 13
DPTR FM NORMAL -1 PTCLDY (SCALE 4-7) 11
TOTAL FM JUL 1 2695 CLOUDY (SCALE 8-10) 7
DPTR FM NORMAL -354
[CDD (BASE 65) ]
TOTAL THIS MO. 203
DPTR FM NORMAL 52 [PRESSURE DATA]
TOTAL FM JAN 1 286 HIGHEST SLP M ON M
DPTR FM NORMAL 76 LOWEST SLP 29.48 ON 7
[REMARKS]
#FINAL-05-22#