000
CXUS51 KAKQ 061129
CF6ECG
PRELIMINARY LOCAL CLIMATOLOGICAL DATA (WS FORM: F-6)
STATION: ELIZABETH CITY NC
MONTH: JANUARY
YEAR: 2022
LATITUDE: 36 16 N
LONGITUDE: 76 11 W
TEMPERATURE IN F: :PCPN: SNOW: WIND :SUNSHINE: SKY :PK WND
================================================================================
1 2 3 4 5 6A 6B 7 8 9 10 11 12 13 14 15 16 17 18
12Z AVG MX 2MIN
DY MAX MIN AVG DEP HDD CDD WTR SNW DPTH SPD SPD DIR MIN PSBL S-S WX SPD DR
================================================================================
1 77 61 69 26 0 4 0.00 0.0 0 13.4 23 210 M M 3 30 220
2 71 61 66 23 0 1 0.18 0.0 0 14.0 24 210 M M 5 1 33 200
3 62 31 47 4 18 0 2.05 T 0 24.2 47 30 M M 8 123 57 30
4 43 29 36 -7 29 0 0.00 0.0 0 7.2 17 40 M M 2 20 40
5 53 39 46 3 19 0 0.36 0.0 0 5.9 15 280 M M 9 1 20 120
6 57 44 51 8 14 0 0.00 0.0 0 5.9 13 240 M M 4 1 25 90
7 54 27 41 -2 24 0 T 0.0 0 15.4 32 280 M M 5 8 41 290
8 40 26 33 -10 32 0 0.00 0.0 0 5.8 13 20 M M 0 18 10
9 66 25 46 3 19 0 0.21 0.0 0 10.4 20 200 M M 6 1 28 210
10 57 35 46 4 19 0 0.11 0.0 0 11.2 26 360 M M 5 1 42 220
11 38 26 32 -10 33 0 0.00 0.0 0 10.7 20 360 M M 0 24 350
12 49 22 36 -6 29 0 0.00 0.0 0 7.4 14 200 M M 0 1 21 220
13 55 27 41 -1 24 0 0.00 0.0 0 2.8 7 300 M M 0 8 30
14 54 37 46 4 19 0 0.00 0.0 0 14.4 28 340 M M 1 37 320
15 40 29 35 -7 30 0 0.00 0.0 0 12.0 17 360 M M 1 21 10
16 58 29 44 2 21 0 1.87 0.0 0 18.5 39 110 M M 9 1 49 110
17 47 34 41 -1 24 0 T 0.0 0 19.6 31 230 M M 5 43 230
18 46 27 37 -5 28 0 0.00 0.0 0 7.8 16 270 M M 0 22 260
19 57 27 42 0 23 0 0.00 0.0 0 7.8 20 210 M M 0 25 230
20 58 34 46 4 19 0 0.03 0.0 0 11.6 24 360 M M 4 1 31 10
21 35 28 32 -10 33 0 M 3.0 0 20.1 28 360 M M 10 18 33 350
22 34 17 26 -16 39 0 M 3.0 6 13.2 24 350 M M 8 1 30 350
23 38 15 27 -16 38 0 0.00 0.0 4 5.6 12 200 M M 0 12 15 160
24 46 25 36 -7 29 0 0.00 0.0 3 4.6 9 280 M M 0 14 130
25 56 31 44 1 21 0 0.00 0.0 1 5.2 15 10 M M 0 17 10
26 40 28 34 -9 31 0 0.00 0.0 0 15.7 25 10 M M 3 31 10
27 42 26 34 -9 31 0 0.00 0.0 0 8.5 15 10 M M 0 20 10
28 45 24 35 -8 30 0 0.07 0.2 0 8.2 20 340 M M 5 1 28 360
29 34 20 27 -16 38 0 0.06 0.8 1 16.1 28 310 M M 7 18 37 320
30 37 17 27 -16 38 0 0.00 0.0 T 7.0 15 300 M M 0 20 300
31 51 26 39 -4 26 0 0.00 0.0 0 5.1 14 30 M M 1 19 30
================================================================================
SM 1540 927 778 5 4.94 7.0 335.3 M 101
================================================================================
AV 49.7 29.9 10.8 FASTST M M 3 MAX(MPH)
MISC ----> 47 30 57 30
================================================================================
NOTES:
# LAST OF SEVERAL OCCURRENCES
COLUMN 17 PEAK WIND IN M.P.H.
PRELIMINARY LOCAL CLIMATOLOGICAL DATA (WS FORM: F-6) , PAGE 2
STATION: ELIZABETH CITY NC
MONTH: JANUARY
YEAR: 2022
LATITUDE: 36 16 N
LONGITUDE: 76 11 W
[TEMPERATURE DATA] [PRECIPITATION DATA] SYMBOLS USED IN COLUMN 16
AVERAGE MONTHLY: 39.8 TOTAL FOR MONTH: 4.94 1 = FOG OR MIST
DPTR FM NORMAL: -2.9 DPTR FM NORMAL: 1.64 2 = FOG REDUCING VISIBILITY
HIGHEST: 77 ON 1 GRTST 24HR 2.05 ON 3- 3 TO 1/4 MILE OR LESS
LOWEST: 15 ON 23 3 = THUNDER
SNOW, ICE PELLETS, HAIL 4 = ICE PELLETS
TOTAL MONTH: 7.0 INCHES 5 = HAIL
GRTST 24HR 3.0 ON 21-21 6 = FREEZING RAIN OR DRIZZLE
GRTST DEPTH: 6 ON 22 7 = DUSTSTORM OR SANDSTORM:
VSBY 1/2 MILE OR LESS
8 = SMOKE OR HAZE
[NO. OF DAYS WITH] [WEATHER - DAYS WITH] 9 = BLOWING SNOW
X = TORNADO
MAX 32 OR BELOW: 0 0.01 INCH OR MORE: 9
MAX 90 OR ABOVE: 0 0.10 INCH OR MORE: 6
MIN 32 OR BELOW: 23 0.50 INCH OR MORE: 2
MIN 0 OR BELOW: 0 1.00 INCH OR MORE: 2
[HDD (BASE 65) ]
TOTAL THIS MO. 778 CLEAR (SCALE 0-3) 15
DPTR FM NORMAL 86 PTCLDY (SCALE 4-7) 12
TOTAL FM JUL 1 1636 CLOUDY (SCALE 8-10) 4
DPTR FM NORMAL -158
[CDD (BASE 65) ]
TOTAL THIS MO. 5
DPTR FM NORMAL 4 [PRESSURE DATA]
TOTAL FM JAN 1 5 HIGHEST SLP 30.68 ON 8
DPTR FM NORMAL 4 LOWEST SLP 29.33 ON 17
[REMARKS]
#FINAL-01-22#