000
CXUS52 KTAE 010800
CF6ECP
PRELIMINARY LOCAL CLIMATOLOGICAL DATA (WS FORM: F-6)
STATION: PANAMA CITY NW
MONTH: MAY
YEAR: 2023
LATITUDE: 30 21 N
LONGITUDE: 85 48 W
TEMPERATURE IN F: :PCPN: SNOW: WIND :SUNSHINE: SKY :PK WND
================================================================================
1 2 3 4 5 6A 6B 7 8 9 10 11 12 13 14 15 16 17 18
12Z AVG MX 2MIN
DY MAX MIN AVG DEP HDD CDD WTR SNW DPTH SPD SPD DIR MIN PSBL S-S WX SPD DR
================================================================================
1 79 57 68 -2 0 3 0.00 0.0 0 9.0 22 210 M M 0 27 230
2 79 54 67 -4 0 2 0.00 0.0 M 6.9 21 210 M M 0 27 230
3 81 52 67 -4 0 2 0.00 0.0 M 6.6 17 200 M M 0 24 250
4 81 53 67 -4 0 2 0.00 0.0 M 4.0 15 170 M M 0 20 200
5 78 61 70 -2 0 5 T 0.0 M 4.1 13 160 M M 5 1 17 180
6 86 63 75 3 0 10 0.00 0.0 M 5.2 13 170 M M 2 17 200
7 83 66 75 3 0 10 0.00 0.0 0 7.1 18 180 M M 2 22 170
8 82 65 74 2 0 9 0.02 0.0 0 4.7 14 170 M M 7 12 18 160
9 86 67 77 5 0 12 0.00 0.0 0 3.8 15 220 M M 6 128 18 190
10 90 70 80 7 0 15 0.00 0.0 0 4.2 14 180 M M 4 123 17 170
11 88 71 80 7 0 15 0.00 0.0 0 6.9 15 190 M M 3 128 20 100
12 84 69 77 4 0 12 0.02 0.0 0 5.6 16 320 M M 3 13 21 310
13 90 67 79 5 0 14 0.78 0.0 0 5.0 74 110 M M 3 13 74 110
14 93 67 80 6 0 15 0.04 0.0 0 3.3 16 160 M M 5 123 18 160
15 93 71 82 8 0 17 0.08 0.0 0 5.6 22 350 M M 2 13 30 210
16 86 69 78 4 0 13 T 0.0 0 6.2 17 180 M M 5 13 22 160
17 86 69 78 4 0 13 0.88 0.0 M 4.6 25 310 M M 3 13 31 310
18 86 66 76 1 0 11 0.04 M M 2.4 13 300 M M 3 38 17 240
19 87 69 78 3 0 13 0.00 M M 5.1 12 20 M M 6 1 15 50
20 87 67 77 2 0 12 0.00 M M 4.1 12 220 M M 2 17 220
21 84 M M M M M 2.24 0.0 0 4.4 18 180 M M 4 13 23 160
22 88 71 80 4 0 15 T 0.0 0 5.9 18 40 M M 3 3 23 30
23 83 71 77 1 0 12 0.15 0.0 M 7.8 16 360 M M 9 13 24 30
24 82 69 76 0 0 11 1.48 0.0 M 6.5 17 40 M M 8 138 22 60
25 84 65 75 -1 0 10 0.00 0.0 M 7.6 15 340 M M 2 21 30
26 82 64 73 -4 0 8 0.00 0.0 M 8.4 18 10 M M 2 25 20
27 83 63 73 -4 0 8 0.00 0.0 M 8.2 16 340 M M 1 23 20
28 82 57 70 -7 0 5 0.00 0.0 M 5.1 15 200 M M 0 22 210
29 84 66 75 -2 0 10 0.01 0.0 M 6.3 17 210 M M 3 21 210
30 85 61 73 -5 0 8 0.00 0.0 0 2.4 10 310 M M 3 12 310
31 83 68 76 -2 0 11 0.09 0.0 0 5.2 21 110 M M 4 13 28 110
================================================================================
SM 2625 1948 0 303 5.83 0.0 172.2 M 100
================================================================================
AV 84.7 64.9 5.6 FASTST M M 3 MAX(MPH)
MISC ----> 74 110 74 110
================================================================================
NOTES:
# LAST OF SEVERAL OCCURRENCES
COLUMN 17 PEAK WIND IN M.P.H.
PRELIMINARY LOCAL CLIMATOLOGICAL DATA (WS FORM: F-6) , PAGE 2
STATION: PANAMA CITY NW
MONTH: MAY
YEAR: 2023
LATITUDE: 30 21 N
LONGITUDE: 85 48 W
[TEMPERATURE DATA] [PRECIPITATION DATA] SYMBOLS USED IN COLUMN 16
AVERAGE MONTHLY: 74.8 TOTAL FOR MONTH: 5.83 1 = FOG OR MIST
DPTR FM NORMAL: 0.6 DPTR FM NORMAL: 2.83 2 = FOG REDUCING VISIBILITY
HIGHEST: 93 ON 15,14 GRTST 24HR 2.24 ON 21-22 TO 1/4 MILE OR LESS
LOWEST: 52 ON 3 3 = THUNDER
SNOW, ICE PELLETS, HAIL 4 = ICE PELLETS
TOTAL MONTH: 0.0 INCH 5 = HAIL
GRTST 24HR 0.0 6 = FREEZING RAIN OR DRIZZLE
GRTST DEPTH: 0 7 = DUSTSTORM OR SANDSTORM:
VSBY 1/2 MILE OR LESS
8 = SMOKE OR HAZE
[NO. OF DAYS WITH] [WEATHER - DAYS WITH] 9 = BLOWING SNOW
X = TORNADO
MAX 32 OR BELOW: 0 0.01 INCH OR MORE: 12
MAX 90 OR ABOVE: 4 0.10 INCH OR MORE: 5
MIN 32 OR BELOW: 0 0.50 INCH OR MORE: 4
MIN 0 OR BELOW: 0 1.00 INCH OR MORE: 2
[HDD (BASE 65) ]
TOTAL THIS MO. 0 CLEAR (SCALE 0-3) 18
DPTR FM NORMAL -3 PTCLDY (SCALE 4-7) 12
TOTAL FM JUL 1 965 CLOUDY (SCALE 8-10) 1
DPTR FM NORMAL -440
[CDD (BASE 65) ]
TOTAL THIS MO. 303
DPTR FM NORMAL 15 [PRESSURE DATA]
TOTAL FM JAN 1 711 HIGHEST SLP M ON M
DPTR FM NORMAL 261 LOWEST SLP 29.80 ON 1
[REMARKS]
#FINAL-05-23#