000
CXUS52 KTAE 010900
CF6ECP
PRELIMINARY LOCAL CLIMATOLOGICAL DATA (WS FORM: F-6)
STATION: PANAMA CITY NW
MONTH: FEBRUARY
YEAR: 2022
LATITUDE: 30 21 N
LONGITUDE: 85 48 W
TEMPERATURE IN F: :PCPN: SNOW: WIND :SUNSHINE: SKY :PK WND
================================================================================
1 2 3 4 5 6A 6B 7 8 9 10 11 12 13 14 15 16 17 18
12Z AVG MX 2MIN
DY MAX MIN AVG DEP HDD CDD WTR SNW DPTH SPD SPD DIR MIN PSBL S-S WX SPD DR
================================================================================
1 67 38 53 -1 12 0 0.00 0.0 0 6.9 18 100 M M 0 27 100
2 72 50 61 7 4 0 0.00 0.0 0 11.8 23 140 M M 3 32 140
3 71 64 68 14 0 3 0.00 0.0 0 15.8 24 130 M M 10 1 33 140
4 69 41 55 1 10 0 0.86 0.0 0 10.9 24 210 M M 9 13 31 210
5 52 35 44 -10 21 0 0.01 0.0 0 12.9 21 330 M M 4 29 330
6 63 34 49 -5 16 0 0.00 0.0 0 6.1 10 30 M M 3 M M
7 51 44 48 -7 17 0 0.07 0.0 0 6.1 14 320 M M 7 1 18 30
8 58 34 46 -9 19 0 0.00 0.0 0 5.1 13 330 M M 0 16 330
9 63 30 47 -8 18 0 0.00 0.0 0 3.1 16 170 M M 0 8 19 170
10 67 33 50 -5 15 0 0.00 0.0 0 3.0 13 190 M M 0 16 170
11 66 37 52 -3 13 0 T 0.0 0 3.3 16 160 M M 5 19 160
12 65 49 57 2 8 0 0.00 0.0 0 2.5 8 30 M M 6 10 30
13 59 35 47 -9 18 0 T 0.0 0 10.4 26 310 M M 3 33 300
14 62 27 45 -11 20 0 0.00 0.0 0 4.8 15 340 M M 0 19 340
15 68 32 50 -6 15 0 0.00 0.0 M 5.5 18 100 M M 0 8 24 100
16 74 50 62 6 3 0 0.00 0.0 M 8.0 21 140 M M 2 28 140
17 70 60 65 9 0 0 T 0.0 M 13.2 23 150 M M 9 1 33 140
18 70 47 59 3 6 0 0.21 0.0 0 9.8 22 220 M M 8 13 28 210
19 63 37 50 -6 15 0 0.00 0.0 M 9.3 20 330 M M 0 29 20
20 69 36 53 -4 12 0 0.00 0.0 M 5.8 14 100 M M 0 20 50
21 70 47 59 2 6 0 0.00 0.0 0 4.3 14 160 M M 7 1 17 150
22 75 62 69 12 0 4 0.00 0.0 0 8.3 23 150 M M 5 12 31 130
23 76 59 68 11 0 3 0.00 0.0 0 3.8 12 180 M M 6 12 14 170
24 77 53 65 8 0 0 0.00 0.0 0 4.7 16 140 M M 7 12 20 140
25 76 58 67 9 0 2 0.00 0.0 0 5.3 14 210 M M 7 12 17 150
26 79 50 65 7 0 0 0.00 0.0 0 5.8 12 360 M M 1 15 170
27 78 51 65 7 0 0 T 0.0 0 6.6 16 210 M M 6 26 240
28 63 48 56 -2 9 0 0.00 0.0 0 8.0 16 330 M M 8 20 330
================================================================================
SM 1893 1241 257 12 1.15 0.0 201.1 M 116
================================================================================
AV 67.6 44.3 7.2 FASTST M M 4 MAX(MPH)
MISC ----> 26 310 # 33 140
================================================================================
NOTES:
# LAST OF SEVERAL OCCURRENCES
COLUMN 17 PEAK WIND IN M.P.H.
PRELIMINARY LOCAL CLIMATOLOGICAL DATA (WS FORM: F-6) , PAGE 2
STATION: PANAMA CITY NW
MONTH: FEBRUARY
YEAR: 2022
LATITUDE: 30 21 N
LONGITUDE: 85 48 W
[TEMPERATURE DATA] [PRECIPITATION DATA] SYMBOLS USED IN COLUMN 16
AVERAGE MONTHLY: 56.0 TOTAL FOR MONTH: 1.15 1 = FOG OR MIST
DPTR FM NORMAL: 0.2 DPTR FM NORMAL: -3.62 2 = FOG REDUCING VISIBILITY
HIGHEST: 79 ON 26 GRTST 24HR 0.86 ON 4- 4 TO 1/4 MILE OR LESS
LOWEST: 27 ON 14 3 = THUNDER
SNOW, ICE PELLETS, HAIL 4 = ICE PELLETS
TOTAL MONTH: 0.0 INCH 5 = HAIL
GRTST 24HR 0.0 6 = FREEZING RAIN OR DRIZZLE
GRTST DEPTH: 0 7 = DUSTSTORM OR SANDSTORM:
VSBY 1/2 MILE OR LESS
8 = SMOKE OR HAZE
[NO. OF DAYS WITH] [WEATHER - DAYS WITH] 9 = BLOWING SNOW
X = TORNADO
MAX 32 OR BELOW: 0 0.01 INCH OR MORE: 4
MAX 90 OR ABOVE: 0 0.10 INCH OR MORE: 2
MIN 32 OR BELOW: 3 0.50 INCH OR MORE: 1
MIN 0 OR BELOW: 0 1.00 INCH OR MORE: 0
[HDD (BASE 65) ]
TOTAL THIS MO. 257 CLEAR (SCALE 0-3) 11
DPTR FM NORMAL -11 PTCLDY (SCALE 4-7) 14
TOTAL FM JUL 1 1114 CLOUDY (SCALE 8-10) 3
DPTR FM NORMAL -87
[CDD (BASE 65) ]
TOTAL THIS MO. 12
DPTR FM NORMAL 2 [PRESSURE DATA]
TOTAL FM JAN 1 24 HIGHEST SLP 30.54 ON 15
DPTR FM NORMAL 8 LOWEST SLP 29.98 ON 18
[REMARKS]
#FINAL-02-22#