000
CXUS52 KTAE 010900
CF6ECP
PRELIMINARY LOCAL CLIMATOLOGICAL DATA (WS FORM: F-6)
STATION: PANAMA CITY NW
MONTH: DECEMBER
YEAR: 2020
LATITUDE: 30 21 N
LONGITUDE: 85 48 W
TEMPERATURE IN F: :PCPN: SNOW: WIND :SUNSHINE: SKY :PK WND
================================================================================
1 2 3 4 5 6A 6B 7 8 9 10 11 12 13 14 15 16 17 18
12Z AVG MX 2MIN
DY MAX MIN AVG DEP HDD CDD WTR SNW DPTH SPD SPD DIR MIN PSBL S-S WX SPD DR
================================================================================
1 53 30 42 M 23 0 0.00 0.0 0 6.1 21 300 M M 0 25 290
2 61 30 46 M 19 0 0.00 0.0 0 4.4 13 20 M M 0 17 20
3 64 44 54 M 11 0 0.00 0.0 M 7.1 13 80 M M 0 16 60
4 73 47 60 M 5 0 0.04 0.0 M 9.1 21 330 M M 4 1 27 310
5 63 39 51 M 14 0 0.00 0.0 M 5.4 18 350 M M 0 25 350
6 65 47 56 M 9 0 T 0.0 M 3.9 16 300 M M 3 20 300
7 61 41 51 M 14 0 0.09 0.0 M 10.9 25 300 M M 2 1 34 300
8 59 33 46 M 19 0 0.00 0.0 M 5.8 16 320 M M 0 8 21 340
9 68 34 51 M 14 0 0.00 0.0 M 3.7 17 230 M M 0 8 23 210
10 71 39 55 M 10 0 0.00 0.0 M 1.3 13 160 M M 2 12 15 150
11 73 44 59 M 6 0 0.00 0.0 M 4.6 12 150 M M 1 1 14 150
12 79 57 68 M 0 3 0.00 0.0 M 8.3 20 140 M M 3 8 24 140
13 M M M M M M 0.15 M M 5.8 17 140 M M 8 18 23 140
14 64 46 55 M 10 0 T M M 13.7 30 210 M M 4 40 210
15 62 39 51 M 14 0 0.00 M M 3.9 12 40 M M 3 15 40
16 62 44 53 M 12 0 0.38 0.0 M 7.9 18 320 M M 8 1 23 310
17 47 32 40 M 25 0 0.00 0.0 M 9.3 17 300 M M 6 22 310
18 57 30 44 M 21 0 0.00 0.0 M 5.2 16 30 M M 0 20 20
19 61 30 46 M 19 0 0.00 0.0 M 5.6 13 50 M M 1 16 50
20 58 50 54 M 11 0 1.99 0.0 0 7.2 17 90 M M 10 1 20 90
21 65 45 55 M 10 0 0.00 0.0 0 6.4 14 320 M M 5 17 320
22 71 41 56 M 9 0 0.00 0.0 M 3.5 13 10 M M 0 15 20
23 68 40 54 M 11 0 0.00 0.0 M 6.9 16 140 M M 1 1 22 130
24 69 37 53 M 12 0 0.71 0.0 M 15.2 28 290 M M 7 13 37 290
25 49 29 39 M 26 0 0.00 0.0 M 6.6 20 270 M M 0 25 280
26 52 26 39 M 26 0 0.00 0.0 M 2.9 10 350 M M 0 14 310
27 59 29 44 M 21 0 0.00 0.0 0 2.3 9 230 M M 0 13 150
28 68 33 51 M 14 0 0.00 0.0 0 1.7 10 330 M M 0 15 320
29 71 38 55 M 10 0 0.00 0.0 M 4.7 14 90 M M 1 17 100
30 75 50 63 M 2 0 0.00 0.0 M 7.0 18 140 M M 3 24 130
31 74 57 66 M 0 1 0.21 0.0 M 10.3 22 120 M M 9 1 30 120
================================================================================
SM 1922 1181 397 4 3.57 0.0 196.7 M 81
================================================================================
AV 64.1 39.4 6.3 FASTST M M 3 MAX(MPH)
MISC ----> 30 210 40 210
================================================================================
NOTES:
# LAST OF SEVERAL OCCURRENCES
COLUMN 17 PEAK WIND IN M.P.H.
PRELIMINARY LOCAL CLIMATOLOGICAL DATA (WS FORM: F-6) , PAGE 2
STATION: PANAMA CITY NW
MONTH: DECEMBER
YEAR: 2020
LATITUDE: 30 21 N
LONGITUDE: 85 48 W
[TEMPERATURE DATA] [PRECIPITATION DATA] SYMBOLS USED IN COLUMN 16
AVERAGE MONTHLY: 51.7 TOTAL FOR MONTH: 3.57 1 = FOG OR MIST
DPTR FM NORMAL: 0.0 DPTR FM NORMAL: M 2 = FOG REDUCING VISIBILITY
HIGHEST: 79 ON 12 GRTST 24HR 1.99 ON 20-20 TO 1/4 MILE OR LESS
LOWEST: 26 ON 26 3 = THUNDER
SNOW, ICE PELLETS, HAIL 4 = ICE PELLETS
TOTAL MONTH: 0.0 INCH 5 = HAIL
GRTST 24HR 0.0 6 = FREEZING RAIN OR DRIZZLE
GRTST DEPTH: 0 7 = DUSTSTORM OR SANDSTORM:
VSBY 1/2 MILE OR LESS
8 = SMOKE OR HAZE
[NO. OF DAYS WITH] [WEATHER - DAYS WITH] 9 = BLOWING SNOW
X = TORNADO
MAX 32 OR BELOW: 0 0.01 INCH OR MORE: 7
MAX 90 OR ABOVE: 0 0.10 INCH OR MORE: 5
MIN 32 OR BELOW: 8 0.50 INCH OR MORE: 2
MIN 0 OR BELOW: 0 1.00 INCH OR MORE: 1
[HDD (BASE 65) ]
TOTAL THIS MO. 397 CLEAR (SCALE 0-3) 19
DPTR FM NORMAL M PTCLDY (SCALE 4-7) 9
TOTAL FM JUL 1 479 CLOUDY (SCALE 8-10) 3
DPTR FM NORMAL M
[CDD (BASE 65) ]
TOTAL THIS MO. 4
DPTR FM NORMAL M [PRESSURE DATA]
TOTAL FM JAN 1 3052 HIGHEST SLP 30.45 ON 18
DPTR FM NORMAL M LOWEST SLP 29.75 ON 24
[REMARKS]
#FINAL-12-20#