000
CXUS54 KEWX 011010
CF6ECU
PRELIMINARY LOCAL CLIMATOLOGICAL DATA (WS FORM: F-6)
STATION: Edwards County Airport
MONTH: NOVEMBER
YEAR: 2020
LATITUDE: 29 57 N
LONGITUDE: 100 10 W
TEMPERATURE IN F: :PCPN: SNOW: WIND :SUNSHINE: SKY :PK WND
================================================================================
1 2 3 4 5 6A 6B 7 8 9 10 11 12 13 14 15 16 17 18
12Z AVG MX 2MIN
DY MAX MIN AVG DEP HDD CDD WTR SNW DPTH SPD SPD DIR MIN PSBL S-S WX SPD DR
================================================================================
1 73 52 63 M 2 0 0.00 M M 6.8 13 70 M M 0 20 40
2 72 45 59 M 6 0 0.00 M M 6.7 12 150 M M 0 17 150
3 73 46 60 M 5 0 0.00 M M 10.2 15 180 M M 0 23 180
4 75 50 63 M 2 0 0.00 M M 9.8 17 170 M M 2 22 180
5 77 57 67 M 0 2 0.00 M M 8.4 13 170 M M 4 20 180
6 75 54 65 M 0 0 0.00 M M 7.8 12 170 M M 2 2 17 180
7 73 55 64 M 1 0 0.00 M M 10.0 16 150 M M 2 21 140
8 75 59 67 M 0 2 0.00 M M 15.2 21 170 M M 5 27 170
9 73 63 68 M 0 3 0.00 M M 14.0 22 160 M M 8 1 28 160
10 75 54 65 M 0 0 0.00 M M 9.3 18 150 M M 6 1 29 160
11 77 52 65 M 0 0 0.00 M M 6.5 12 160 M M 5 16 170
12 77 57 67 M 0 2 0.00 M M 8.0 14 180 M M 6 1 20 180
13 75 59 67 M 0 2 0.00 M M 9.6 17 160 M M 9 12 21 150
14 77 63 70 M 0 5 0.00 M M 11.2 22 160 M M 6 1 30 160
15 68 50 59 M 6 0 0.00 M M 9.7 18 340 M M 4 30 30
16 73 45 59 M 6 0 0.00 M M 6.8 14 210 M M 3 16 190
17 73 48 61 M 4 0 0.00 M M 6.9 14 150 M M 3 13 140
18 70 45 58 M 7 0 0.00 M M 9.7 17 160 M M 6 23 160
19 73 57 65 M 0 0 0.00 M M 12.5 18 190 M M 7 27 170
20 75 57 66 M 0 1 0.00 M M 11.0 16 170 M M 5 23 170
21 75 57 66 M 0 1 0.00 M M 9.3 15 160 M M 8 18 140
22 72 59 66 M 0 1 0.00 M M 9.4 14 150 M M 10 21 160
23 66 55 61 M 4 0 0.00 M M 12.7 23 150 M M 9 33 150
24 77 61 69 M 0 4 0.00 M M 15.8 24 170 M M 6 36 170
25 73 48 61 M 4 0 0.00 M M 6.2 13 10 M M 5 20 10
26 66 50 58 M 7 0 0.00 M M 9.5 13 170 M M 4 1 20 170
27 66 54 60 M 5 0 0.00 M M 8.8 13 50 M M 8 1 20 50
28 54 41 48 M 17 0 0.10 M M 9.3 13 10 M M 9 12 20 60
29 52 37 45 M 20 0 0.00 M M 9.7 18 360 M M 5 12 24 360
30 52 32 42 M 23 0 0.00 M M 8.0 16 10 M M 0 24 10
================================================================================
SM 2132 1562 119 23 0.10 M 288.8 M 147
================================================================================
AV 71.1 52.1 9.6 FASTST M M 5 MAX(MPH)
MISC ----> # 24 170 # 36 170
================================================================================
NOTES:
# LAST OF SEVERAL OCCURRENCES
COLUMN 17 PEAK WIND IN M.P.H.
PRELIMINARY LOCAL CLIMATOLOGICAL DATA (WS FORM: F-6) , PAGE 2
STATION: Edwards County Airport
MONTH: NOVEMBER
YEAR: 2020
LATITUDE: 29 57 N
LONGITUDE: 100 10 W
[TEMPERATURE DATA] [PRECIPITATION DATA] SYMBOLS USED IN COLUMN 16
AVERAGE MONTHLY: 61.6 TOTAL FOR MONTH: 0.10 1 = FOG OR MIST
DPTR FM NORMAL: M DPTR FM NORMAL: M 2 = FOG REDUCING VISIBILITY
HIGHEST: 77 ON 24,14 GRTST 24HR 0.10 ON 28-28 TO 1/4 MILE OR LESS
LOWEST: 32 ON 30 3 = THUNDER
SNOW, ICE PELLETS, HAIL 4 = ICE PELLETS
TOTAL MONTH: M 5 = HAIL
GRTST 24HR M ON M 6 = FREEZING RAIN OR DRIZZLE
GRTST DEPTH: M ON M 7 = DUSTSTORM OR SANDSTORM:
VSBY 1/2 MILE OR LESS
8 = SMOKE OR HAZE
[NO. OF DAYS WITH] [WEATHER - DAYS WITH] 9 = BLOWING SNOW
X = TORNADO
MAX 32 OR BELOW: 0 0.01 INCH OR MORE: 1
MAX 90 OR ABOVE: 0 0.10 INCH OR MORE: 1
MIN 32 OR BELOW: 1 0.50 INCH OR MORE: 0
MIN 0 OR BELOW: 0 1.00 INCH OR MORE: 0
[HDD (BASE 65) ]
TOTAL THIS MO. 119 CLEAR (SCALE 0-3) 8
DPTR FM NORMAL M PTCLDY (SCALE 4-7) 18
TOTAL FM JUL 1 229 CLOUDY (SCALE 8-10) 4
DPTR FM NORMAL M
[CDD (BASE 65) ]
TOTAL THIS MO. 23
DPTR FM NORMAL M [PRESSURE DATA]
TOTAL FM JAN 1 2545 HIGHEST SLP M ON M
DPTR FM NORMAL M LOWEST SLP M ON M
[REMARKS]
#FINAL-11-20#