667
CXUS55 KVEF 030329
CF6EED
PRELIMINARY LOCAL CLIMATOLOGICAL DATA (WS FORM: F-6)
STATION: NEEDLES CA
MONTH: JUNE
YEAR: 2020
LATITUDE: 34 46 N
LONGITUDE: 114 37 W
TEMPERATURE IN F: :PCPN: SNOW: WIND :SUNSHINE: SKY :PK WND
================================================================================
1 2 3 4 5 6A 6B 7 8 9 10 11 12 13 14 15 16 17 18
12Z AVG MX 2MIN
DY MAX MIN AVG DEP HDD CDD WTR SNW DPTH SPD SPD DIR MIN PSBL S-S WX SPD DR
================================================================================
1 106 74 90 4 0 25 0.00 M M 6.7 17 200 M M 0 22 190
2 108 80 94 7 0 29 0.00 M M 4.3 13 20 M M 0 17 210
3 114 83 99 12 0 34 0.00 M M 6.8 16 230 M M 0 19 360
4 113 84 99 12 0 34 0.00 M M 7.3 23 220 M M 0 34 210
5 110 83 97 9 0 32 0.00 M M 12.5 28 150 M M 0 40 120
6 93 74 84 -4 0 19 0.00 M M 12.1 24 160 M M 0 32 200
7 96 68 82 -6 0 17 0.00 M M 13.8 31 260 M M 0 38 240
8 86 68 77 -11 0 12 0.00 M M 14.7 28 10 M M 0 40 20
9 96 61 79 -10 0 14 0.00 M M 8.9 21 10 M M 0 29 350
10 105 68 87 -2 0 22 0.00 M M 5.2 14 240 M M 0 15 70
11 110 72 91 2 0 26 0.00 M M 8.3 20 180 M M 0 25 200
12 108 75 92 2 0 27 T M M 12.5 28 180 M M 0 37 170
13 99 74 87 -3 0 22 0.00 M M 8.0 22 230 M M 0 29 240
14 101 70 86 -4 0 21 0.00 M M 7.6 20 200 M M 0 24 210
15 104 72 88 -3 0 23 0.00 M M 8.5 22 170 M M 0 28 160
16 105 82 94 3 0 29 0.00 M M 13.9 26 170 M M 0 36 180
17 102 79 91 0 0 26 0.00 M M 6.0 16 200 M M 0 21 130
18 104 76 90 -2 0 25 0.00 M M 8.3 23 360 M M 0 28 350
19 108 76 92 0 0 27 0.00 M M 5.6 15 220 M M 0 19 90
20 109 80 95 3 0 30 0.00 M M 6.5 16 230 M M 0 23 220
21 111 80 96 4 0 31 0.00 M M 5.7 18 230 M M 0 25 230
22 112 82 97 4 0 32 0.00 M M 7.3 18 170 M M 0 25 160
23 112 80 96 3 0 31 0.00 M M 5.9 15 170 M M 0 23 200
24 111 82 97 4 0 32 0.00 M M 7.3 20 170 M M 0 26 200
25 111 85 98 4 0 33 0.00 M M 7.4 21 180 M M 0 27 170
26 111 84 98 4 0 33 0.00 M M 5.7 22 300 M M 0 26 290
27 111 83 97 3 0 32 0.00 M M 9.4 21 180 M M 0 25 180
28 105 86 96 2 0 31 0.00 M M 17.8 31 170 M M 0 43 170
29 96 76 86 -9 0 21 0.00 M M 10.8 22 200 M M 0 30 200
30 102 72 87 -8 0 22 0.00 M M 6.0 14 240 M M 0 16 240
================================================================================
SM 3159 2309 0 792 T M 260.8 M 0
================================================================================
AV105.3 77.0 8.7 FASTST M M 0 MAX(MPH)
MISC ----> # 31 260 43 170
================================================================================
NOTES:
# LAST OF SEVERAL OCCURRENCES
COLUMN 17 PEAK WIND IN M.P.H.
PRELIMINARY LOCAL CLIMATOLOGICAL DATA (WS FORM: F-6) , PAGE 2
STATION: NEEDLES CA
MONTH: JUNE
YEAR: 2020
LATITUDE: 34 46 N
LONGITUDE: 114 37 W
[TEMPERATURE DATA] [PRECIPITATION DATA] SYMBOLS USED IN COLUMN 16
AVERAGE MONTHLY: 91.1 TOTAL FOR MONTH: T 1 = FOG OR MIST
DPTR FM NORMAL: 0.4 DPTR FM NORMAL: -0.03 2 = FOG REDUCING VISIBILITY
HIGHEST: 114 ON 3 GRTST 24HR T ON 12-12 TO 1/4 MILE OR LESS
LOWEST: 61 ON 9 3 = THUNDER
SNOW, ICE PELLETS, HAIL 4 = ICE PELLETS
TOTAL MONTH: M 5 = HAIL
GRTST 24HR M ON M 6 = FREEZING RAIN OR DRIZZLE
GRTST DEPTH: M ON M 7 = DUSTSTORM OR SANDSTORM:
VSBY 1/2 MILE OR LESS
8 = SMOKE OR HAZE
[NO. OF DAYS WITH] [WEATHER - DAYS WITH] 9 = BLOWING SNOW
X = TORNADO
MAX 32 OR BELOW: 0 0.01 INCH OR MORE: 0
MAX 90 OR ABOVE: 29 0.10 INCH OR MORE: 0
MIN 32 OR BELOW: 0 0.50 INCH OR MORE: 0
MIN 0 OR BELOW: 0 1.00 INCH OR MORE: 0
[HDD (BASE 65) ]
TOTAL THIS MO. 0 CLEAR (SCALE 0-3) 30
DPTR FM NORMAL 0 PTCLDY (SCALE 4-7) 0
TOTAL FM JUL 1 1056 CLOUDY (SCALE 8-10) 0
DPTR FM NORMAL -115
[CDD (BASE 65) ]
TOTAL THIS MO. 792
DPTR FM NORMAL 21 [PRESSURE DATA]
TOTAL FM JAN 1 1726 HIGHEST SLP 30.07 ON 9
DPTR FM NORMAL 126 LOWEST SLP 29.33 ON 28
[REMARKS]
#FINAL-06-20#