000
CXUS56 KEKA 060423
CF6EKA
PRELIMINARY LOCAL CLIMATOLOGICAL DATA (WS FORM: F-6)
STATION: EUREKA CA
MONTH: JULY
YEAR: 2023
LATITUDE: 40 47 N
LONGITUDE: 124 10 W
TEMPERATURE IN F: :PCPN: SNOW: WIND :SUNSHINE: SKY :PK WND
================================================================================
1 2 3 4 5 6A 6B 7 8 9 10 11 12 13 14 15 16 17 18
12Z AVG MX 2MIN
DY MAX MIN AVG DEP HDD CDD WTR SNW DPTH SPD SPD DIR MIN PSBL S-S WX SPD DR
================================================================================
1 62 51 57 0 8 0 T 0.0 0 3.4 7 340 M M 4 1 7 M
2 64 51 58 1 7 0 0.00 0.0 0 3.4 7 290 M M 0 7 M
3 62 48 55 -2 10 0 0.00 0.0 0 3.7 7 260 M M 2 1 10 M
4 60 52 56 -1 9 0 0.00 0.0 0 5.8 10 M M M 9 1 14 M
5 61 50 56 -1 9 0 0.00 0.0 0 4.7 12 270 M M 9 18 12 M
6 59 52 56 -1 9 0 0.01 0.0 0 2.8 12 340 M M 10 1 12 M
7 62 53 58 1 7 0 0.01 0.0 0 4.1 10 360 M M 10 1 13 M
8 62 54 58 1 7 0 0.00 0.0 0 5.0 10 310 M M 10 12 M
9 66 53 60 3 5 0 T 0.0 0 3.9 10 330 M M 7 1 10 M
10 63 54 59 2 6 0 0.00 0.0 0 4.8 10 360 M M 7 12 M
11 61 54 58 0 7 0 T 0.0 0 4.7 7 340 M M 10 1 8 M
12 64 54 59 1 6 0 T 0.0 0 3.2 8 360 M M 10 1 9 M
13 64 53 59 1 6 0 0.00 0.0 0 3.0 9 310 M M 8 28 9 M
14 64 55 60 2 5 0 T 0.0 0 2.7 8 330 M M 4 1 8 M
15 63 54 59 1 6 0 0.00 0.0 0 2.6 6 300 M M 10 1 7 M
16 63 53 58 0 7 0 0.00 0.0 0 4.8 9 330 M M 9 1 12 M
17 66 53 60 2 5 0 0.00 0.0 0 5.6 14 340 M M 4 18 18 M
18 63 54 59 1 6 0 0.00 0.0 0 3.5 8 330 M M 7 8 13 M
19 63 54 59 1 6 0 0.00 0.0 0 4.8 8 320 M M 10 1 13 M
20 65 55 60 2 5 0 T 0.0 0 5.9 10 20 M M 7 1 12 M
21 62 53 58 0 7 0 0.00 0.0 0 5.7 10 280 M M 9 18 12 M
22 65 53 59 1 6 0 0.00 0.0 0 3.1 8 30 M M 4 1 8 M
23 66 54 60 2 5 0 0.00 0.0 0 3.4 8 20 M M 6 1 8 M
24 67 56 62 4 3 0 0.00 M M 2.4 M M M M 3 1 6 M
25 67 55 61 3 4 0 0.00 0.0 0 2.8 8 330 M M 5 1 15 M
26 64 53 59 1 6 0 0.00 0.0 0 3.4 8 20 M M 3 8 350
27 65 54 60 2 5 0 0.00 M 0 4.2 8 320 M M 3 12 M
28 64 55 60 2 5 0 0.00 0.0 0 4.4 12 320 M M 3 13 M
29 67 54 61 3 4 0 0.00 0.0 0 3.9 7 350 M M 5 12 350
30 67 54 61 3 4 0 0.00 0.0 0 3.9 13 10 M M 4 13 10
31 65 56 61 3 4 0 0.00 0.0 0 4.4 7 320 M M 5 8 M
================================================================================
SM 1976 1654 189 0 0.02 0.0 124.0 M 197
================================================================================
AV 63.7 53.4 4.0 FASTST M M 6 MAX(MPH)
MISC ----> 14 340 18 9999
================================================================================
NOTES:
# LAST OF SEVERAL OCCURRENCES
COLUMN 17 PEAK WIND IN M.P.H.
PRELIMINARY LOCAL CLIMATOLOGICAL DATA (WS FORM: F-6) , PAGE 2
STATION: EUREKA CA
MONTH: JULY
YEAR: 2023
LATITUDE: 40 47 N
LONGITUDE: 124 10 W
[TEMPERATURE DATA] [PRECIPITATION DATA] SYMBOLS USED IN COLUMN 16
AVERAGE MONTHLY: 58.5 TOTAL FOR MONTH: 0.02 1 = FOG OR MIST
DPTR FM NORMAL: 0.8 DPTR FM NORMAL: -0.16 2 = FOG REDUCING VISIBILITY
HIGHEST: 67 ON 30,29 GRTST 24HR 0.01 ON 6- 6 TO 1/4 MILE OR LESS
LOWEST: 48 ON 3 3 = THUNDER
SNOW, ICE PELLETS, HAIL 4 = ICE PELLETS
TOTAL MONTH: 0.0 INCH 5 = HAIL
GRTST 24HR 0.0 6 = FREEZING RAIN OR DRIZZLE
GRTST DEPTH: 0 7 = DUSTSTORM OR SANDSTORM:
VSBY 1/2 MILE OR LESS
8 = SMOKE OR HAZE
[NO. OF DAYS WITH] [WEATHER - DAYS WITH] 9 = BLOWING SNOW
X = TORNADO
MAX 32 OR BELOW: 0 0.01 INCH OR MORE: 2
MAX 90 OR ABOVE: 0 0.10 INCH OR MORE: 0
MIN 32 OR BELOW: 0 0.50 INCH OR MORE: 0
MIN 0 OR BELOW: 0 1.00 INCH OR MORE: 0
[HDD (BASE 65) ]
TOTAL THIS MO. 189 CLEAR (SCALE 0-3) 5
DPTR FM NORMAL -36 PTCLDY (SCALE 4-7) 15
TOTAL FM JUL 1 189 CLOUDY (SCALE 8-10) 11
DPTR FM NORMAL -38
[CDD (BASE 65) ]
TOTAL THIS MO. 0
DPTR FM NORMAL 0 [PRESSURE DATA]
TOTAL FM JAN 1 0 HIGHEST SLP 30.15 ON 24
DPTR FM NORMAL 0 LOWEST SLP 29.86 ON 3
[REMARKS]
#FINAL-07-23#