000
CXUS53 KTOP 010910
CF6EMP
PRELIMINARY LOCAL CLIMATOLOGICAL DATA (WS FORM: F-6)
STATION: EMPORIA KS
MONTH: NOVEMBER
YEAR: 2023
LATITUDE: 38 19 N
LONGITUDE: 96 12 W
TEMPERATURE IN F: :PCPN: SNOW: WIND :SUNSHINE: SKY :PK WND
================================================================================
1 2 3 4 5 6A 6B 7 8 9 10 11 12 13 14 15 16 17 18
12Z AVG MX 2MIN
DY MAX MIN AVG DEP HDD CDD WTR SNW DPTH SPD SPD DIR MIN PSBL S-S WX SPD DR
================================================================================
1 56 21 39 -12 26 0 0.00 M M 10.8 23 190 M M 0 30 170
2 67 35 51 1 14 0 0.00 M M 13.8 28 200 M M 0 34 200
3 74 42 58 8 7 0 0.00 M M 11.5 23 200 M M 0 29 190
4 66 42 54 5 11 0 0.00 M M 6.4 16 40 M M 0 22 40
5 75 39 57 8 8 0 0.00 M M 8.2 21 180 M M 1 1 28 180
6 73 48 61 12 4 0 0.00 M M 4.3 15 190 M M 2 12 19 190
7 77 50 64 16 1 0 0.00 M M 8.0 16 150 M M 4 12 21 160
8 70 51 61 13 4 0 0.00 M M 11.6 23 340 M M 3 12 32 330
9 59 39 49 2 16 0 0.00 M M 6.3 16 350 M M 0 8 25 340
10 58 32 45 -2 20 0 0.00 M M 5.6 10 90 M M 0 8 14 90
11 63 39 51 5 14 0 0.00 M M 8.6 17 190 M M 6 22 190
12 73 38 56 10 9 0 0.00 M M 9.9 20 200 M M 0 27 220
13 72 37 55 9 10 0 0.00 M M 5.8 17 140 M M 0 1 23 140
14 70 39 55 10 10 0 0.00 M M 10.8 25 190 M M 0 8 32 180
15 74 40 57 12 8 0 0.00 M M 9.9 16 180 M M 0 8 26 200
16 63 46 55 11 10 0 0.00 M M 11.8 25 170 M M 2 38 180
17 62 39 51 7 14 0 0.00 M M 7.6 16 10 M M 1 8 25 360
18 69 31 50 6 15 0 0.00 M M 5.7 15 270 M M 0 8 19 270
19 51 47 49 6 16 0 0.68 M M 11.4 18 110 M M 7 1 26 110
20 49 44 47 4 18 0 0.42 M M 13.2 20 110 M M 10 1 29 340
21 48 30 39 -3 26 0 T M M 13.1 26 320 M M 5 18 37 330
22 56 28 42 0 23 0 0.00 M M 8.5 16 180 M M 0 22 190
23 55 30 43 2 22 0 0.00 M M 10.8 18 20 M M 0 25 30
24 39 25 32 -9 33 0 0.00 M M 13.1 21 30 M M 1 28 30
25 32 23 28 -13 37 0 0.57 M M 7.0 13 70 M M 9 128 16 340
26 36 19 28 -12 37 0 0.02 M M 10.1 20 290 M M 2 1 29 290
27 37 16 27 -13 38 0 0.00 M M 7.8 13 290 M M 0 17 280
28 43 15 29 -11 36 0 0.00 M M 8.3 18 160 M M 0 128 24 160
29 50 26 38 -1 27 0 0.00 M M 5.5 13 180 M M 0 18 18 170
30 50 40 45 6 20 0 0.46 M M 11.0 25 50 M M 6 1 31 50
================================================================================
SM 1767 1051 534 0 2.15 M 276.4 M 59
================================================================================
AV 58.9 35.0 9.2 FASTST M M 2 MAX(MPH)
MISC ----> 28 200 38 180
================================================================================
NOTES:
# LAST OF SEVERAL OCCURRENCES
COLUMN 17 PEAK WIND IN M.P.H.
PRELIMINARY LOCAL CLIMATOLOGICAL DATA (WS FORM: F-6) , PAGE 2
STATION: EMPORIA KS
MONTH: NOVEMBER
YEAR: 2023
LATITUDE: 38 19 N
LONGITUDE: 96 12 W
[TEMPERATURE DATA] [PRECIPITATION DATA] SYMBOLS USED IN COLUMN 16
AVERAGE MONTHLY: 47.0 TOTAL FOR MONTH: 2.15 1 = FOG OR MIST
DPTR FM NORMAL: 2.4 DPTR FM NORMAL: 0.30 2 = FOG REDUCING VISIBILITY
HIGHEST: 77 ON 7 GRTST 24HR 0.85 ON 19-20 TO 1/4 MILE OR LESS
LOWEST: 15 ON 28 3 = THUNDER
SNOW, ICE PELLETS, HAIL 4 = ICE PELLETS
TOTAL MONTH: M 5 = HAIL
GRTST 24HR M ON M 6 = FREEZING RAIN OR DRIZZLE
GRTST DEPTH: M ON M 7 = DUSTSTORM OR SANDSTORM:
VSBY 1/2 MILE OR LESS
8 = SMOKE OR HAZE
[NO. OF DAYS WITH] [WEATHER - DAYS WITH] 9 = BLOWING SNOW
X = TORNADO
MAX 32 OR BELOW: 1 0.01 INCH OR MORE: 5
MAX 90 OR ABOVE: 0 0.10 INCH OR MORE: 4
MIN 32 OR BELOW: 12 0.50 INCH OR MORE: 2
MIN 0 OR BELOW: 0 1.00 INCH OR MORE: 0
[HDD (BASE 65) ]
TOTAL THIS MO. 534 CLEAR (SCALE 0-3) 22
DPTR FM NORMAL -80 PTCLDY (SCALE 4-7) 6
TOTAL FM JUL 1 773 CLOUDY (SCALE 8-10) 2
DPTR FM NORMAL -164
[CDD (BASE 65) ]
TOTAL THIS MO. 0
DPTR FM NORMAL -2 [PRESSURE DATA]
TOTAL FM JAN 1 1850 HIGHEST SLP 30.51 ON 1
DPTR FM NORMAL 417 LOWEST SLP 29.55 ON 8
[REMARKS]
#FINAL-11-23#