000
CXUS56 KOTX 011010
CF6EPH
PRELIMINARY LOCAL CLIMATOLOGICAL DATA (WS FORM: F-6)
STATION: EPHRATA WA AIRPORT
MONTH: FEBRUARY
YEAR: 2021
LATITUDE: 47 18 N
LONGITUDE: 119 31 W
TEMPERATURE IN F: :PCPN: SNOW: WIND :SUNSHINE: SKY :PK WND
================================================================================
1 2 3 4 5 6A 6B 7 8 9 10 11 12 13 14 15 16 17 18
12Z AVG MX 2MIN
DY MAX MIN AVG DEP HDD CDD WTR SNW DPTH SPD SPD DIR MIN PSBL S-S WX SPD DR
================================================================================
1 49 38 44 13 21 0 T M M 7.6 16 310 M M 9 18 310
2 51 30 41 9 24 0 T M M 10.8 31 280 M M 3 39 280
3 47 26 37 5 28 0 0.00 M M 7.1 15 330 M M 2 18 350
4 52 26 39 7 26 0 0.00 M M 5.9 18 230 M M 1 26 240
5 58 32 45 13 20 0 0.00 M M 10.0 23 300 M M 0 31 300
6 55 32 44 12 21 0 0.00 M M 12.3 29 260 M M 0 36 280
7 46 30 38 6 27 0 0.00 M M 6.9 15 320 M M 5 20 350
8 37 26 32 0 33 0 T M M 11.0 16 340 M M 9 8 19 20
9 29 17 23 -10 42 0 0.00 M M 8.2 17 320 M M 7 21 320
10 32 14 23 -10 42 0 0.00 M M 11.7 20 330 M M 2 24 330
11 23 18 21 -12 44 0 0.00 M M 15.1 22 350 M M 10 25 350
12 21 17 19 -14 46 0 T M M 10.4 16 40 M M 10 8 20 50
13 23 15 19 -15 46 0 0.13 M M 8.6 16 30 M M 10 128 19 70
14 24 16 20 -14 45 0 0.03 M M 2.3 10 350 M M 10 18 12 350
15 28 12 20 -14 45 0 0.09 M M 4.9 10 310 M M 9 18 12 300
16 27 7 17 -17 48 0 0.00 M M 4.2 8 330 M M 8 128 10 10
17 36 16 26 -8 39 0 0.00 M M 4.9 12 230 M M 7 12 13 240
18 32 15 24 -11 41 0 T M M 7.8 14 360 M M 8 12 16 10
19 31 25 28 -7 37 0 0.00 M M 3.7 9 10 M M 10 128 10 150
20 38 24 31 -4 34 0 0.00 M M 5.9 15 230 M M 7 18 19 240
21 48 35 42 6 23 0 0.00 M M 15.0 31 240 M M 3 38 250
22 57 36 47 11 18 0 0.00 M M 16.4 37 280 M M 2 50 290
23 50 30 40 4 25 0 0.00 M M 12.4 30 250 M M 2 35 290
24 48 26 37 1 28 0 0.00 M M 10.3 22 320 M M 0 28 320
25 52 31 42 5 23 0 T M M 11.0 33 250 M M 5 43 250
26 50 30 40 3 25 0 T M M 14.1 24 290 M M 1 31 280
27 48 29 39 2 26 0 0.00 M M 7.7 20 330 M M 2 23 340
28 57 28 43 5 22 0 0.00 M M 6.4 20 200 M M 1 22 200
================================================================================
SM 1149 681 899 0 0.25 M 252.6 M 143
================================================================================
AV 41.0 24.3 9.0 FASTST M M 5 MAX(MPH)
MISC ----> 37 280 50 290
================================================================================
NOTES:
# LAST OF SEVERAL OCCURRENCES
COLUMN 17 PEAK WIND IN M.P.H.
PRELIMINARY LOCAL CLIMATOLOGICAL DATA (WS FORM: F-6) , PAGE 2
STATION: EPHRATA WA AIRPORT
MONTH: FEBRUARY
YEAR: 2021
LATITUDE: 47 18 N
LONGITUDE: 119 31 W
[TEMPERATURE DATA] [PRECIPITATION DATA] SYMBOLS USED IN COLUMN 16
AVERAGE MONTHLY: 32.7 TOTAL FOR MONTH: 0.25 1 = FOG OR MIST
DPTR FM NORMAL: -1.4 DPTR FM NORMAL: -0.49 2 = FOG REDUCING VISIBILITY
HIGHEST: 58 ON 5 GRTST 24HR 0.13 ON 12-13 TO 1/4 MILE OR LESS
LOWEST: 7 ON 16 3 = THUNDER
SNOW, ICE PELLETS, HAIL 4 = ICE PELLETS
TOTAL MONTH: M 5 = HAIL
GRTST 24HR M ON M 6 = FREEZING RAIN OR DRIZZLE
GRTST DEPTH: M ON M 7 = DUSTSTORM OR SANDSTORM:
VSBY 1/2 MILE OR LESS
8 = SMOKE OR HAZE
[NO. OF DAYS WITH] [WEATHER - DAYS WITH] 9 = BLOWING SNOW
X = TORNADO
MAX 32 OR BELOW: 10 0.01 INCH OR MORE: 3
MAX 90 OR ABOVE: 0 0.10 INCH OR MORE: 1
MIN 32 OR BELOW: 25 0.50 INCH OR MORE: 0
MIN 0 OR BELOW: 0 1.00 INCH OR MORE: 0
[HDD (BASE 65) ]
TOTAL THIS MO. 899 CLEAR (SCALE 0-3) 12
DPTR FM NORMAL 34 PTCLDY (SCALE 4-7) 8
TOTAL FM JUL 1 4093 CLOUDY (SCALE 8-10) 8
DPTR FM NORMAL -479
[CDD (BASE 65) ]
TOTAL THIS MO. 0
DPTR FM NORMAL 0 [PRESSURE DATA]
TOTAL FM JAN 1 0 HIGHEST SLP M ON M
DPTR FM NORMAL 0 LOWEST SLP 29.68 ON 1
[REMARKS]
#FINAL-02-21#