000
CXUS53 KDMX 052300
CF6EST
PRELIMINARY LOCAL CLIMATOLOGICAL DATA (WS FORM: F-6)
STATION: ESTHERVILLE IA
MONTH: NOVEMBER
YEAR: 2020
LATITUDE: 43 24 N
LONGITUDE: 94 45 W
TEMPERATURE IN F: :PCPN: SNOW: WIND :SUNSHINE: SKY :PK WND
================================================================================
1 2 3 4 5 6A 6B 7 8 9 10 11 12 13 14 15 16 17 18
12Z AVG MX 2MIN
DY MAX MIN AVG DEP HDD CDD WTR SNW DPTH SPD SPD DIR MIN PSBL S-S WX SPD DR
================================================================================
1 39 20 30 -11 35 0 0.00 0.0 0 14.3 31 320 M M 0 41 330
2 63 22 43 3 22 0 0.00 0.0 0 11.9 20 250 M M 0 27 250
3 76 37 57 17 8 0 0.00 0.0 0 9.4 21 220 M M 0 26 210
4 77 34 56 17 9 0 0.00 0.0 0 6.7 12 220 M M 0 8 15 220
5 72 38 55 17 10 0 0.00 0.0 0 8.0 15 310 M M 0 17 200
6 75 39 57 19 8 0 0.00 0.0 0 15.7 26 190 M M 0 36 210
7 72 51 62 25 3 0 0.00 0.0 0 21.2 32 180 M M 0 1 42 180
8 70 50 60 23 5 0 0.00 0.0 0 23.6 40 180 M M 2 53 170
9 63 29 46 10 19 0 0.22 0.0 0 17.7 26 300 M M 10 16 35 290
10 30 21 26 -10 39 0 M M M 18.7 33 300 M M 8 126 43 300
11 33 15 24 -11 41 0 0.00 0.0 M 9.6 17 220 M M 0 22 280
12 28 7 18 -17 47 0 M M M 9.2 21 360 M M 4 12 26 330
13 34 2 18 -16 47 0 0.00 0.0 M 14.4 25 170 M M 0 33 170
14 36 27 32 -2 33 0 0.00 0.0 M 16.4 29 170 M M 4 12 37 170
15 37 23 30 -3 35 0 0.00 0.0 M 20.1 38 300 M M 6 51 300
16 43 22 33 1 32 0 0.00 0.0 M 16.1 36 310 M M 2 46 300
17 34 16 25 -7 40 0 0.00 0.0 0 9.3 20 160 M M 3 25 160
18 57 29 43 12 22 0 0.00 0.0 0 18.8 31 180 M M 0 42 190
19 57 37 47 16 18 0 0.00 0.0 0 10.1 18 210 M M 0 26 200
20 43 23 33 3 32 0 0.00 0.0 0 8.2 14 360 M M 3 1 19 350
21 41 16 29 -1 36 0 0.00 0.0 0 5.9 14 180 M M 2 12 17 180
22 45 22 34 5 31 0 T M 0 12.8 25 300 M M 2 1 31 300
23 38 16 27 -1 38 0 0.00 0.0 0 11.0 22 160 M M 5 1 28 160
24 36 32 34 6 31 0 0.09 0.0 0 11.0 22 160 M M 10 1 29 150
25 35 30 33 6 32 0 0.00 0.0 0 9.3 17 360 M M 10 1 23 350
26 41 24 33 6 32 0 0.00 0.0 0 9.9 21 180 M M M 1 26 190
27 39 21 30 4 35 0 0.00 0.0 0 10.7 17 280 M M 1 21 270
28 50 27 39 13 26 0 0.00 0.0 0 10.3 16 250 M M 0 20 230
29 36 18 27 2 38 0 0.00 0.0 0 21.4 32 340 M M 1 42 340
30 33 8 21 -4 44 0 0.00 0.0 0 6.3 15 340 M M 0 20 330
================================================================================
SM 1433 756 848 0 0.31 0.0 388.0 M 73
================================================================================
AV 47.8 25.2 12.9 FASTST M M 3 MAX(MPH)
MISC ----> 40 180 53 170
================================================================================
NOTES:
# LAST OF SEVERAL OCCURRENCES
COLUMN 17 PEAK WIND IN M.P.H.
PRELIMINARY LOCAL CLIMATOLOGICAL DATA (WS FORM: F-6) , PAGE 2
STATION: ESTHERVILLE IA
MONTH: NOVEMBER
YEAR: 2020
LATITUDE: 43 24 N
LONGITUDE: 94 45 W
[TEMPERATURE DATA] [PRECIPITATION DATA] SYMBOLS USED IN COLUMN 16
AVERAGE MONTHLY: 36.5 TOTAL FOR MONTH: 0.31 1 = FOG OR MIST
DPTR FM NORMAL: 3.8 DPTR FM NORMAL: -1.36 2 = FOG REDUCING VISIBILITY
HIGHEST: 77 ON 4 GRTST 24HR 0.22 ON 9- 9 TO 1/4 MILE OR LESS
LOWEST: 2 ON 13 3 = THUNDER
SNOW, ICE PELLETS, HAIL 4 = ICE PELLETS
TOTAL MONTH: 0.0 INCH 5 = HAIL
GRTST 24HR 0.0 6 = FREEZING RAIN OR DRIZZLE
GRTST DEPTH: 0 7 = DUSTSTORM OR SANDSTORM:
VSBY 1/2 MILE OR LESS
8 = SMOKE OR HAZE
[NO. OF DAYS WITH] [WEATHER - DAYS WITH] 9 = BLOWING SNOW
X = TORNADO
MAX 32 OR BELOW: 2 0.01 INCH OR MORE: 2
MAX 90 OR ABOVE: 0 0.10 INCH OR MORE: 1
MIN 32 OR BELOW: 23 0.50 INCH OR MORE: 0
MIN 0 OR BELOW: 0 1.00 INCH OR MORE: 0
[HDD (BASE 65) ]
TOTAL THIS MO. 848 CLEAR (SCALE 0-3) 20
DPTR FM NORMAL -122 PTCLDY (SCALE 4-7) 5
TOTAL FM JUL 1 1814 CLOUDY (SCALE 8-10) 5
DPTR FM NORMAL 95
[CDD (BASE 65) ]
TOTAL THIS MO. 0
DPTR FM NORMAL 0 [PRESSURE DATA]
TOTAL FM JAN 1 627 HIGHEST SLP 30.61 ON 21
DPTR FM NORMAL 34 LOWEST SLP 29.41 ON 14
[REMARKS]
#FINAL-11-20#