000
CXUS52 KMHX 041506
CF6EWN
PRELIMINARY LOCAL CLIMATOLOGICAL DATA (WS FORM: F-6)
STATION: NEW BERN NC
MONTH: MAY
YEAR: 2020
LATITUDE: 35 4 N
LONGITUDE: 77 3 W
TEMPERATURE IN F: :PCPN: SNOW: WIND :SUNSHINE: SKY :PK WND
================================================================================
1 2 3 4 5 6A 6B 7 8 9 10 11 12 13 14 15 16 17 18
12Z AVG MX 2MIN
DY MAX MIN AVG DEP HDD CDD WTR SNW DPTH SPD SPD DIR MIN PSBL S-S WX SPD DR
================================================================================
1 68 54 61 -5 4 0 0.06 0.0 0 8.9 21 290 M M 6 1 27 310
2 74 49 62 -4 3 0 0.00 0.0 0 6.5 16 10 M M 0 20 10
3 87 54 71 5 0 6 0.00 0.0 0 9.1 17 240 M M 0 25 270
4 82 55 69 3 0 4 0.00 0.0 0 7.9 18 320 M M 2 24 320
5 72 53 63 -4 2 0 0.29 0.0 0 6.3 14 50 M M 4 13 19 50
6 74 53 64 -3 1 0 0.68 0.0 0 8.6 17 10 M M 5 13 22 250
7 66 46 56 -11 9 0 0.00 0.0 0 8.0 20 350 M M 2 24 350
8 73 45 59 -8 6 0 T 0.0 0 8.9 24 210 M M 1 31 230
9 62 42 52 -16 13 0 0.01 0.0 0 8.8 28 340 M M 3 40 330
10 70 39 55 -13 10 0 0.00 0.0 0 5.4 18 190 M M 0 25 210
11 73 51 62 -6 3 0 0.00 0.0 0 11.4 22 270 M M 1 33 270
12 65 42 54 -14 11 0 0.00 0.0 0 5.7 15 350 M M 0 19 360
13 72 43 58 -11 7 0 0.00 0.0 0 1.3 29 200 M M 4 29 200
14 77 50 64 -5 1 0 0.00 0.0 0 4.1 15 180 M M 5 22 180
15 81 60 71 2 0 6 0.00 0.0 0 7.2 17 210 M M 2 23 220
16 86 56 71 1 0 6 0.00 0.0 0 3.9 15 160 M M 1 128 20 160
17 82 59 71 1 0 6 0.15 0.0 0 10.4 20 70 M M 6 1 27 80
18 78 66 72 2 0 7 1.43 0.0 0 11.7 20 320 M M 9 1 28 310
19 66 59 63 -7 2 0 0.69 0.0 0 11.9 20 60 M M 10 1 24 50
20 70 61 66 -4 0 1 1.32 0.0 0 12.7 20 70 M M 10 1 28 80
21 72 67 70 -1 0 5 1.36 0.0 0 8.1 15 90 M M 10 13 23 90
22 84 65 75 4 0 10 0.26 0.0 0 5.1 22 240 M M 6 13 32 240
23 84 63 74 3 0 9 T 0.0 0 5.1 13 250 M M 3 18 260
24 83 62 73 1 0 8 0.00 0.0 0 6.0 15 50 M M 5 12 19 120
25 77 60 69 -3 0 4 0.00 0.0 0 7.2 12 50 M M 6 1 16 50
26 77 62 70 -2 0 5 T 0.0 0 7.1 13 50 M M 9 16 40
27 83 67 75 3 0 10 0.27 0.0 0 9.2 20 120 M M 6 1 27 100
28 84 74 79 6 0 14 0.29 0.0 0 8.7 18 190 M M 7 13 24 220
29 82 70 76 3 0 11 1.33 0.0 0 5.1 18 290 M M 7 13 25 280
30 85 72 79 6 0 14 0.01 0.0 0 6.2 12 300 M M 5 17 270
31 79 59 69 -5 0 4 0.00 0.0 0 9.3 21 30 M M 4 27 30
================================================================================
SM 2368 1758 72 130 8.15 0.0 235.8 M 139
================================================================================
AV 76.4 56.7 7.6 FASTST M M 4 MAX(MPH)
MISC ----> # 29 200 # 40 330
================================================================================
NOTES:
# LAST OF SEVERAL OCCURRENCES
COLUMN 17 PEAK WIND IN M.P.H.
PRELIMINARY LOCAL CLIMATOLOGICAL DATA (WS FORM: F-6) , PAGE 2
STATION: NEW BERN NC
MONTH: MAY
YEAR: 2020
LATITUDE: 35 4 N
LONGITUDE: 77 3 W
[TEMPERATURE DATA] [PRECIPITATION DATA] SYMBOLS USED IN COLUMN 16
AVERAGE MONTHLY: 66.6 TOTAL FOR MONTH: 8.15 1 = FOG OR MIST
DPTR FM NORMAL: -3.0 DPTR FM NORMAL: 4.00 2 = FOG REDUCING VISIBILITY
HIGHEST: 87 ON 3 GRTST 24HR 1.43 ON 18-18 TO 1/4 MILE OR LESS
LOWEST: 39 ON 10 3 = THUNDER
SNOW, ICE PELLETS, HAIL 4 = ICE PELLETS
TOTAL MONTH: 0.0 INCH 5 = HAIL
GRTST 24HR 0.0 6 = FREEZING RAIN OR DRIZZLE
GRTST DEPTH: 0 7 = DUSTSTORM OR SANDSTORM:
VSBY 1/2 MILE OR LESS
8 = SMOKE OR HAZE
[NO. OF DAYS WITH] [WEATHER - DAYS WITH] 9 = BLOWING SNOW
X = TORNADO
MAX 32 OR BELOW: 0 0.01 INCH OR MORE: 14
MAX 90 OR ABOVE: 0 0.10 INCH OR MORE: 11
MIN 32 OR BELOW: 0 0.50 INCH OR MORE: 6
MIN 0 OR BELOW: 0 1.00 INCH OR MORE: 4
[HDD (BASE 65) ]
TOTAL THIS MO. 72 CLEAR (SCALE 0-3) 12
DPTR FM NORMAL 38 PTCLDY (SCALE 4-7) 14
TOTAL FM JUL 1 2256 CLOUDY (SCALE 8-10) 5
DPTR FM NORMAL -445
[CDD (BASE 65) ]
TOTAL THIS MO. 130
DPTR FM NORMAL -43 [PRESSURE DATA]
TOTAL FM JAN 1 240 HIGHEST SLP 30.38 ON 14
DPTR FM NORMAL -3 LOWEST SLP 29.71 ON 6
[REMARKS]
#FINAL-05-20#