000
CXUS51 KOKX 011010
CF6EWR
PRELIMINARY LOCAL CLIMATOLOGICAL DATA (WS FORM: F-6)
STATION: NEWARK NJ
MONTH: FEBRUARY
YEAR: 2022
LATITUDE: 40 42 N
LONGITUDE: 74 10 W
TEMPERATURE IN F: :PCPN: SNOW: WIND :SUNSHINE: SKY :PK WND
================================================================================
1 2 3 4 5 6A 6B 7 8 9 10 11 12 13 14 15 16 17 18
12Z AVG MX 2MIN
DY MAX MIN AVG DEP HDD CDD WTR SNW DPTH SPD SPD DIR MIN PSBL S-S WX SPD DR
================================================================================
1 35 13 24 -9 41 0 0.00 0.0 5 6.1 12 30 M M 4 14 30
2 44 24 34 1 31 0 0.00 0.0 4 3.5 9 120 M M 9 1 12 100
3 48 36 42 9 23 0 0.43 0.0 2 2.9 8 230 M M 10 12 10 230
4 55 27 41 8 24 0 0.54 0.1 0 12.5 23 350 M M 10 146 28 350
5 28 17 23 -10 42 0 T T 0 16.6 25 310 M M 5 36 290
6 29 14 22 -11 43 0 0.00 0.0 0 6.6 14 330 M M 3 17 330
7 37 27 32 -2 33 0 0.11 T 0 8.4 14 10 M M 10 146 18 320
8 46 30 38 4 27 0 0.05 0.0 0 10.9 24 300 M M 6 1 31 300
9 45 25 35 1 30 0 0.00 0.0 0 6.2 12 120 M M 1 16 270
10 55 32 44 10 21 0 0.00 0.0 0 8.4 31 250 M M 4 40 250
11 60 32 46 12 19 0 0.00 0.0 0 6.9 23 200 M M 5 29 190
12 60 42 51 17 14 0 0.00 0.0 0 13.1 26 260 M M 8 36 260
13 42 25 34 -1 31 0 0.17 1.9 1 11.6 22 350 M M 10 15 28 330
14 26 16 21 -14 44 0 0.00 0.0 1 15.0 29 320 M M 2 33 320
15 32 16 24 -11 41 0 0.00 0.0 T 8.0 15 280 M M 1 22 290
16 45 22 34 -1 31 0 0.00 0.0 0 5.4 15 170 M M 7 19 170
17 69 43 56 20 9 0 0.23 0.0 0 15.6 29 200 M M 8 1 39 200
18 64 26 45 9 20 0 0.15 0.0 0 19.3 48 260 M M 6 1 65 270
19 42 22 32 -4 33 0 T T 0 14.9 37 280 M M 3 48 280
20 37 19 28 -8 37 0 0.00 0.0 0 11.7 24 330 M M 2 33 340
21 56 26 41 5 24 0 0.00 0.0 0 5.3 14 200 M M 2 8 17 230
22 62 34 48 11 17 0 0.13 0.0 0 9.9 23 190 M M 9 18 32 180
23 70 35 53 16 12 0 0.00 0.0 0 15.3 36 260 M M 7 43 270
24 35 30 33 -4 32 0 T T 0 9.7 21 320 M M 9 4 27 320
25 44 26 35 -2 30 0 0.84 0.3 T 13.3 28 320 M M 8 146 35 320
26 38 24 31 -7 34 0 0.00 0.0 0 10.6 24 320 M M 5 30 330
27 49 23 36 -2 29 0 0.00 0.0 0 14.9 30 270 M M 2 39 270
28 38 27 33 -5 32 0 0.00 0.0 0 11.3 25 320 M M 4 32 330
================================================================================
SM 1291 733 804 0 2.65 2.3 293.9 M 160
================================================================================
AV 46.1 26.2 10.5 FASTST M M 6 MAX(MPH)
MISC ----> 48 260 65 270
================================================================================
NOTES:
# LAST OF SEVERAL OCCURRENCES
COLUMN 17 PEAK WIND IN M.P.H.
PRELIMINARY LOCAL CLIMATOLOGICAL DATA (WS FORM: F-6) , PAGE 2
STATION: NEWARK NJ
MONTH: FEBRUARY
YEAR: 2022
LATITUDE: 40 42 N
LONGITUDE: 74 10 W
[TEMPERATURE DATA] [PRECIPITATION DATA] SYMBOLS USED IN COLUMN 16
AVERAGE MONTHLY: 36.1 TOTAL FOR MONTH: 2.65 1 = FOG OR MIST
DPTR FM NORMAL: 1.0 DPTR FM NORMAL: -0.33 2 = FOG REDUCING VISIBILITY
HIGHEST: 70 ON 23 GRTST 24HR 0.84 ON 24-25 TO 1/4 MILE OR LESS
LOWEST: 13 ON 1 3 = THUNDER
SNOW, ICE PELLETS, HAIL 4 = ICE PELLETS
TOTAL MONTH: 2.3 INCHES 5 = HAIL
GRTST 24HR 1.9 ON 13-13 6 = FREEZING RAIN OR DRIZZLE
GRTST DEPTH: 6 ON M 7 = DUSTSTORM OR SANDSTORM:
VSBY 1/2 MILE OR LESS
8 = SMOKE OR HAZE
[NO. OF DAYS WITH] [WEATHER - DAYS WITH] 9 = BLOWING SNOW
X = TORNADO
MAX 32 OR BELOW: 4 0.01 INCH OR MORE: 9
MAX 90 OR ABOVE: 0 0.10 INCH OR MORE: 8
MIN 32 OR BELOW: 23 0.50 INCH OR MORE: 2
MIN 0 OR BELOW: 0 1.00 INCH OR MORE: 0
[HDD (BASE 65) ]
TOTAL THIS MO. 804 CLEAR (SCALE 0-3) 7
DPTR FM NORMAL -33 PTCLDY (SCALE 4-7) 12
TOTAL FM JUL 1 3163 CLOUDY (SCALE 8-10) 9
DPTR FM NORMAL -340
[CDD (BASE 65) ]
TOTAL THIS MO. 0
DPTR FM NORMAL 0 [PRESSURE DATA]
TOTAL FM JAN 1 0 HIGHEST SLP M ON M
DPTR FM NORMAL 0 LOWEST SLP 29.31 ON 18
[REMARKS]
#FINAL-02-22#