000
CXUS54 KFWD 010830
CF6F44
PRELIMINARY LOCAL CLIMATOLOGICAL DATA (WS FORM: F-6)
STATION: ATHENS
MONTH: NOVEMBER
YEAR: 2022
LATITUDE: 32 9 N
LONGITUDE: 95 50 W
TEMPERATURE IN F: :PCPN: SNOW: WIND :SUNSHINE: SKY :PK WND
================================================================================
1 2 3 4 5 6A 6B 7 8 9 10 11 12 13 14 15 16 17 18
12Z AVG MX 2MIN
DY MAX MIN AVG DEP HDD CDD WTR SNW DPTH SPD SPD DIR MIN PSBL S-S WX SPD DR
================================================================================
1 75 52 64 M 1 0 0.00 M M 2.4 12 130 M M 2 16 130
2 77 52 65 M 0 0 0.00 M M 2.6 8 170 M M 4 1 M M
3 81 59 70 M 0 5 0.00 M M 6.5 13 160 M M 8 20 170
4 81 54 68 M 0 3 0.32 M M 11.6 24 160 M M 9 32 160
5 64 43 54 M 11 0 0.00 M M 2.0 8 180 M M 0 M M
6 79 45 62 M 3 0 0.00 M M 3.3 9 190 M M 2 16 190
7 82 64 73 M 0 8 0.00 M M 3.2 9 170 M M 6 1 M M
8 82 66 74 M 0 9 0.00 M M 3.1 10 160 M M 4 1 M M
9 82 68 75 M 0 10 0.00 M M 4.5 13 180 M M 4 16 170
10 77 59 68 M 0 3 0.00 M M 3.0 7 160 M M 5 1 M M
11 66 43 55 M 10 0 0.47 M M 7.0 16 360 M M 10 13 22 350
12 52 32 42 M 23 0 0.00 M M 7.2 17 20 M M 0 24 10
13 54 28 41 M 24 0 0.00 M M 2.6 7 80 M M 0 M M
14 45 41 43 M 22 0 0.29 M M 6.6 12 100 M M 10 16 120
15 43 34 39 M 26 0 0.00 M M M M M M M 8 M M
16 54 36 45 M 20 0 0.00 M M M M M M M 2 M M
17 57 34 46 M 19 0 0.00 M M 0.0 M M M M 0 M M
18 57 32 45 M 20 0 0.00 M M 2.8 10 20 M M 5 16 20
19 45 34 40 M 25 0 0.00 M M 6.3 12 10 M M 7 16 20
20 50 28 39 M 26 0 0.03 M M 1.2 6 100 M M 4 M M
21 50 37 44 M 21 0 0.00 M M 1.0 6 170 M M 9 M M
22 61 37 49 M 16 0 0.00 M M 0.0 M M M M 7 M M
23 64 50 57 M 8 0 0.03 M M 1.8 6 150 M M 10 M M
24 63 59 61 M 4 0 1.72 M M 3.0 7 350 M M 10 13 M M
25 59 54 57 M 8 0 0.00 M M 7.1 12 20 M M 10 1 21 20
26 57 46 52 M 13 0 0.98 M M 5.1 9 270 M M 9 1 25 270
27 64 39 52 M 13 0 0.00 M M 1.1 6 340 M M 0 M M
28 68 36 52 M 13 0 0.00 M M 3.6 13 180 M M 0 20 180
29 81 52 67 M 0 2 0.00 M M 6.6 14 340 M M 5 1 30 180
30 55 36 46 M 19 0 0.00 M M 8.4 15 350 M M 0 24 350
================================================================================
SM 1925 1350 345 40 3.84 M 113.4 M 150
================================================================================
AV 64.2 45.0 4.0 FASTST M M 5 MAX(MPH)
MISC ----> 24 160 32 160
================================================================================
NOTES:
# LAST OF SEVERAL OCCURRENCES
COLUMN 17 PEAK WIND IN M.P.H.
PRELIMINARY LOCAL CLIMATOLOGICAL DATA (WS FORM: F-6) , PAGE 2
STATION: ATHENS
MONTH: NOVEMBER
YEAR: 2022
LATITUDE: 32 9 N
LONGITUDE: 95 50 W
[TEMPERATURE DATA] [PRECIPITATION DATA] SYMBOLS USED IN COLUMN 16
AVERAGE MONTHLY: 54.6 TOTAL FOR MONTH: 3.84 1 = FOG OR MIST
DPTR FM NORMAL: 0.0 DPTR FM NORMAL: M 2 = FOG REDUCING VISIBILITY
HIGHEST: 82 ON 9, 8 GRTST 24HR 1.72 ON 24-24 TO 1/4 MILE OR LESS
LOWEST: 28 ON 20,13 3 = THUNDER
SNOW, ICE PELLETS, HAIL 4 = ICE PELLETS
TOTAL MONTH: M 5 = HAIL
GRTST 24HR M ON M 6 = FREEZING RAIN OR DRIZZLE
GRTST DEPTH: M ON M 7 = DUSTSTORM OR SANDSTORM:
VSBY 1/2 MILE OR LESS
8 = SMOKE OR HAZE
[NO. OF DAYS WITH] [WEATHER - DAYS WITH] 9 = BLOWING SNOW
X = TORNADO
MAX 32 OR BELOW: 0 0.01 INCH OR MORE: 7
MAX 90 OR ABOVE: 0 0.10 INCH OR MORE: 5
MIN 32 OR BELOW: 4 0.50 INCH OR MORE: 2
MIN 0 OR BELOW: 0 1.00 INCH OR MORE: 1
[HDD (BASE 65) ]
TOTAL THIS MO. 345 CLEAR (SCALE 0-3) 10
DPTR FM NORMAL M PTCLDY (SCALE 4-7) 11
TOTAL FM JUL 1 420 CLOUDY (SCALE 8-10) 9
DPTR FM NORMAL M
[CDD (BASE 65) ]
TOTAL THIS MO. 40
DPTR FM NORMAL M [PRESSURE DATA]
TOTAL FM JAN 1 2858 HIGHEST SLP M ON M
DPTR FM NORMAL M LOWEST SLP M ON M
[REMARKS]
#FINAL-11-22#