000
CXUS54 KFWD 010730
CF6F44
PRELIMINARY LOCAL CLIMATOLOGICAL DATA (WS FORM: F-6)
STATION: ATHENS
MONTH: JULY
YEAR: 2021
LATITUDE: 32 9 N
LONGITUDE: 95 50 W
TEMPERATURE IN F: :PCPN: SNOW: WIND :SUNSHINE: SKY :PK WND
================================================================================
1 2 3 4 5 6A 6B 7 8 9 10 11 12 13 14 15 16 17 18
12Z AVG MX 2MIN
DY MAX MIN AVG DEP HDD CDD WTR SNW DPTH SPD SPD DIR MIN PSBL S-S WX SPD DR
================================================================================
1 91 72 82 M 0 17 0.00 M M 0.6 6 180 M M 1 M M
2 86 77 82 M 0 17 0.41 M M 2.1 8 360 M M 6 13 M M
3 84 72 78 M 0 13 0.00 M M 2.9 12 90 M M 8 M M
4 86 73 80 M 0 15 0.00 M M 2.1 7 70 M M 8 8 M M
5 88 72 80 M 0 15 0.12 M M 2.5 8 110 M M 7 20 160
6 90 72 81 M 0 16 0.07 M M 2.1 8 170 M M 3 3 18 160
7 90 70 80 M 0 15 0.93 M M 1.2 6 350 M M 3 20 260
8 90 72 81 M 0 16 0.08 M M 2.2 8 160 M M 2 17 130
9 84 72 78 M 0 13 0.08 M M 4.1 10 170 M M 6 22 140
10 91 72 82 M 0 17 0.00 M M 4.5 10 170 M M 6 21 180
11 88 68 78 M 0 13 1.25 M M 3.1 14 150 M M 6 3 30 110
12 81 73 77 M 0 12 0.00 M M 2.3 8 220 M M 3 M M
13 90 68 79 M 0 14 0.00 M M 2.0 12 180 M M 2 26 160
14 90 73 82 M 0 17 0.05 M M 3.3 12 170 M M 2 3 28 0
15 88 73 81 M 0 16 M M M 4.7 9 170 M M 4 M M
16 90 73 82 M 0 17 M M M 5.9 9 200 M M 5 20 200
17 90 75 83 M 0 18 M M M 3.8 9 160 M M 3 16 240
18 91 77 84 M 0 19 M M M 2.1 7 160 M M 2 M M
19 79 72 76 M 0 11 0.19 M M 1.7 8 180 M M 4 3 M M
20 86 70 78 M 0 13 M M M 4.4 12 20 M M 4 17 360
21 88 73 81 M 0 16 0.00 M M 2.8 7 60 M M 2 M M
22 90 77 84 M 0 19 0.00 M M 2.5 9 160 M M 2 M M
23 91 72 82 M 0 17 0.00 M M 3.1 10 200 M M 3 17 210
24 91 73 82 M 0 17 0.00 M M 3.0 9 200 M M 2 M M
25 91 77 84 M 0 19 0.00 M M 1.6 7 170 M M 1 M M
26 93 72 83 M 0 18 0.00 M M 1.8 6 150 M M 1 M M
27 95 77 86 M 0 21 0.00 M M 0.9 6 130 M M 1 M M
28 91 73 82 M 0 17 0.11 M M 0.8 6 160 M M 2 3 M M
29 95 73 84 M 0 19 0.00 M M 0.9 5 180 M M 1 3 M M
30 95 79 87 M 0 22 0.00 M M 0.4 3 150 M M 1 M M
31 93 79 86 M 0 21 0.00 M M 1.6 8 170 M M 0 M M
================================================================================
SM 2766 2271 0 510 3.29 M 77.0 M 101
================================================================================
AV 89.2 73.3 2.5 FASTST M M 3 MAX(MPH)
MISC ----> 14 150 30 110
================================================================================
NOTES:
# LAST OF SEVERAL OCCURRENCES
COLUMN 17 PEAK WIND IN M.P.H.
PRELIMINARY LOCAL CLIMATOLOGICAL DATA (WS FORM: F-6) , PAGE 2
STATION: ATHENS
MONTH: JULY
YEAR: 2021
LATITUDE: 32 9 N
LONGITUDE: 95 50 W
[TEMPERATURE DATA] [PRECIPITATION DATA] SYMBOLS USED IN COLUMN 16
AVERAGE MONTHLY: 81.2 TOTAL FOR MONTH: 3.29 1 = FOG OR MIST
DPTR FM NORMAL: 0.0 DPTR FM NORMAL: M 2 = FOG REDUCING VISIBILITY
HIGHEST: 95 ON 30,29 GRTST 24HR 1.25 ON 11-11 TO 1/4 MILE OR LESS
LOWEST: 68 ON 13,11 3 = THUNDER
SNOW, ICE PELLETS, HAIL 4 = ICE PELLETS
TOTAL MONTH: M 5 = HAIL
GRTST 24HR M ON M 6 = FREEZING RAIN OR DRIZZLE
GRTST DEPTH: M ON M 7 = DUSTSTORM OR SANDSTORM:
VSBY 1/2 MILE OR LESS
8 = SMOKE OR HAZE
[NO. OF DAYS WITH] [WEATHER - DAYS WITH] 9 = BLOWING SNOW
X = TORNADO
MAX 32 OR BELOW: 0 0.01 INCH OR MORE: 10
MAX 90 OR ABOVE: 20 0.10 INCH OR MORE: 6
MIN 32 OR BELOW: 0 0.50 INCH OR MORE: 2
MIN 0 OR BELOW: 0 1.00 INCH OR MORE: 1
[HDD (BASE 65) ]
TOTAL THIS MO. 0 CLEAR (SCALE 0-3) 17
DPTR FM NORMAL M PTCLDY (SCALE 4-7) 13
TOTAL FM JUL 1 0 CLOUDY (SCALE 8-10) 1
DPTR FM NORMAL M
[CDD (BASE 65) ]
TOTAL THIS MO. 510
DPTR FM NORMAL M [PRESSURE DATA]
TOTAL FM JAN 1 1236 HIGHEST SLP M ON M
DPTR FM NORMAL M LOWEST SLP M ON M
[REMARKS]
#FINAL-07-21#