000
CXUS54 KFWD 072133
CF6F46
PRELIMINARY LOCAL CLIMATOLOGICAL DATA (WS FORM: F-6)
STATION: ROCKWALL
MONTH: MARCH
YEAR: 2022
LATITUDE: 32 55 N
LONGITUDE: 96 26 W
TEMPERATURE IN F: :PCPN: SNOW: WIND :SUNSHINE: SKY :PK WND
================================================================================
1 2 3 4 5 6A 6B 7 8 9 10 11 12 13 14 15 16 17 18
12Z AVG MX 2MIN
DY MAX MIN AVG DEP HDD CDD WTR SNW DPTH SPD SPD DIR MIN PSBL S-S WX SPD DR
================================================================================
1 73 40 57 M 8 0 0.00 M M 4.7 9 260 M M 0 M M
2 76 44 60 M 5 0 0.00 M M 5.4 9 190 M M 0 M M
3 78 47 63 M 2 0 0.00 M M 5.1 8 210 M M 0 M M
4 75 53 64 M 1 0 0.00 M M 9.1 14 170 M M 5 1 21 190
5 76 63 70 M 0 5 0.01 M M 12.0 23 210 M M 7 31 200
6 78 41 60 M 5 0 0.02 M M 12.8 23 330 M M 8 29 330
7 50 36 43 M 22 0 0.00 M M 12.1 18 340 M M 7 25 320
8 47 31 39 M 26 0 0.00 M M 5.7 10 50 M M 5 16 50
9 59 29 44 M 21 0 0.00 M M 4.7 10 10 M M 0 16 360
10 67 38 53 M 12 0 0.00 M M 6.0 10 170 M M 0 17 170
11 50 32 41 M 24 0 0.04 M M 13.7 22 350 M M 7 31 360
12 54 27 41 M 24 0 0.00 M M 4.2 7 170 M M 0 M M
13 65 33 49 M 16 0 0.00 M M 11.6 20 180 M M 0 27 180
14 76 48 62 M 3 0 0.70 M M 11.1 22 180 M M 8 3 30 180
15 67 46 57 M 8 0 0.25 M M 6.1 15 350 M M 3 1 23 10
16 77 46 62 M 3 0 0.00 M M 6.1 15 190 M M 0 1 22 200
17 75 52 64 M 1 0 0.00 M M 11.8 20 180 M M 5 29 170
18 64 47 56 M 9 0 0.00 M M 14.1 22 290 M M 4 36 300
19 74 41 58 M 7 0 0.00 M M 4.7 13 210 M M 0 8 16 210
20 78 48 63 M 2 0 0.00 M M 9.9 17 180 M M 1 25 160
21 70 56 63 M 2 0 0.37 M M 12.0 20 180 M M 9 3 31 180
22 60 46 53 M 12 0 0.16 M M 10.5 18 280 M M 7 1 28 310
23 61 44 53 M 12 0 0.00 M M 11.6 24 320 M M 2 29 320
24 65 36 51 M 14 0 0.00 M M 5.4 15 300 M M 0 21 290
25 79 40 60 M 5 0 0.00 M M 2.8 7 130 M M 0 M M
26 83 50 67 M 0 2 0.00 M M 7.0 13 110 M M 0 18 80
27 88 53 71 M 0 6 0.00 M M 8.4 17 180 M M 2 26 180
28 83 58 71 M 0 6 0.00 M M 13.0 20 190 M M 1 28 190
29 79 67 73 M 0 8 0.00 M M 20.9 30 190 M M 6 38 190
30 73 45 59 M 6 0 0.02 M M 11.2 23 290 M M 6 31 290
31 68 42 55 M 10 0 M M M 6.3 20 280 M M 3 29 280
================================================================================
SM 2168 1379 260 27 1.57 M 279.9 M 96
================================================================================
AV 69.9 44.5 9.0 FASTST M M 3 MAX(MPH)
MISC ----> 30 190 38 190
================================================================================
NOTES:
# LAST OF SEVERAL OCCURRENCES
COLUMN 17 PEAK WIND IN M.P.H.
PRELIMINARY LOCAL CLIMATOLOGICAL DATA (WS FORM: F-6) , PAGE 2
STATION: ROCKWALL
MONTH: MARCH
YEAR: 2022
LATITUDE: 32 55 N
LONGITUDE: 96 26 W
[TEMPERATURE DATA] [PRECIPITATION DATA] SYMBOLS USED IN COLUMN 16
AVERAGE MONTHLY: 57.2 TOTAL FOR MONTH: 1.57 1 = FOG OR MIST
DPTR FM NORMAL: 0.0 DPTR FM NORMAL: M 2 = FOG REDUCING VISIBILITY
HIGHEST: 88 ON 27 GRTST 24HR 0.70 ON 14-14 TO 1/4 MILE OR LESS
LOWEST: 27 ON 12 3 = THUNDER
SNOW, ICE PELLETS, HAIL 4 = ICE PELLETS
TOTAL MONTH: M 5 = HAIL
GRTST 24HR M ON M 6 = FREEZING RAIN OR DRIZZLE
GRTST DEPTH: M ON M 7 = DUSTSTORM OR SANDSTORM:
VSBY 1/2 MILE OR LESS
8 = SMOKE OR HAZE
[NO. OF DAYS WITH] [WEATHER - DAYS WITH] 9 = BLOWING SNOW
X = TORNADO
MAX 32 OR BELOW: 0 0.01 INCH OR MORE: 8
MAX 90 OR ABOVE: 0 0.10 INCH OR MORE: 4
MIN 32 OR BELOW: 4 0.50 INCH OR MORE: 1
MIN 0 OR BELOW: 0 1.00 INCH OR MORE: 0
[HDD (BASE 65) ]
TOTAL THIS MO. 260 CLEAR (SCALE 0-3) 18
DPTR FM NORMAL M PTCLDY (SCALE 4-7) 11
TOTAL FM JUL 1 1876 CLOUDY (SCALE 8-10) 2
DPTR FM NORMAL M
[CDD (BASE 65) ]
TOTAL THIS MO. 27
DPTR FM NORMAL M [PRESSURE DATA]
TOTAL FM JAN 1 29 HIGHEST SLP M ON M
DPTR FM NORMAL M LOWEST SLP M ON M
[REMARKS]
#FINAL-03-22#