000
CXUS54 KFWD 010730
CF6F46
PRELIMINARY LOCAL CLIMATOLOGICAL DATA (WS FORM: F-6)
STATION: ROCKWALL
MONTH: OCTOBER
YEAR: 2021
LATITUDE: 32 55 N
LONGITUDE: 96 26 W
TEMPERATURE IN F: :PCPN: SNOW: WIND :SUNSHINE: SKY :PK WND
================================================================================
1 2 3 4 5 6A 6B 7 8 9 10 11 12 13 14 15 16 17 18
12Z AVG MX 2MIN
DY MAX MIN AVG DEP HDD CDD WTR SNW DPTH SPD SPD DIR MIN PSBL S-S WX SPD DR
================================================================================
1 78 67 73 M 0 8 1.80 M M 3.5 8 220 M M 6 3 M M
2 83 69 76 M 0 11 0.23 M M 4.3 10 270 M M 8 1 M M
3 85 63 74 M 0 9 0.00 M M 2.2 9 300 M M 1 1 17 310
4 85 60 73 M 0 8 0.00 M M 4.5 13 330 M M 0 8 22 330
5 85 57 71 M 0 6 0.00 M M 4.6 9 320 M M 1 8 10 350
6 85 56 71 M 0 6 0.00 M M 1.6 6 200 M M 0 M M
7 89 61 75 M 0 10 0.00 M M 5.2 10 150 M M 0 16 160
8 91 66 79 M 0 14 0.00 M M 10.0 15 150 M M 0 22 150
9 90 66 78 M 0 13 0.00 M M 11.2 17 130 M M 0 22 150
10 91 64 78 M 0 13 0.59 M M 14.9 26 150 M M 7 3 37 150
11 79 61 70 M 0 5 0.00 M M 5.9 16 210 M M 1 28 210
12 82 62 72 M 0 7 0.01 M M 8.1 12 90 M M 7 20 130
13 86 65 76 M 0 11 0.75 M M 13.7 21 140 M M 9 3 28 130
14 84 66 75 M 0 10 0.59 M M 6.6 18 60 M M 7 23 60
15 79 58 69 M 0 4 T M M 10.5 17 310 M M 4 25 300
16 71 51 61 M 4 0 0.00 M M 4.3 8 360 M M 0 17 320
17 74 46 60 M 5 0 0.00 M M 2.1 6 110 M M 0 M M
18 75 48 62 M 3 0 0.00 M M 4.6 9 110 M M 0 16 100
19 79 57 68 M 0 3 0.00 M M 7.7 14 140 M M 0 20 130
20 82 61 72 M 0 7 0.00 M M 5.8 13 170 M M 5 1 M M
21 82 61 72 M 0 7 0.00 M M 4.8 13 360 M M 1 8 17 360
22 84 57 71 M 0 6 0.00 M M 4.9 9 90 M M 0 8 M M
23 86 64 75 M 0 10 0.00 M M 9.9 17 140 M M 4 1 22 140
24 84 66 75 M 0 10 0.00 M M 12.2 20 150 M M 4 1 25 170
25 85 62 74 M 0 9 0.00 M M 6.6 12 50 M M 0 M M
26 83 64 74 M 0 9 0.00 M M 10.0 17 120 M M 5 1 28 120
27 75 60 68 M 0 3 0.48 M M 10.5 20 290 M M 7 28 290
28 71 59 65 M 0 0 0.00 M M 17.5 25 260 M M 1 43 260
29 70 52 61 M 4 0 0.00 M M 16.3 27 280 M M 0 35 280
30 72 42 57 M 8 0 0.00 M M 2.6 8 250 M M 0 M M
31 78 49 64 M 1 0 0.00 M M 4.4 7 60 M M 0 M M
================================================================================
SM 2523 1840 25 199 4.45 M 230.7 M 78
================================================================================
AV 81.4 59.4 7.4 FASTST M M 3 MAX(MPH)
MISC ----> 27 280 43 260
================================================================================
NOTES:
# LAST OF SEVERAL OCCURRENCES
COLUMN 17 PEAK WIND IN M.P.H.
PRELIMINARY LOCAL CLIMATOLOGICAL DATA (WS FORM: F-6) , PAGE 2
STATION: ROCKWALL
MONTH: OCTOBER
YEAR: 2021
LATITUDE: 32 55 N
LONGITUDE: 96 26 W
[TEMPERATURE DATA] [PRECIPITATION DATA] SYMBOLS USED IN COLUMN 16
AVERAGE MONTHLY: 70.4 TOTAL FOR MONTH: 4.45 1 = FOG OR MIST
DPTR FM NORMAL: 0.0 DPTR FM NORMAL: M 2 = FOG REDUCING VISIBILITY
HIGHEST: 91 ON 10, 8 GRTST 24HR 1.80 ON 1- 1 TO 1/4 MILE OR LESS
LOWEST: 42 ON 30 3 = THUNDER
SNOW, ICE PELLETS, HAIL 4 = ICE PELLETS
TOTAL MONTH: M 5 = HAIL
GRTST 24HR M ON M 6 = FREEZING RAIN OR DRIZZLE
GRTST DEPTH: M ON M 7 = DUSTSTORM OR SANDSTORM:
VSBY 1/2 MILE OR LESS
8 = SMOKE OR HAZE
[NO. OF DAYS WITH] [WEATHER - DAYS WITH] 9 = BLOWING SNOW
X = TORNADO
MAX 32 OR BELOW: 0 0.01 INCH OR MORE: 7
MAX 90 OR ABOVE: 3 0.10 INCH OR MORE: 6
MIN 32 OR BELOW: 0 0.50 INCH OR MORE: 4
MIN 0 OR BELOW: 0 1.00 INCH OR MORE: 1
[HDD (BASE 65) ]
TOTAL THIS MO. 25 CLEAR (SCALE 0-3) 19
DPTR FM NORMAL M PTCLDY (SCALE 4-7) 11
TOTAL FM JUL 1 25 CLOUDY (SCALE 8-10) 1
DPTR FM NORMAL M
[CDD (BASE 65) ]
TOTAL THIS MO. 199
DPTR FM NORMAL M [PRESSURE DATA]
TOTAL FM JAN 1 2446 HIGHEST SLP M ON M
DPTR FM NORMAL M LOWEST SLP M ON M
[REMARKS]
#FINAL-10-21#