000
CXUS56 KHNX 012312
CF6FAT
PRELIMINARY LOCAL CLIMATOLOGICAL DATA (WS FORM: F-6)
STATION: FRESNO CA
MONTH: OCTOBER
YEAR: 2022
LATITUDE: 36 46 N
LONGITUDE: 119 43 W
TEMPERATURE IN F: :PCPN: SNOW: WIND :SUNSHINE: SKY :PK WND
================================================================================
1 2 3 4 5 6A 6B 7 8 9 10 11 12 13 14 15 16 17 18
12Z AVG MX 2MIN
DY MAX MIN AVG DEP HDD CDD WTR SNW DPTH SPD SPD DIR MIN PSBL S-S WX SPD DR
================================================================================
1 93 62 78 6 0 13 0.00 0.0 0 5.2 14 310 M M 0 19 310
2 87 60 74 2 0 9 0.00 0.0 0 6.9 13 300 M M 1 15 320
3 88 61 75 3 0 10 0.00 0.0 0 5.1 9 280 M M 0 12 300
4 91 62 77 6 0 12 0.00 0.0 0 4.0 12 310 M M 0 14 300
5 93 63 78 7 0 13 0.00 0.0 0 3.5 9 290 M M 1 12 360
6 94 64 79 9 0 14 0.00 0.0 0 3.0 9 320 M M 1 16 270
7 95 63 79 9 0 14 0.00 0.0 0 3.6 10 150 M M 1 8 13 160
8 93 64 79 9 0 14 0.00 0.0 0 3.5 8 300 M M 2 8 12 220
9 94 64 79 10 0 14 0.00 0.0 0 3.1 8 290 M M 3 8 10 300
10 93 65 79 10 0 14 0.00 0.0 0 4.3 13 300 M M 5 15 290
11 94 63 79 10 0 14 0.00 0.0 0 4.0 14 310 M M 1 17 300
12 90 61 76 8 0 11 0.00 0.0 0 3.7 12 180 M M 1 16 140
13 89 62 76 8 0 11 0.00 0.0 0 4.6 10 310 M M 1 8 13 320
14 88 60 74 7 0 9 0.00 0.0 0 2.4 7 310 M M 1 8 11 240
15 87 60 74 7 0 9 0.00 0.0 0 5.0 15 310 M M 1 8 19 310
16 80 56 68 1 0 3 0.00 0.0 0 5.9 10 300 M M 1 13 330
17 81 55 68 2 0 3 0.00 0.0 0 4.6 10 300 M M 1 13 300
18 84 59 72 6 0 7 0.00 0.0 0 3.0 9 320 M M 5 8 16 10
19 89 58 74 8 0 9 0.00 0.0 0 3.4 7 330 M M 5 18 9 230
20 90 61 76 11 0 11 0.00 0.0 0 3.0 7 170 M M 5 8 10 190
21 90 61 76 11 0 11 0.00 0.0 0 3.1 10 320 M M 3 12 320
22 76 57 67 3 0 2 0.00 0.0 0 11.5 20 310 M M 6 24 310
23 71 49 60 -4 5 0 0.00 0.0 0 9.2 18 310 M M 1 22 290
24 73 47 60 -4 5 0 0.00 0.0 0 4.1 13 180 M M 1 16 200
25 76 51 64 1 1 0 0.00 0.0 0 3.4 9 320 M M 3 8 13 330
26 72 49 61 -2 4 0 0.00 0.0 0 6.5 15 310 M M 4 19 300
27 74 46 60 -2 5 0 0.00 0.0 0 2.0 8 210 M M 0 10 210
28 77 48 63 1 2 0 0.00 0.0 0 4.6 12 310 M M 5 15 310
29 74 48 61 -1 4 0 0.00 0.0 0 3.5 14 140 M M 4 17 140
30 76 49 63 2 2 0 0.00 0.0 0 2.2 8 170 M M 1 10 180
31 72 50 61 0 4 0 0.00 0.0 0 3.0 8 250 M M 7 8 9 230
================================================================================
SM 2624 1778 32 227 0.00 0.0 134.9 M 71
================================================================================
AV 84.6 57.4 4.4 FASTST M M 2 MAX(MPH)
MISC ----> 20 310 24 310
================================================================================
NOTES:
# LAST OF SEVERAL OCCURRENCES
COLUMN 17 PEAK WIND IN M.P.H.
PRELIMINARY LOCAL CLIMATOLOGICAL DATA (WS FORM: F-6) , PAGE 2
STATION: FRESNO CA
MONTH: OCTOBER
YEAR: 2022
LATITUDE: 36 46 N
LONGITUDE: 119 43 W
[TEMPERATURE DATA] [PRECIPITATION DATA] SYMBOLS USED IN COLUMN 16
AVERAGE MONTHLY: 71.0 TOTAL FOR MONTH: 0.00 1 = FOG OR MIST
DPTR FM NORMAL: 4.3 DPTR FM NORMAL: -0.56 2 = FOG REDUCING VISIBILITY
HIGHEST: 95 ON 7 GRTST 24HR 0.00 ON 1- 1 TO 1/4 MILE OR LESS
LOWEST: 46 ON 27 3 = THUNDER
SNOW, ICE PELLETS, HAIL 4 = ICE PELLETS
TOTAL MONTH: 0.0 INCH 5 = HAIL
GRTST 24HR 0.0 6 = FREEZING RAIN OR DRIZZLE
GRTST DEPTH: 0 7 = DUSTSTORM OR SANDSTORM:
VSBY 1/2 MILE OR LESS
8 = SMOKE OR HAZE
[NO. OF DAYS WITH] [WEATHER - DAYS WITH] 9 = BLOWING SNOW
X = TORNADO
MAX 32 OR BELOW: 0 0.01 INCH OR MORE: 0
MAX 90 OR ABOVE: 12 0.10 INCH OR MORE: 0
MIN 32 OR BELOW: 0 0.50 INCH OR MORE: 0
MIN 0 OR BELOW: 0 1.00 INCH OR MORE: 0
[HDD (BASE 65) ]
TOTAL THIS MO. 32 CLEAR (SCALE 0-3) 20
DPTR FM NORMAL -24 PTCLDY (SCALE 4-7) 11
TOTAL FM JUL 1 32 CLOUDY (SCALE 8-10) 0
DPTR FM NORMAL -26
[CDD (BASE 65) ]
TOTAL THIS MO. 227
DPTR FM NORMAL 119 [PRESSURE DATA]
TOTAL FM JAN 1 2905 HIGHEST SLP 30.24 ON 29
DPTR FM NORMAL 700 LOWEST SLP 29.65 ON 22
[REMARKS]
#FINAL-10-22#