000
CXUS56 KHNX 011553
CF6FAT
PRELIMINARY LOCAL CLIMATOLOGICAL DATA (WS FORM: F-6)
STATION: FRESNO CA
MONTH: JULY
YEAR: 2022
LATITUDE: 36 46 N
LONGITUDE: 119 43 W
TEMPERATURE IN F: :PCPN: SNOW: WIND :SUNSHINE: SKY :PK WND
================================================================================
1 2 3 4 5 6A 6B 7 8 9 10 11 12 13 14 15 16 17 18
12Z AVG MX 2MIN
DY MAX MIN AVG DEP HDD CDD WTR SNW DPTH SPD SPD DIR MIN PSBL S-S WX SPD DR
================================================================================
1 98 64 81 -1 0 16 0.00 0.0 0 8.5 16 310 M M 3 20 300
2 93 64 79 -3 0 14 0.00 0.0 0 10.6 21 310 M M 2 8 27 300
3 87 58 73 -9 0 8 0.00 0.0 0 10.8 18 310 M M 2 23 330
4 89 60 75 -7 0 10 0.00 0.0 0 9.3 16 310 M M 1 20 310
5 93 67 80 -2 0 15 0.00 0.0 0 8.8 21 310 M M 2 26 300
6 90 66 78 -5 0 13 0.00 0.0 0 10.1 18 310 M M 1 22 300
7 93 64 79 -4 0 14 0.00 0.0 0 9.5 17 320 M M 0 22 320
8 98 68 83 0 0 18 0.00 0.0 0 8.5 20 310 M M 5 8 25 320
9 97 69 83 0 0 18 0.00 0.0 0 11.9 18 300 M M 3 23 280
10 99 68 84 1 0 19 0.00 0.0 0 6.8 15 300 M M 2 17 300
11 105 72 89 5 0 24 0.00 0.0 0 5.8 14 310 M M 1 8 19 300
12 104 75 90 6 0 25 0.00 0.0 0 7.5 17 310 M M 2 8 21 320
13 100 70 85 1 0 20 0.00 0.0 0 8.4 15 310 M M 1 20 320
14 105 69 87 3 0 22 0.00 0.0 0 9.5 20 300 M M 1 27 340
15 105 73 89 5 0 24 0.00 0.0 0 8.1 17 310 M M 1 8 22 310
16 107 75 91 7 0 26 0.00 0.0 0 5.4 13 280 M M 3 8 19 290
17 110 78 94 10 0 29 0.00 0.0 0 6.6 17 310 M M 3 22 310
18 104 78 91 7 0 26 0.00 0.0 0 6.0 16 130 M M 5 8 20 140
19 106 77 92 8 0 27 0.00 0.0 0 6.0 18 310 M M 2 8 22 310
20 107 75 91 7 0 26 0.00 0.0 0 8.5 18 310 M M 2 8 23 300
21 105 72 89 5 0 24 0.00 0.0 0 8.7 20 310 M M 2 24 300
22 104 71 88 4 0 23 0.00 0.0 0 9.0 20 300 M M 3 29 280
23 102 69 86 2 0 21 0.00 0.0 0 6.7 13 310 M M 3 16 300
24 103 70 87 3 0 22 0.00 0.0 0 6.2 13 300 M M 2 15 300
25 103 72 88 4 0 23 0.00 0.0 0 6.9 15 310 M M 2 19 320
26 103 73 88 4 0 23 T 0.0 0 8.1 16 310 M M 4 20 310
27 101 70 86 2 0 21 0.00 0.0 0 8.4 18 310 M M 5 25 310
28 103 73 88 4 0 23 0.00 0.0 0 6.1 13 310 M M 5 15 300
29 104 75 90 6 0 25 0.00 0.0 0 6.8 15 310 M M 4 17 320
30 104 76 90 6 0 25 0.00 0.0 0 7.5 17 300 M M 7 20 290
31 102 77 90 6 0 25 0.00 0.0 0 6.8 14 260 M M 9 17 270
================================================================================
SM 3124 2188 0 649 T 0.0 247.8 M 88
================================================================================
AV100.8 70.6 8.0 FASTST M M 3 MAX(MPH)
MISC ----> # 21 310 29 280
================================================================================
NOTES:
# LAST OF SEVERAL OCCURRENCES
COLUMN 17 PEAK WIND IN M.P.H.
PRELIMINARY LOCAL CLIMATOLOGICAL DATA (WS FORM: F-6) , PAGE 2
STATION: FRESNO CA
MONTH: JULY
YEAR: 2022
LATITUDE: 36 46 N
LONGITUDE: 119 43 W
[TEMPERATURE DATA] [PRECIPITATION DATA] SYMBOLS USED IN COLUMN 16
AVERAGE MONTHLY: 85.7 TOTAL FOR MONTH: T 1 = FOG OR MIST
DPTR FM NORMAL: 2.2 DPTR FM NORMAL: -0.03 2 = FOG REDUCING VISIBILITY
HIGHEST: 110 ON 17 GRTST 24HR T ON 26-26 TO 1/4 MILE OR LESS
LOWEST: 58 ON 3 3 = THUNDER
SNOW, ICE PELLETS, HAIL 4 = ICE PELLETS
TOTAL MONTH: 0.0 INCH 5 = HAIL
GRTST 24HR 0.0 6 = FREEZING RAIN OR DRIZZLE
GRTST DEPTH: 0 7 = DUSTSTORM OR SANDSTORM:
VSBY 1/2 MILE OR LESS
8 = SMOKE OR HAZE
[NO. OF DAYS WITH] [WEATHER - DAYS WITH] 9 = BLOWING SNOW
X = TORNADO
MAX 32 OR BELOW: 0 0.01 INCH OR MORE: 0
MAX 90 OR ABOVE: 29 0.10 INCH OR MORE: 0
MIN 32 OR BELOW: 0 0.50 INCH OR MORE: 0
MIN 0 OR BELOW: 0 1.00 INCH OR MORE: 0
[HDD (BASE 65) ]
TOTAL THIS MO. 0 CLEAR (SCALE 0-3) 22
DPTR FM NORMAL 0 PTCLDY (SCALE 4-7) 8
TOTAL FM JUL 1 0 CLOUDY (SCALE 8-10) 1
DPTR FM NORMAL 0
[CDD (BASE 65) ]
TOTAL THIS MO. 649
DPTR FM NORMAL 76 [PRESSURE DATA]
TOTAL FM JAN 1 1479 HIGHEST SLP 30.09 ON 9
DPTR FM NORMAL 279 LOWEST SLP 29.68 ON 17
[REMARKS]
#FINAL-07-22#