000
CXUS56 KHNX 170123
CF6FAT
PRELIMINARY LOCAL CLIMATOLOGICAL DATA (WS FORM: F-6)
STATION: FRESNO CA
MONTH: MAY
YEAR: 2022
LATITUDE: 36 46 N
LONGITUDE: 119 43 W
TEMPERATURE IN F: :PCPN: SNOW: WIND :SUNSHINE: SKY :PK WND
================================================================================
1 2 3 4 5 6A 6B 7 8 9 10 11 12 13 14 15 16 17 18
12Z AVG MX 2MIN
DY MAX MIN AVG DEP HDD CDD WTR SNW DPTH SPD SPD DIR MIN PSBL S-S WX SPD DR
================================================================================
1 80 50 65 -1 0 0 0.00 0.0 0 9.3 17 310 M M 1 23 310
2 82 56 69 3 0 4 0.00 0.0 0 9.4 21 310 M M 3 33 310
3 79 51 65 -2 0 0 0.00 0.0 0 6.3 13 280 M M 2 21 290
4 89 58 74 7 0 9 0.00 0.0 0 4.4 10 210 M M 1 16 250
5 91 62 77 10 0 12 0.00 0.0 0 9.0 22 310 M M 4 27 310
6 86 59 73 5 0 8 0.00 0.0 0 10.3 21 310 M M 3 24 310
7 78 58 68 0 0 3 0.00 0.0 0 14.7 23 320 M M 5 29 320
8 71 50 61 -7 4 0 0.00 0.0 0 15.6 26 290 M M 2 32 290
9 67 46 57 -11 8 0 0.00 0.0 0 11.5 21 300 M M 3 25 310
10 67 46 57 -12 8 0 0.00 0.0 0 12.3 22 320 M M 4 28 320
11 71 45 58 -11 7 0 0.00 0.0 0 13.2 23 300 M M 2 28 290
12 77 48 63 -6 2 0 0.00 0.0 0 7.9 17 320 M M 3 23 320
13 85 51 68 -2 0 3 0.00 0.0 0 7.4 17 320 M M 1 27 300
14 90 60 75 5 0 10 0.00 0.0 0 4.6 14 290 M M 1 16 290
15 94 65 80 10 0 15 0.00 0.0 0 9.8 24 310 M M 6 28 310
16 87 59 73 3 0 8 0.00 0.0 0 11.9 20 310 M M 4 25 310
17 88 56 72 2 0 7 0.00 0.0 0 8.2 18 310 M M 2 23 320
18 93 63 78 7 0 13 0.00 0.0 0 4.5 14 300 M M 2 16 300
19 95 67 81 10 0 16 0.00 0.0 0 11.5 23 310 M M 3 36 300
20 81 62 72 1 0 7 0.00 0.0 0 10.3 22 310 M M 2 28 310
21 86 57 72 1 0 7 0.00 0.0 0 5.4 13 300 M M 1 21 360
22 91 60 76 4 0 11 0.00 0.0 0 8.5 21 310 M M 3 23 310
23 92 63 78 6 0 13 0.00 0.0 0 7.9 18 290 M M 3 22 290
24 97 67 82 10 0 17 0.00 0.0 0 4.7 16 310 M M 1 19 310
25 103 68 86 14 0 21 0.00 0.0 0 5.8 15 300 M M 4 19 300
26 100 69 85 12 0 20 0.00 0.0 0 8.6 25 310 M M 3 29 310
27 86 61 74 1 0 9 0.00 0.0 0 9.2 18 300 M M 7 23 310
28 83 63 73 0 0 8 0.00 0.0 0 15.0 24 310 M M 6 32 310
29 81 58 70 -3 0 5 0.00 0.0 0 14.2 24 300 M M 3 29 290
30 83 56 70 -4 0 5 0.00 0.0 0 12.6 20 300 M M 1 27 340
31 87 56 72 -2 0 7 0.00 0.0 0 6.7 14 300 M M 1 16 310
================================================================================
SM 2640 1790 29 238 0.00 0.0 290.7 M 87
================================================================================
AV 85.2 57.7 9.4 FASTST M M 3 MAX(MPH)
MISC ----> 26 290 36 300
================================================================================
NOTES:
# LAST OF SEVERAL OCCURRENCES
COLUMN 17 PEAK WIND IN M.P.H.
PRELIMINARY LOCAL CLIMATOLOGICAL DATA (WS FORM: F-6) , PAGE 2
STATION: FRESNO CA
MONTH: MAY
YEAR: 2022
LATITUDE: 36 46 N
LONGITUDE: 119 43 W
[TEMPERATURE DATA] [PRECIPITATION DATA] SYMBOLS USED IN COLUMN 16
AVERAGE MONTHLY: 71.5 TOTAL FOR MONTH: 0.00 1 = FOG OR MIST
DPTR FM NORMAL: 1.3 DPTR FM NORMAL: -0.42 2 = FOG REDUCING VISIBILITY
HIGHEST: 103 ON 25 GRTST 24HR 0.00 ON 1- 1 TO 1/4 MILE OR LESS
LOWEST: 45 ON 11 3 = THUNDER
SNOW, ICE PELLETS, HAIL 4 = ICE PELLETS
TOTAL MONTH: 0.0 INCH 5 = HAIL
GRTST 24HR 0.0 6 = FREEZING RAIN OR DRIZZLE
GRTST DEPTH: 0 7 = DUSTSTORM OR SANDSTORM:
VSBY 1/2 MILE OR LESS
8 = SMOKE OR HAZE
[NO. OF DAYS WITH] [WEATHER - DAYS WITH] 9 = BLOWING SNOW
X = TORNADO
MAX 32 OR BELOW: 0 0.01 INCH OR MORE: 0
MAX 90 OR ABOVE: 10 0.10 INCH OR MORE: 0
MIN 32 OR BELOW: 0 0.50 INCH OR MORE: 0
MIN 0 OR BELOW: 0 1.00 INCH OR MORE: 0
[HDD (BASE 65) ]
TOTAL THIS MO. 29 CLEAR (SCALE 0-3) 19
DPTR FM NORMAL -3 PTCLDY (SCALE 4-7) 12
TOTAL FM JUL 1 1843 CLOUDY (SCALE 8-10) 0
DPTR FM NORMAL -339
[CDD (BASE 65) ]
TOTAL THIS MO. 238
DPTR FM NORMAL 47 [PRESSURE DATA]
TOTAL FM JAN 1 336 HIGHEST SLP 30.30 ON 12
DPTR FM NORMAL 91 LOWEST SLP 29.67 ON 20
[REMARKS]
#FINAL-05-22#