000
CXUS56 KHNX 021643
CF6FAT
PRELIMINARY LOCAL CLIMATOLOGICAL DATA (WS FORM: F-6)
STATION: FRESNO CA
MONTH: JANUARY
YEAR: 2022
LATITUDE: 36 46 N
LONGITUDE: 119 43 W
TEMPERATURE IN F: :PCPN: SNOW: WIND :SUNSHINE: SKY :PK WND
================================================================================
1 2 3 4 5 6A 6B 7 8 9 10 11 12 13 14 15 16 17 18
12Z AVG MX 2MIN
DY MAX MIN AVG DEP HDD CDD WTR SNW DPTH SPD SPD DIR MIN PSBL S-S WX SPD DR
================================================================================
1 53 33 43 -4 22 0 0.00 0.0 0 2.9 12 140 M M 5 128 14 140
2 57 33 45 -2 20 0 0.00 0.0 0 2.3 7 50 M M 2 1 11 190
3 57 33 45 -2 20 0 0.00 0.0 0 2.0 8 130 M M 5 9 130
4 59 38 49 2 16 0 0.00 0.0 0 2.5 9 150 M M 4 18 11 140
5 58 43 51 4 14 0 0.00 0.0 0 3.3 8 130 M M 7 18 10 130
6 63 44 54 7 11 0 0.00 0.0 0 1.4 6 250 M M 3 18 8 230
7 58 41 50 3 15 0 T 0.0 0 2.2 7 170 M M 8 18 9 190
8 53 43 48 1 17 0 0.00 0.0 0 3.7 9 310 M M 9 12 11 290
9 63 36 50 3 15 0 0.00 0.0 0 1.2 6 50 M M 3 128 9 30
10 59 40 50 3 15 0 0.00 0.0 0 2.3 8 120 M M 5 18 9 130
11 61 35 48 1 17 0 0.00 0.0 0 2.5 7 130 M M 2 128 9 170
12 63 36 50 2 15 0 0.00 0.0 0 2.9 9 220 M M 6 128 12 220
13 66 44 55 7 10 0 0.00 0.0 0 1.3 7 180 M M 8 18 M M
14 56 39 48 0 17 0 0.00 0.0 0 1.2 7 180 M M 9 128 7 180
15 53 40 47 -1 18 0 0.00 0.0 0 1.9 7 260 M M 9 128 7 260
16 62 44 53 5 12 0 0.00 0.0 0 1.1 6 240 M M 8 128 6 240
17 64 41 53 5 12 0 0.00 0.0 0 1.1 6 300 M M 7 18 6 300
18 63 48 56 8 9 0 0.00 0.0 0 0.7 7 290 M M 5 18 7 290
19 63 43 53 5 12 0 0.00 0.0 0 0.5 6 300 M M 1 18 8 330
20 65 40 53 5 12 0 0.00 0.0 0 2.4 7 280 M M 1 18 11 260
21 52 41 47 -1 18 0 0.00 0.0 0 1.9 12 100 M M 6 128 14 100
22 63 40 52 4 13 0 0.00 0.0 0 3.6 10 290 M M 4 128 13 290
23 64 37 51 2 14 0 0.00 0.0 0 1.2 6 320 M M 0 18 8 110
24 64 37 51 2 14 0 0.00 0.0 0 2.8 8 330 M M 0 18 10 320
25 62 37 50 1 15 0 0.00 0.0 0 1.4 6 90 M M 0 18 8 210
26 67 39 53 4 12 0 0.00 0.0 0 3.4 8 220 M M 1 18 10 200
27 66 38 52 3 13 0 0.00 0.0 0 1.9 7 270 M M 0 18 13 250
28 66 39 53 4 12 0 0.00 0.0 0 2.9 9 240 M M 6 8 13 230
29 62 38 50 1 15 0 0.00 0.0 0 2.2 7 280 M M 6 8 8 280
30 67 35 51 1 14 0 0.00 0.0 0 2.4 9 190 M M 2 18 10 210
31 63 38 51 1 14 0 0.00 0.0 0 2.3 10 310 M M 6 18 12 310
================================================================================
SM 1892 1213 453 0 T 0.0 65.4 M 138
================================================================================
AV 61.0 39.1 2.1 FASTST M M 4 MAX(MPH)
MISC ----> # 12 140 # 14 140
================================================================================
NOTES:
# LAST OF SEVERAL OCCURRENCES
COLUMN 17 PEAK WIND IN M.P.H.
PRELIMINARY LOCAL CLIMATOLOGICAL DATA (WS FORM: F-6) , PAGE 2
STATION: FRESNO CA
MONTH: JANUARY
YEAR: 2022
LATITUDE: 36 46 N
LONGITUDE: 119 43 W
[TEMPERATURE DATA] [PRECIPITATION DATA] SYMBOLS USED IN COLUMN 16
AVERAGE MONTHLY: 50.1 TOTAL FOR MONTH: T 1 = FOG OR MIST
DPTR FM NORMAL: 2.1 DPTR FM NORMAL: -2.16 2 = FOG REDUCING VISIBILITY
HIGHEST: 67 ON 30,26 GRTST 24HR T ON 7- 7 TO 1/4 MILE OR LESS
LOWEST: 33 ON 3, 2 3 = THUNDER
SNOW, ICE PELLETS, HAIL 4 = ICE PELLETS
TOTAL MONTH: 0.0 INCH 5 = HAIL
GRTST 24HR 0.0 6 = FREEZING RAIN OR DRIZZLE
GRTST DEPTH: 0 7 = DUSTSTORM OR SANDSTORM:
VSBY 1/2 MILE OR LESS
8 = SMOKE OR HAZE
[NO. OF DAYS WITH] [WEATHER - DAYS WITH] 9 = BLOWING SNOW
X = TORNADO
MAX 32 OR BELOW: 0 0.01 INCH OR MORE: 0
MAX 90 OR ABOVE: 0 0.10 INCH OR MORE: 0
MIN 32 OR BELOW: 0 0.50 INCH OR MORE: 0
MIN 0 OR BELOW: 0 1.00 INCH OR MORE: 0
[HDD (BASE 65) ]
TOTAL THIS MO. 453 CLEAR (SCALE 0-3) 11
DPTR FM NORMAL -74 PTCLDY (SCALE 4-7) 15
TOTAL FM JUL 1 1265 CLOUDY (SCALE 8-10) 5
DPTR FM NORMAL -161
[CDD (BASE 65) ]
TOTAL THIS MO. 0
DPTR FM NORMAL 0 [PRESSURE DATA]
TOTAL FM JAN 1 0 HIGHEST SLP 30.48 ON 10
DPTR FM NORMAL 0 LOWEST SLP 29.94 ON 7
[REMARKS]
#FINAL-01-22#