000
CXUS56 KHNX 112327
CF6FAT
PRELIMINARY LOCAL CLIMATOLOGICAL DATA (WS FORM: F-6)
STATION: FRESNO CA
MONTH: AUGUST
YEAR: 2021
LATITUDE: 36 46 N
LONGITUDE: 119 43 W
TEMPERATURE IN F: :PCPN: SNOW: WIND :SUNSHINE: SKY :PK WND
================================================================================
1 2 3 4 5 6A 6B 7 8 9 10 11 12 13 14 15 16 17 18
12Z AVG MX 2MIN
DY MAX MIN AVG DEP HDD CDD WTR SNW DPTH SPD SPD DIR MIN PSBL S-S WX SPD DR
================================================================================
1 107 73 90 6 0 25 0.00 0.0 0 6.0 18 320 M M 3 22 310
2 102 68 85 1 0 20 0.00 0.0 0 8.0 16 300 M M 2 23 300
3 104 70 87 3 0 22 0.00 0.0 0 6.6 16 300 M M 1 21 290
4 107 74 91 7 0 26 0.00 0.0 0 8.6 20 300 M M 1 25 330
5 100 68 84 1 0 19 0.00 0.0 0 9.7 16 300 M M 0 22 300
6 97 64 81 -2 0 16 0.00 0.0 0 6.2 13 310 M M 2 8 16 320
7 100 70 85 2 0 20 0.00 0.0 0 6.0 13 300 M M 10 8 15 300
8 102 71 87 4 0 22 0.00 0.0 0 7.2 15 310 M M 5 8 19 310
9 102 71 87 4 0 22 0.00 0.0 0 6.6 14 320 M M 0 17 310
10 105 72 89 6 0 24 0.00 0.0 0 6.6 15 310 M M 0 17 320
11 106 76 91 8 0 26 0.00 0.0 0 7.1 15 310 M M 3 18 310
12 105 78 92 9 0 27 0.00 0.0 0 8.0 20 310 M M 4 24 320
13 104 75 90 7 0 25 0.00 0.0 0 7.4 18 300 M M 3 21 290
14 102 74 88 6 0 23 0.00 0.0 0 5.0 10 320 M M 3 13 290
15 103 79 91 9 0 26 0.00 0.0 0 5.7 14 300 M M 4 16 310
16 103 81 92 10 0 27 0.00 0.0 0 6.2 13 290 M M 2 8 19 40
17 103 74 89 7 0 24 0.00 0.0 0 8.3 18 310 M M 2 22 310
18 90 64 77 -5 0 12 0.00 0.0 0 8.4 17 290 M M 3 8 25 310
19 85 66 76 -6 0 11 0.00 0.0 0 5.3 14 270 M M 9 8 17 280
20 91 67 79 -3 0 14 0.00 0.0 0 4.2 13 310 M M 6 8 17 320
21 93 66 80 -2 0 15 0.00 0.0 0 8.5 17 310 M M 9 8 22 300
22 91 62 77 -5 0 12 0.00 0.0 0 6.4 13 310 M M 1 16 320
23 94 65 80 -2 0 15 0.00 0.0 0 7.6 13 300 M M 0 17 290
24 96 65 81 0 0 16 0.00 0.0 0 5.8 13 300 M M 0 16 300
25 96 65 81 0 0 16 0.00 0.0 0 6.8 13 300 M M 1 17 330
26 98 65 82 1 0 17 0.00 0.0 0 6.4 14 310 M M 0 19 300
27 99 67 83 2 0 18 0.00 0.0 0 4.4 14 140 M M 2 8 16 140
28 104 70 87 6 0 22 0.00 0.0 0 5.0 10 290 M M 2 8 13 300
29 106 71 89 8 0 24 0.00 0.0 0 5.3 12 310 M M 0 8 14 300
30 107 73 90 9 0 25 0.00 0.0 0 6.3 16 310 M M 0 8 19 300
31 103 71 87 7 0 22 0.00 0.0 0 7.3 18 300 M M 1 8 21 300
================================================================================
SM 3105 2175 0 633 0.00 0.0 206.9 M 79
================================================================================
AV100.2 70.2 6.7 FASTST M M 3 MAX(MPH)
MISC ----> # 20 300 # 25 330
================================================================================
NOTES:
# LAST OF SEVERAL OCCURRENCES
COLUMN 17 PEAK WIND IN M.P.H.
PRELIMINARY LOCAL CLIMATOLOGICAL DATA (WS FORM: F-6) , PAGE 2
STATION: FRESNO CA
MONTH: AUGUST
YEAR: 2021
LATITUDE: 36 46 N
LONGITUDE: 119 43 W
[TEMPERATURE DATA] [PRECIPITATION DATA] SYMBOLS USED IN COLUMN 16
AVERAGE MONTHLY: 85.2 TOTAL FOR MONTH: 0.00 1 = FOG OR MIST
DPTR FM NORMAL: 3.0 DPTR FM NORMAL: 0.00 2 = FOG REDUCING VISIBILITY
HIGHEST: 107 ON 30, 4 GRTST 24HR 0.00 ON 1- 1 TO 1/4 MILE OR LESS
LOWEST: 62 ON 22 3 = THUNDER
SNOW, ICE PELLETS, HAIL 4 = ICE PELLETS
TOTAL MONTH: 0.0 INCH 5 = HAIL
GRTST 24HR 0.0 6 = FREEZING RAIN OR DRIZZLE
GRTST DEPTH: 0 7 = DUSTSTORM OR SANDSTORM:
VSBY 1/2 MILE OR LESS
8 = SMOKE OR HAZE
[NO. OF DAYS WITH] [WEATHER - DAYS WITH] 9 = BLOWING SNOW
X = TORNADO
MAX 32 OR BELOW: 0 0.01 INCH OR MORE: 0
MAX 90 OR ABOVE: 30 0.10 INCH OR MORE: 0
MIN 32 OR BELOW: 0 0.50 INCH OR MORE: 0
MIN 0 OR BELOW: 0 1.00 INCH OR MORE: 0
[HDD (BASE 65) ]
TOTAL THIS MO. 0 CLEAR (SCALE 0-3) 24
DPTR FM NORMAL 0 PTCLDY (SCALE 4-7) 4
TOTAL FM JUL 1 0 CLOUDY (SCALE 8-10) 3
DPTR FM NORMAL 0
[CDD (BASE 65) ]
TOTAL THIS MO. 633
DPTR FM NORMAL 100 [PRESSURE DATA]
TOTAL FM JAN 1 2259 HIGHEST SLP 30.07 ON 2
DPTR FM NORMAL 526 LOWEST SLP 29.57 ON 31
[REMARKS]
#FINAL-08-21#