000
CXUS56 KHNX 011214
CF6FAT
PRELIMINARY LOCAL CLIMATOLOGICAL DATA (WS FORM: F-6)
STATION: FRESNO CA
MONTH: APRIL
YEAR: 2021
LATITUDE: 36 46 N
LONGITUDE: 119 43 W
TEMPERATURE IN F: :PCPN: SNOW: WIND :SUNSHINE: SKY :PK WND
================================================================================
1 2 3 4 5 6A 6B 7 8 9 10 11 12 13 14 15 16 17 18
12Z AVG MX 2MIN
DY MAX MIN AVG DEP HDD CDD WTR SNW DPTH SPD SPD DIR MIN PSBL S-S WX SPD DR
================================================================================
1 87 53 70 11 0 5 0.00 0.0 0 4.4 15 280 M M 1 17 280
2 88 55 72 13 0 7 0.00 0.0 0 3.6 13 320 M M 1 16 310
3 81 52 67 8 0 2 0.00 0.0 0 7.4 17 320 M M 5 22 320
4 76 49 63 4 2 0 0.00 0.0 0 6.9 18 300 M M 6 23 300
5 74 49 62 3 3 0 0.00 0.0 0 9.0 16 310 M M 2 20 310
6 77 48 63 3 2 0 0.00 0.0 0 5.2 13 300 M M 3 15 310
7 81 53 67 7 0 2 0.00 0.0 0 6.2 16 330 M M 6 21 330
8 77 49 63 3 2 0 0.00 0.0 0 7.7 15 330 M M 2 19 290
9 80 51 66 6 0 1 0.00 0.0 0 4.9 17 300 M M 4 21 320
10 75 47 61 1 4 0 0.00 0.0 0 7.7 16 320 M M 3 20 310
11 80 53 67 6 0 2 0.00 0.0 0 5.3 13 300 M M 6 19 310
12 83 54 69 8 0 4 0.00 0.0 0 5.3 13 280 M M 3 19 310
13 78 54 66 5 0 1 0.00 0.0 0 7.4 20 290 M M 1 25 280
14 70 48 59 -2 6 0 0.00 0.0 0 4.5 16 320 M M 2 19 310
15 77 50 64 2 1 0 0.00 0.0 0 5.9 14 330 M M 1 19 330
16 79 50 65 3 0 0 0.00 0.0 0 7.9 16 300 M M 1 20 320
17 81 53 67 5 0 2 0.00 0.0 0 4.8 13 300 M M 3 16 310
18 87 55 71 9 0 6 0.00 0.0 0 5.9 17 300 M M 1 23 290
19 89 57 73 10 0 8 0.00 0.0 0 6.3 17 310 M M 2 21 260
20 84 53 69 6 0 4 0.00 0.0 0 7.8 23 310 M M 4 28 320
21 77 52 65 2 0 0 0.00 0.0 0 4.2 14 310 M M 4 18 310
22 81 53 67 3 0 2 0.00 0.0 0 8.0 18 290 M M 2 23 290
23 80 50 65 1 0 0 0.00 0.0 0 7.2 18 310 M M 2 23 310
24 76 53 65 1 0 0 0.00 0.0 0 9.4 16 310 M M 8 8 22 310
25 65 53 59 -5 6 0 0.15 0.0 0 6.1 18 310 M M 10 1 22 310
26 68 50 59 -6 6 0 T 0.0 0 11.5 18 310 M M 6 23 280
27 73 47 60 -5 5 0 0.00 0.0 0 5.8 18 330 M M 2 23 330
28 83 53 68 3 0 3 0.00 0.0 0 5.1 13 330 M M 1 17 310
29 91 58 75 9 0 10 0.00 0.0 0 4.5 10 300 M M 5 14 300
30 95 61 78 12 0 13 0.00 0.0 0 7.1 17 320 M M 7 22 320
================================================================================
SM 2393 1563 37 72 0.15 0.0 193.0 M 104
================================================================================
AV 79.8 52.1 6.4 FASTST M M 3 MAX(MPH)
MISC ----> 23 310 28 320
================================================================================
NOTES:
# LAST OF SEVERAL OCCURRENCES
COLUMN 17 PEAK WIND IN M.P.H.
PRELIMINARY LOCAL CLIMATOLOGICAL DATA (WS FORM: F-6) , PAGE 2
STATION: FRESNO CA
MONTH: APRIL
YEAR: 2021
LATITUDE: 36 46 N
LONGITUDE: 119 43 W
[TEMPERATURE DATA] [PRECIPITATION DATA] SYMBOLS USED IN COLUMN 16
AVERAGE MONTHLY: 65.9 TOTAL FOR MONTH: 0.15 1 = FOG OR MIST
DPTR FM NORMAL: 3.9 DPTR FM NORMAL: -0.80 2 = FOG REDUCING VISIBILITY
HIGHEST: 95 ON 30 GRTST 24HR 0.15 ON 25-25 TO 1/4 MILE OR LESS
LOWEST: 47 ON 27,10 3 = THUNDER
SNOW, ICE PELLETS, HAIL 4 = ICE PELLETS
TOTAL MONTH: 0.0 INCH 5 = HAIL
GRTST 24HR 0.0 6 = FREEZING RAIN OR DRIZZLE
GRTST DEPTH: 0 7 = DUSTSTORM OR SANDSTORM:
VSBY 1/2 MILE OR LESS
8 = SMOKE OR HAZE
[NO. OF DAYS WITH] [WEATHER - DAYS WITH] 9 = BLOWING SNOW
X = TORNADO
MAX 32 OR BELOW: 0 0.01 INCH OR MORE: 1
MAX 90 OR ABOVE: 2 0.10 INCH OR MORE: 1
MIN 32 OR BELOW: 0 0.50 INCH OR MORE: 0
MIN 0 OR BELOW: 0 1.00 INCH OR MORE: 0
[HDD (BASE 65) ]
TOTAL THIS MO. 37 CLEAR (SCALE 0-3) 18
DPTR FM NORMAL -99 PTCLDY (SCALE 4-7) 11
TOTAL FM JUL 1 1844 CLOUDY (SCALE 8-10) 1
DPTR FM NORMAL -469
[CDD (BASE 65) ]
TOTAL THIS MO. 72
DPTR FM NORMAL 26 [PRESSURE DATA]
TOTAL FM JAN 1 77 HIGHEST SLP 30.21 ON 4
DPTR FM NORMAL 26 LOWEST SLP 29.72 ON 20
[REMARKS]
#FINAL-04-21#